000
CDUS45 KGJT 180737
CLICEZ


CLIMATE REPORT
NATIONAL WEATHER SERVICE GRAND JUNCTION CO
135 AM MDT THU SEP 18 2014


...................................

...THE CORTEZ CO CLIMATE SUMMARY FOR SEPTEMBER 17 2014...

CLIMATE NORMAL PERIOD 1981 TO 2010
CLIMATE RECORD PERIOD 9999 TO 9999


WEATHER ITEM   OBSERVED TIME   RECORD YEAR NORMAL DEPARTURE LAST
                VALUE   (LST)  VALUE       VALUE  FROM      YEAR
                                                  NORMAL
..................................................................
TEMPERATURE (F)
 YESTERDAY
  MAXIMUM         82    217 PM  MM      MM  77      5       80
  MINIMUM         49   1159 PM  MM      MM  42      7       54
  AVERAGE         66                        60      6       67

PRECIPITATION (IN)
  YESTERDAY        0.05         MM      MM   0.07  -0.02     0.04
  MONTH TO DATE    1.09                      0.96   0.13     2.25
  SINCE SEP 1      1.09                      0.96   0.13     2.25
  SINCE JAN 1      6.19                      9.40  -3.21    10.37

SNOWFALL (IN)
  YESTERDAY       MM            MM      MM  MM     MM       MM
  MONTH TO DATE   MM                        MM     MM       MM
  SINCE SEP 1     MM                        MM     MM       MM
  SINCE JUL 1     MM                        MM     MM       MM
  SNOW DEPTH      MM

DEGREE DAYS
 HEATING
  YESTERDAY        0                         6     -6        0
  MONTH TO DATE   31                        56    -25        6
  SINCE SEP 1     31                        56    -25        6
  SINCE JUL 1     41                        68    -27        6

 COOLING
  YESTERDAY        1                         0      1        2
  MONTH TO DATE   14                        16     -2       60
  SINCE SEP 1     14                        16     -2       60
  SINCE JAN 1    526                       425    101      665
..................................................................


WIND (MPH)
  HIGHEST WIND SPEED    30   HIGHEST WIND DIRECTION     E (70)
  HIGHEST GUST SPEED    37   HIGHEST GUST DIRECTION    NE (60)
  AVERAGE WIND SPEED     4.8


SKY COVER
  POSSIBLE SUNSHINE  MM
  AVERAGE SKY COVER 0.1


WEATHER CONDITIONS
 THE FOLLOWING WEATHER WAS RECORDED YESTERDAY.
  THUNDERSTORM
  LIGHT RAIN


RELATIVE HUMIDITY (PERCENT)
 HIGHEST    93           800 PM
 LOWEST     34           200 PM
 AVERAGE    64

..........................................................


THE CORTEZ CO CLIMATE NORMALS FOR TODAY
                         NORMAL    RECORD    YEAR
 MAXIMUM TEMPERATURE (F)   77        MM        MM
 MINIMUM TEMPERATURE (F)   42        MM        MM


SUNRISE AND SUNSET
SEPTEMBER 18 2014.....SUNRISE   659 AM MDT   SUNSET   717 PM MDT
SEPTEMBER 19 2014.....SUNRISE   700 AM MDT   SUNSET   716 PM MDT


-  INDICATES NEGATIVE NUMBERS.
R  INDICATES RECORD WAS SET OR TIED.
MM INDICATES DATA IS MISSING.
T  INDICATES TRACE AMOUNT.




$$
