000
CDUS43 KPAH 160643
CLICGI


CLIMATE REPORT
NATIONAL WEATHER SERVICE PADUCAH KY
137 AM CDT WED AUG 16 2017


...................................

...THE CAPE GIRARDEAU MO CLIMATE SUMMARY FOR AUGUST 15 2017...

CLIMATE NORMAL PERIOD 1981 TO 2010
CLIMATE RECORD PERIOD 1960 TO 2017


WEATHER ITEM   OBSERVED TIME   RECORD YEAR NORMAL DEPARTURE LAST
                VALUE   (LST)  VALUE       VALUE  FROM      YEAR
                                                  NORMAL
..................................................................
TEMPERATURE (F)
 YESTERDAY
  MAXIMUM         85    349 PM 104    1988  89     -4       80
  MINIMUM         70   1130 PM  49    1988  66      4       73
  AVERAGE         78                        78      0

PRECIPITATION (IN)
  YESTERDAY        0.00          1.35 1966   0.10  -0.10     0.87
  MONTH TO DATE    1.49                      1.42   0.07     4.62
  SINCE JUN 1      5.81                      8.35  -2.54    11.78
  SINCE JAN 1     25.03                     29.45  -4.42    35.06

DEGREE DAYS
 HEATING
  YESTERDAY        0                         0      0        0
  MONTH TO DATE    0                         0      0        0
  SINCE JUN 1      0                         4     -4        0
  SINCE JUL 1      0                         0      0        0

 COOLING
  YESTERDAY       13                        13      0       12
  MONTH TO DATE  123                       195    -72      226
  SINCE JUN 1    872                       929    -57     1113
  SINCE JAN 1   1047                      1081    -34     1234
..................................................................


WIND (MPH)
  HIGHEST WIND SPEED     8   HIGHEST WIND DIRECTION    SW (230)
  HIGHEST GUST SPEED    11   HIGHEST GUST DIRECTION    SW (220)
  AVERAGE WIND SPEED     2.5


SKY COVER
  AVERAGE SKY COVER 0.6


WEATHER CONDITIONS
 THE FOLLOWING WEATHER WAS RECORDED YESTERDAY.
  FOG
  FOG W/VISIBILITY <= 1/4 MILE


RELATIVE HUMIDITY (PERCENT)
 HIGHEST   100
 LOWEST     65
 AVERAGE    83

..........................................................


THE CAPE GIRARDEAU MO CLIMATE NORMALS FOR TODAY
                         NORMAL    RECORD    YEAR
 MAXIMUM TEMPERATURE (F)   89       103      2007
 MINIMUM TEMPERATURE (F)   66        47      2004


SUNRISE AND SUNSET
AUGUST 16 2017........SUNRISE   616 AM CDT   SUNSET   749 PM CDT
AUGUST 17 2017........SUNRISE   617 AM CDT   SUNSET   747 PM CDT


-  INDICATES NEGATIVE NUMBERS.
R  INDICATES RECORD WAS SET OR TIED.
MM INDICATES DATA IS MISSING.
T  INDICATES TRACE AMOUNT.




$$
