000
CDUS43 KPAH 292142
CLICGI


CLIMATE REPORT
NATIONAL WEATHER SERVICE PADUCAH KY
441 PM CDT TUE JUL 29 2014


...................................

...THE CAPE GIRARDEAU MO CLIMATE SUMMARY FOR JULY 29 2014...
VALID TODAY AS OF 0400 PM LOCAL TIME.

CLIMATE NORMAL PERIOD 1981 TO 2010
CLIMATE RECORD PERIOD 1960 TO 2014


WEATHER ITEM   OBSERVED TIME   RECORD YEAR NORMAL DEPARTURE LAST
                VALUE   (LST)  VALUE       VALUE  FROM      YEAR
                                                  NORMAL
..................................................................
TEMPERATURE (F)
 TODAY
  MAXIMUM         80    300 PM  98    1999  89     -9       81
  MINIMUM         56R       MM  56    1994  67    -11       59
  AVERAGE         68                        78    -10

PRECIPITATION (IN)
  TODAY            0.00          1.36 1987   0.11  -0.11     0.00
  MONTH TO DATE    2.92                      3.15  -0.23     0.28
  SINCE JUN 1     10.42                      6.72   3.70     8.04
  SINCE JAN 1     28.81                     27.82   0.99    24.21

DEGREE DAYS
 HEATING
  TODAY            0                         0      0        0
  MONTH TO DATE    0                         0      0        0
  SINCE JUN 1      0                         4     -4        0
  SINCE JUL 1      0                         0      0        0

 COOLING
  TODAY            3                        13    -10        5
  MONTH TO DATE  268                       399   -131      319
  SINCE JUN 1    627                       711    -84      652
  SINCE JAN 1    838                       863    -25      823
..................................................................


WIND (MPH)
  HIGHEST WIND SPEED    13   HIGHEST WIND DIRECTION    NE (30)
  HIGHEST GUST SPEED    10   HIGHEST GUST DIRECTION    NE (40)
  AVERAGE WIND SPEED     2.3


SKY COVER
  AVERAGE SKY COVER 0.2


WEATHER CONDITIONS
 THE FOLLOWING WEATHER WAS RECORDED TODAY.
  NO SIGNIFICANT WEATHER WAS OBSERVED.


RELATIVE HUMIDITY (PERCENT)
 HIGHEST    93
 LOWEST     39
 AVERAGE    66

..........................................................


THE CAPE GIRARDEAU MO CLIMATE NORMALS FOR TOMORROW
                         NORMAL
 MAXIMUM TEMPERATURE (F)   89
 MINIMUM TEMPERATURE (F)   67


SUNRISE AND SUNSET
JULY 29 2014..........SUNRISE   601 AM CDT   SUNSET   809 PM CDT
JULY 30 2014..........SUNRISE   601 AM CDT   SUNSET   808 PM CDT


-  INDICATES NEGATIVE NUMBERS.
R  INDICATES RECORD WAS SET OR TIED.
MM INDICATES DATA IS MISSING.
T  INDICATES TRACE AMOUNT.




$$
