149
CDUS43 KPAH 220630
CLICGI


CLIMATE REPORT
NATIONAL WEATHER SERVICE PADUCAH KY
128 AM CDT FRI MAY 22 2015


...................................

...THE CAPE GIRARDEAU MO CLIMATE SUMMARY FOR MAY 21 2015...

CLIMATE NORMAL PERIOD 1981 TO 2010
CLIMATE RECORD PERIOD 1960 TO 2015


WEATHER ITEM   OBSERVED TIME   RECORD YEAR NORMAL DEPARTURE LAST
                VALUE   (LST)  VALUE       VALUE  FROM      YEAR
                                                  NORMAL
..................................................................
TEMPERATURE (F)
 YESTERDAY
  MAXIMUM         61    521 PM  95    1987  79    -18       86
  MINIMUM         45   1126 PM  43    1968  57    -12       63
  AVERAGE         53                        68    -15

PRECIPITATION (IN)
  YESTERDAY        0.00          1.93 1990   0.17  -0.17     0.00
  MONTH TO DATE    5.06                      3.94   1.12     4.29
  SINCE MAR 1     18.02                     12.70   5.32    14.61
  SINCE JAN 1     24.54                     19.58   4.96    17.75

DEGREE DAYS
 HEATING
  YESTERDAY       12                         2     10        0
  MONTH TO DATE   48                        59    -11       78
  SINCE MAR 1    825                       880    -55     1016
  SINCE JUL 1   4603                      4377    226     4941

 COOLING
  YESTERDAY        0                         5     -5       10
  MONTH TO DATE   88                        64     24       90
  SINCE MAR 1    116                        95     21      101
  SINCE JAN 1    116                        95     21      101
..................................................................


WIND (MPH)
  HIGHEST WIND SPEED    18   HIGHEST WIND DIRECTION     N (360)
  HIGHEST GUST SPEED    23   HIGHEST GUST DIRECTION     N (360)
  AVERAGE WIND SPEED     8.4


SKY COVER
  AVERAGE SKY COVER 0.7


WEATHER CONDITIONS
 THE FOLLOWING WEATHER WAS RECORDED YESTERDAY.
  FOG


RELATIVE HUMIDITY (PERCENT)
 HIGHEST   100
 LOWEST     55
 AVERAGE    78

..........................................................


THE CAPE GIRARDEAU MO CLIMATE NORMALS FOR TODAY
                         NORMAL    RECORD    YEAR
 MAXIMUM TEMPERATURE (F)   80        94      1962
 MINIMUM TEMPERATURE (F)   57        43      1963


SUNRISE AND SUNSET
MAY 22 2015...........SUNRISE   545 AM CDT   SUNSET   806 PM CDT
MAY 23 2015...........SUNRISE   544 AM CDT   SUNSET   806 PM CDT


-  INDICATES NEGATIVE NUMBERS.
R  INDICATES RECORD WAS SET OR TIED.
MM INDICATES DATA IS MISSING.
T  INDICATES TRACE AMOUNT.




$$
