000
CDUS44 KMRX 252223
CLICHA

CLIMATE REPORT NATIONAL WEATHER SERVICE MORRISTOWN TN
522 PM EST SUN JAN 25 2015

...................................

...THE CHATTANOOGA CLIMATE SUMMARY FOR JANUARY 25 2015... VALID
TODAY AS OF 500 PM LOCAL TIME.

CLIMATE NORMAL PERIOD 1981 TO 2010
CLIMATE RECORD PERIOD 1879 TO 2015


WEATHER ITEM   OBSERVED TIME   RECORD YEAR NORMAL DEPARTURE LAST
                VALUE   (LST)  VALUE       VALUE  FROM      YEAR
                                                  NORMAL
..................................................................
TEMPERATURE (F)
 TODAY
  MAXIMUM         57    309 PM  77    1950  51      6       43
  MINIMUM         28    754 AM   2    1905  31     -3       17
  AVERAGE         43                        41      2       30

PRECIPITATION (IN)
  TODAY            0.00          2.10 2004   0.16  -0.16     0.00
  MONTH TO DATE    3.48                      3.97  -0.49     2.29
  SINCE DEC 1      7.88                      8.87  -0.99    10.27
  SINCE JAN 1      3.48                      3.97  -0.49     2.29

SNOWFALL (IN)
  TODAY            0.0                       0.0    0.0      0.0
  MONTH TO DATE    0.7                       1.4   -0.7       T
  SINCE DEC 1      0.7                       1.7   -1.0       T
  SINCE JUL 1      0.7                       1.7   -1.0       T
  SNOW DEPTH       0

DEGREE DAYS
 HEATING
  TODAY           22                        24     -2       35
  MONTH TO DATE  631                       621     10      746
  SINCE DEC 1   1217                      1316    -99     1363
  SINCE JUL 1   1893                      1905    -12     1994

 COOLING
  TODAY            0                         0      0        0
  MONTH TO DATE    0                         0      0        0
  SINCE DEC 1      0                         1     -1        4
  SINCE JAN 1      0                         0      0        0
..................................................................


WIND (MPH)
  HIGHEST WIND SPEED    20   HIGHEST WIND DIRECTION     S (190)
  HIGHEST GUST SPEED    26   HIGHEST GUST DIRECTION    SE (150)
  AVERAGE WIND SPEED     4.5


SKY COVER
  POSSIBLE SUNSHINE  MM
  AVERAGE SKY COVER 0.3


WEATHER CONDITIONS
 THE FOLLOWING WEATHER WAS RECORDED TODAY.
  NO SIGNIFICANT WEATHER WAS OBSERVED.


RELATIVE HUMIDITY (PERCENT)
 HIGHEST    92           500 AM
 LOWEST     39           300 PM
 AVERAGE    66

..........................................................


THE CHATTANOOGA  ASOS CLIMATE NORMALS FOR TOMORROW
                         NORMAL    RECORD    YEAR
 MAXIMUM TEMPERATURE (F)   51        72      1950
 MINIMUM TEMPERATURE (F)   31         1      1940


SUNRISE AND SUNSET
JANUARY 25 2015.......SUNRISE   744 AM EST   SUNSET   602 PM EST
JANUARY 26 2015.......SUNRISE   744 AM EST   SUNSET   603 PM EST


-  INDICATES NEGATIVE NUMBERS.
R  INDICATES RECORD WAS SET OR TIED.
MM INDICATES DATA IS MISSING.
T  INDICATES TRACE AMOUNT.




$$
