000
CDUS44 KMRX 271416
CLICHA

CLIMATE REPORT
NATIONAL WEATHER SERVICE MORRISTOWN TN
916 AM EST THU NOV 27 2014


...................................

...THE CHATTANOOGA  ASOS CLIMATE SUMMARY FOR NOVEMBER 26 2014...

CLIMATE NORMAL PERIOD 1981 TO 2010
CLIMATE RECORD PERIOD 1879 TO 2014


WEATHER ITEM   OBSERVED TIME   RECORD YEAR NORMAL DEPARTURE LAST
                VALUE   (LST)  VALUE       VALUE  FROM      YEAR
                                                  NORMAL
..................................................................
TEMPERATURE (F)
 YESTERDAY
  MAXIMUM         54    403 PM  74    1973  58     -4       45
                                      1946
                                      1887
  MINIMUM         39    743 AM  19    1950  37      2       34
  AVERAGE         47                        48     -1       40

PRECIPITATION (IN)
  YESTERDAY        0.01          2.67 2013   0.19  -0.18     2.67
  MONTH TO DATE    3.44                      4.23  -0.79     4.18
  SINCE SEP 1     12.22                     11.55   0.67     6.59
  SINCE JAN 1     40.87                     46.81  -5.94    60.79

SNOWFALL (IN)
  YESTERDAY        0.0                       0.0    0.0      0.0
  MONTH TO DATE    T                         0.0    0.0      0.0
  SINCE SEP 1      T                         0.0    0.0      0.0
  SINCE JUL 1      T                         0.0    0.0      0.0
  SNOW DEPTH       0

DEGREE DAYS
 HEATING
  YESTERDAY       18                        17      1       25
  MONTH TO DATE  473                       342    131      388
  SINCE SEP 1    593                       514     79      517
  SINCE JUL 1    593                       514     79      517

 COOLING
  YESTERDAY        0                         0      0        0
  MONTH TO DATE    0                         0      0        0
  SINCE SEP 1    409                       287    122      360
  SINCE JAN 1   1910                      1737    173     1752
..................................................................


WIND (MPH)
  HIGHEST WIND SPEED    18   HIGHEST WIND DIRECTION    SW (240)
  HIGHEST GUST SPEED    27   HIGHEST GUST DIRECTION     W (260)
  AVERAGE WIND SPEED     6.0


SKY COVER
  POSSIBLE SUNSHINE  MM
  AVERAGE SKY COVER  MM


WEATHER CONDITIONS
 THE FOLLOWING WEATHER WAS RECORDED YESTERDAY.
  LIGHT RAIN


RELATIVE HUMIDITY (PERCENT)
 HIGHEST    71          1000 PM
 LOWEST     28           300 PM
 AVERAGE    50

..........................................................


THE CHATTANOOGA  ASOS CLIMATE NORMALS FOR TODAY
                         NORMAL    RECORD    YEAR
 MAXIMUM TEMPERATURE (F)   58        79      1990
 MINIMUM TEMPERATURE (F)   37        18      1903
                                             1898


SUNRISE AND SUNSET
NOVEMBER 27 2014......SUNRISE   727 AM EST   SUNSET   530 PM EST
NOVEMBER 28 2014......SUNRISE   728 AM EST   SUNSET   530 PM EST


-  INDICATES NEGATIVE NUMBERS.
R  INDICATES RECORD WAS SET OR TIED.
MM INDICATES DATA IS MISSING.
T  INDICATES TRACE AMOUNT.

&&

THE LOW TEMPERATURE THIS MORNING WAS 39 DEGREES.
THERE HAS BEEN 0.01 INCHES OF PRECIPITATION SINCE MIDNIGHT.

$$
