235
CDUS44 KMRX 091254
CLICHA


CLIMATE REPORT
NATIONAL WEATHER SERVICE MORRISTOWN TN
754 AM EST FRI DEC 9 2016


...................................

...THE CHATTANOOGA  ASOS CLIMATE SUMMARY FOR DECEMBER 8 2016...

CLIMATE NORMAL PERIOD 1981 TO 2010
CLIMATE RECORD PERIOD 1879 TO 2016


WEATHER ITEM   OBSERVED TIME   RECORD YEAR NORMAL DEPARTURE LAST
                VALUE   (LST)  VALUE       VALUE  FROM      YEAR
                                                  NORMAL
..................................................................
TEMPERATURE (F)
 YESTERDAY
  MAXIMUM         45    428 PM  77    1978  54     -9       61
  MINIMUM         31   1157 PM  12    1917  34     -3       32
                                      1886
                                      1882
  AVERAGE         38                        44     -6       47

PRECIPITATION (IN)
  YESTERDAY        0.00          2.13 1924   0.17  -0.17     0.00
  MONTH TO DATE    2.89                      1.40   1.49     2.77
  SINCE DEC 1      2.89                      1.40   1.49     2.77
  SINCE JAN 1     33.42                     48.98 -15.56    59.14

SNOWFALL (IN)
  YESTERDAY        0.0                       0.0    0.0      0.0
  MONTH TO DATE    0.0                       0.0    0.0      0.0
  SINCE DEC 1      0.0                       0.0    0.0      0.0
  SINCE JUL 1      0.0                       T      0.0      0.0
  SNOW DEPTH       0

DEGREE DAYS
 HEATING
  YESTERDAY       27                        21      6       18
  MONTH TO DATE  151                       161    -10      130
  SINCE DEC 1    151                       161    -10      130
  SINCE JUL 1    471                       750   -279      510
..................................................................


WIND (MPH)
  HIGHEST WIND SPEED    18   HIGHEST WIND DIRECTION     N (340)
  HIGHEST GUST SPEED    21   HIGHEST GUST DIRECTION     N (350)
  AVERAGE WIND SPEED    10.0


SKY COVER
  POSSIBLE SUNSHINE  MM
  AVERAGE SKY COVER 0.7


WEATHER CONDITIONS
 THE FOLLOWING WEATHER WAS RECORDED YESTERDAY.
  NO SIGNIFICANT WEATHER WAS OBSERVED.


RELATIVE HUMIDITY (PERCENT)
 HIGHEST    76          1200 AM
 LOWEST     31           400 PM
 AVERAGE    54

..........................................................


THE CHATTANOOGA  ASOS CLIMATE NORMALS FOR TODAY
                         NORMAL    RECORD    YEAR
 MAXIMUM TEMPERATURE (F)   53        74      2007
 MINIMUM TEMPERATURE (F)   34         7      1917


SUNRISE AND SUNSET
DECEMBER  9 2016......SUNRISE   738 AM EST   SUNSET   529 PM EST
DECEMBER 10 2016......SUNRISE   738 AM EST   SUNSET   529 PM EST


-  INDICATES NEGATIVE NUMBERS.
R  INDICATES RECORD WAS SET OR TIED.
MM INDICATES DATA IS MISSING.
T  INDICATES TRACE AMOUNT.




$$
