000
CDUS44 KMRX 191200
CLICHA

CLIMATE REPORT NATIONAL WEATHER SERVICE MORRISTOWN TN
800 AM EDT SAT APR 19 2014

...................................

...THE CHATTANOOGA CLIMATE SUMMARY FOR APRIL 18 2014...

CLIMATE NORMAL PERIOD 1981 TO 2010
CLIMATE RECORD PERIOD 1879 TO 2014


WEATHER ITEM   OBSERVED TIME   RECORD YEAR NORMAL DEPARTURE LAST
                VALUE   (LST)  VALUE       VALUE  FROM      YEAR
                                                  NORMAL
..................................................................
TEMPERATURE (F)
 YESTERDAY
  MAXIMUM         64    345 PM  90    2002  73     -9       82
                                      1955
  MINIMUM         52    700 AM  32    1974  49      3       58
  AVERAGE         58                        61     -3       70

PRECIPITATION (IN)
  YESTERDAY        0.00          2.69 1943   0.13  -0.13     0.00
  MONTH TO DATE    2.87                      2.42   0.45     4.50
  SINCE MAR 1      5.25                      7.40  -2.15     9.21
  SINCE JAN 1     12.84                     17.15  -4.31    22.89

SNOWFALL (IN)
  YESTERDAY        0.0                       0.0    0.0      0.0
  MONTH TO DATE    0.0                       0.1   -0.1      0.0
  SINCE MAR 1      T                         1.3   -1.3       T
  SINCE JUL 1      8.4                       3.9    4.5      0.3
  SNOW DEPTH       0

DEGREE DAYS
 HEATING
  YESTERDAY        7                         5      2        0
  MONTH TO DATE  115                       128    -13       95
  SINCE MAR 1    550                       532     18      646
  SINCE JUL 1   3344                      3154    190     2962

 COOLING
  YESTERDAY        0                         1     -1        5
  MONTH TO DATE   15                        18     -3       34
  SINCE MAR 1     15                        25    -10       37
  SINCE JAN 1     15                        25    -10       39
..................................................................


WIND (MPH)
  HIGHEST WIND SPEED    12   HIGHEST WIND DIRECTION     N (360)
  HIGHEST GUST SPEED    23   HIGHEST GUST DIRECTION     N (350)
  AVERAGE WIND SPEED     4.2


SKY COVER
  POSSIBLE SUNSHINE  MM
  AVERAGE SKY COVER  MM


WEATHER CONDITIONS
 THE FOLLOWING WEATHER WAS RECORDED YESTERDAY.
  NO SIGNIFICANT WEATHER WAS OBSERVED.


RELATIVE HUMIDITY (PERCENT)
 HIGHEST    71           600 AM
 LOWEST     40           300 PM
 AVERAGE    56

..........................................................


THE CHATTANOOGA  ASOS CLIMATE NORMALS FOR TODAY
                         NORMAL    RECORD    YEAR
 MAXIMUM TEMPERATURE (F)   74        91      2002
 MINIMUM TEMPERATURE (F)   49        29      1983


SUNRISE AND SUNSET
APRIL 19 2014.........SUNRISE   704 AM EDT   SUNSET   817 PM EDT
APRIL 20 2014.........SUNRISE   703 AM EDT   SUNSET   817 PM EDT


-  INDICATES NEGATIVE NUMBERS.
R  INDICATES RECORD WAS SET OR TIED.
MM INDICATES DATA IS MISSING.
T  INDICATES TRACE AMOUNT.

&&

THE LOW TEMPERATURE THIS MORNING WAS 53.
THERE HAS BEEN NO PRECIPITATION SINCE MIDNIGHT.


$$
