000
CDUS44 KMRX 180854
CLICHA


CLIMATE REPORT
NATIONAL WEATHER SERVICE MORRISTOWN TN
353 AM EST SAT NOV 18 2017


...................................

...THE CHATTANOOGA  ASOS CLIMATE SUMMARY FOR NOVEMBER 17 2017...

CLIMATE NORMAL PERIOD 1981 TO 2010
CLIMATE RECORD PERIOD 1879 TO 2017


WEATHER ITEM   OBSERVED TIME   RECORD YEAR NORMAL DEPARTURE LAST
                VALUE   (LST)  VALUE       VALUE  FROM      YEAR
                                                  NORMAL
..................................................................
TEMPERATURE (F)
 YESTERDAY
  MAXIMUM         66    405 PM  80    1958  62      4       78
  MINIMUM         35    739 AM  21    1940  40     -5       40
  AVERAGE         51                        51      0       59

PRECIPITATION (IN)
  YESTERDAY        0.00          1.64 1886   0.18  -0.18     0.00
  MONTH TO DATE    1.18                      2.57  -1.39      T
  SINCE SEP 1     10.92                      9.89   1.03     1.71
  SINCE JAN 1     54.67                     45.15   9.52    25.05

SNOWFALL (IN)
  YESTERDAY        0.0                       0.0    0.0      0.0
  MONTH TO DATE    0.0                       0.0    0.0      0.0
  SINCE SEP 1      0.0                       0.0    0.0      0.0
  SINCE JUL 1      0.0                       0.0    0.0      0.0
  SNOW DEPTH       0

DEGREE DAYS
 HEATING
  YESTERDAY       14                        14      0        6
  MONTH TO DATE  144                       198    -54      121
  SINCE SEP 1    296                       370    -74      149
  SINCE JUL 1    296                       370    -74      149

 COOLING
  YESTERDAY        0                         0      0        0
  MONTH TO DATE   18                         0     18       17
  SINCE SEP 1    361                       287     74      568
  SINCE JAN 1   1965                      1737    228     2477
..................................................................


WIND (MPH)
  HIGHEST WIND SPEED     9   HIGHEST WIND DIRECTION     S (200)
  HIGHEST GUST SPEED    13   HIGHEST GUST DIRECTION     S (160)
  AVERAGE WIND SPEED     1.8


SKY COVER
  POSSIBLE SUNSHINE  MM
  AVERAGE SKY COVER 0.2


WEATHER CONDITIONS
 THE FOLLOWING WEATHER WAS RECORDED YESTERDAY.
  NO SIGNIFICANT WEATHER WAS OBSERVED.


RELATIVE HUMIDITY (PERCENT)
 HIGHEST    92           100 AM
 LOWEST     31           300 PM
 AVERAGE    62

..........................................................


THE CHATTANOOGA  ASOS CLIMATE NORMALS FOR TODAY
                         NORMAL    RECORD    YEAR
 MAXIMUM TEMPERATURE (F)   61        79      2016
                                             1985
 MINIMUM TEMPERATURE (F)   39        18      1891


SUNRISE AND SUNSET
NOVEMBER 18 2017......SUNRISE   718 AM EST   SUNSET   533 PM EST
NOVEMBER 19 2017......SUNRISE   719 AM EST   SUNSET   533 PM EST


-  INDICATES NEGATIVE NUMBERS.
R  INDICATES RECORD WAS SET OR TIED.
MM INDICATES DATA IS MISSING.
T  INDICATES TRACE AMOUNT.




$$
