000
CDUS44 KMRX 242121
CLICHA


CLIMATE REPORT
NATIONAL WEATHER SERVICE MORRISTOWN TN
521 PM EDT MON JUL 24 2017


...................................

...THE CHATTANOOGA  ASOS CLIMATE SUMMARY FOR JULY 24 2017...
VALID TODAY AS OF 0500 PM LOCAL TIME.

CLIMATE NORMAL PERIOD 1981 TO 2010
CLIMATE RECORD PERIOD 1879 TO 2017


WEATHER ITEM   OBSERVED TIME   RECORD YEAR NORMAL DEPARTURE LAST
                VALUE   (LST)  VALUE       VALUE  FROM      YEAR
                                                  NORMAL
..................................................................
TEMPERATURE (F)
 TODAY
  MAXIMUM         92    359 PM 101    1952  90      2       98
  MINIMUM         67    636 AM  56    1947  70     -3       73
  AVERAGE         80                        80      0       86

PRECIPITATION (IN)
  TODAY            0.80          1.86 1890   0.16   0.64     0.41
  MONTH TO DATE    5.94                      3.85   2.09     1.63
  SINCE JUN 1     10.42                      7.90   2.52     2.85
  SINCE JAN 1     39.28                     30.72   8.56    20.09

SNOWFALL (IN)
  TODAY            0.0                       0.0    0.0      0.0
  MONTH TO DATE    0.0                       0.0    0.0      0.0
  SINCE JUN 1      0.0                       0.0    0.0      0.0
  SINCE JUL 1      0.0                       0.0    0.0      0.0
  SNOW DEPTH       0

DEGREE DAYS
 HEATING
  TODAY            0                         0      0        0
  MONTH TO DATE    0                         0      0        0
  SINCE JUN 1      0                         2     -2        0
  SINCE JUL 1      0                         0      0        0

 COOLING
  TODAY           15                        15      0       21
  MONTH TO DATE  393                       356     37      454
  SINCE JUN 1    732                       701     31      926
  SINCE JAN 1   1058                       897    161     1202
..................................................................


WIND (MPH)
  HIGHEST WIND SPEED    12   HIGHEST WIND DIRECTION    NW (300)
  HIGHEST GUST SPEED    15   HIGHEST GUST DIRECTION    NW (300)
  AVERAGE WIND SPEED     2.8


SKY COVER
  POSSIBLE SUNSHINE  MM
  AVERAGE SKY COVER 0.7


WEATHER CONDITIONS
 THE FOLLOWING WEATHER WAS RECORDED TODAY.
  THUNDERSTORM
  HEAVY RAIN
  RAIN
  LIGHT RAIN
  FOG


RELATIVE HUMIDITY (PERCENT)
 HIGHEST    93           500 AM
 LOWEST     49           300 PM
 AVERAGE    71

..........................................................


THE CHATTANOOGA  ASOS CLIMATE NORMALS FOR TOMORROW
                         NORMAL    RECORD    YEAR
 MAXIMUM TEMPERATURE (F)   90       101      1952
 MINIMUM TEMPERATURE (F)   70        58      1948
                                             1947


SUNRISE AND SUNSET
JULY 24 2017..........SUNRISE   644 AM EDT   SUNSET   850 PM EDT
JULY 25 2017..........SUNRISE   645 AM EDT   SUNSET   849 PM EDT


-  INDICATES NEGATIVE NUMBERS.
R  INDICATES RECORD WAS SET OR TIED.
MM INDICATES DATA IS MISSING.
T  INDICATES TRACE AMOUNT.




$$
