000
CDUS44 KMRX 140956
CLICHA


CLIMATE REPORT
NATIONAL WEATHER SERVICE MORRISTOWN TN
456 AM EST SUN FEB 14 2016


...................................

...THE CHATTANOOGA  ASOS CLIMATE SUMMARY FOR FEBRUARY 13 2016...

CLIMATE NORMAL PERIOD 1981 TO 2010
CLIMATE RECORD PERIOD 1879 TO 2016


WEATHER ITEM   OBSERVED TIME   RECORD YEAR NORMAL DEPARTURE LAST
                VALUE   (LST)  VALUE       VALUE  FROM      YEAR
                                                  NORMAL
..................................................................
TEMPERATURE (F)
 YESTERDAY
  MAXIMUM         39    359 PM  75    1962  54    -15       43
                                      1949
  MINIMUM         25    758 AM -10    1899  34     -9       23
  AVERAGE         32                        44    -12       33

PRECIPITATION (IN)
  YESTERDAY        0.00          1.44 1948   0.17  -0.17     0.00
  MONTH TO DATE    2.77                      2.21   0.56     0.55
  SINCE DEC 1     16.85                     12.02   4.83     8.44
  SINCE JAN 1      6.44                      7.12  -0.68     4.04

SNOWFALL (IN)
  YESTERDAY        0.0                       0.0    0.0      0.0
  MONTH TO DATE    0.3                       0.3    0.0       T
  SINCE DEC 1      0.5                       2.3   -1.8      0.7
  SINCE JUL 1      0.5                       2.3   -1.8      0.7
  SNOW DEPTH       0

DEGREE DAYS
 HEATING
  YESTERDAY       33                        21     12       32
  MONTH TO DATE  283                       290     -7      302
  SINCE DEC 1   1432                      1746   -314     1662
  SINCE JUL 1   1812                      2335   -523     2338
..................................................................


WIND (MPH)
  HIGHEST WIND SPEED    22   HIGHEST WIND DIRECTION     N (350)
  HIGHEST GUST SPEED    27   HIGHEST GUST DIRECTION     N (350)
  AVERAGE WIND SPEED    11.6


SKY COVER
  POSSIBLE SUNSHINE  MM
  AVERAGE SKY COVER 0.2


WEATHER CONDITIONS
 THE FOLLOWING WEATHER WAS RECORDED YESTERDAY.
  NO SIGNIFICANT WEATHER WAS OBSERVED.


RELATIVE HUMIDITY (PERCENT)
 HIGHEST    58           500 AM
 LOWEST     20           300 PM
 AVERAGE    39

..........................................................


THE CHATTANOOGA  ASOS CLIMATE NORMALS FOR TODAY
                         NORMAL    RECORD    YEAR
 MAXIMUM TEMPERATURE (F)   55        76      1949
 MINIMUM TEMPERATURE (F)   34        -4      1905


SUNRISE AND SUNSET
FEBRUARY 14 2016......SUNRISE   728 AM EST   SUNSET   622 PM EST
FEBRUARY 15 2016......SUNRISE   727 AM EST   SUNSET   623 PM EST


-  INDICATES NEGATIVE NUMBERS.
R  INDICATES RECORD WAS SET OR TIED.
MM INDICATES DATA IS MISSING.
T  INDICATES TRACE AMOUNT.




$$
