000
CDUS44 KMRX 230938
CLICHA


CLIMATE REPORT
NATIONAL WEATHER SERVICE MORRISTOWN TN
438 AM EST TUE JAN 23 2018


...................................

...THE CHATTANOOGA  ASOS CLIMATE SUMMARY FOR JANUARY 22 2018...

CLIMATE NORMAL PERIOD 1981 TO 2010
CLIMATE RECORD PERIOD 1879 TO 2018


WEATHER ITEM   OBSERVED TIME   RECORD YEAR NORMAL DEPARTURE LAST
                VALUE   (LST)  VALUE       VALUE  FROM      YEAR
                                                  NORMAL
..................................................................
TEMPERATURE (F)
 YESTERDAY
  MAXIMUM         61    927 PM  77    1937  51     10       65
  MINIMUM         39    749 AM   5    1985  31      8       51
  AVERAGE         50                        40     10       58

PRECIPITATION (IN)
  YESTERDAY        0.16          1.78 1916   0.16   0.00     1.04
  MONTH TO DATE    0.84                      3.49  -2.65     4.62
  SINCE DEC 1      4.18                      8.39  -4.21     9.67
  SINCE JAN 1      0.84                      3.49  -2.65     4.62

SNOWFALL (IN)
  YESTERDAY       MM                         0.1   MM        0.0
  MONTH TO DATE    0.3                       1.3   -1.0      0.3
  SINCE DEC 1      0.8                       1.6   -0.8      0.3
  SINCE JUL 1      0.8                       1.6   -0.8      0.3
  SNOW DEPTH       0

DEGREE DAYS
 HEATING
  YESTERDAY       15                        24     -9        7
  MONTH TO DATE  688                       549    139      317
  SINCE DEC 1   1369                      1244    125      938
  SINCE JUL 1   1880                      1833     47     1258

 COOLING
  YESTERDAY        0                         0      0        0
  MONTH TO DATE    0                         0      0        0
  SINCE DEC 1      0                         1     -1        0
  SINCE JAN 1      0                         0      0        0
..................................................................


WIND (MPH)
  HIGHEST WIND SPEED    25   HIGHEST WIND DIRECTION    SW (210)
  HIGHEST GUST SPEED    33   HIGHEST GUST DIRECTION     S (200)
  AVERAGE WIND SPEED     3.4


SKY COVER
  POSSIBLE SUNSHINE  MM
  AVERAGE SKY COVER 0.7


WEATHER CONDITIONS
 THE FOLLOWING WEATHER WAS RECORDED YESTERDAY.
  HEAVY RAIN
  LIGHT RAIN
  FOG


RELATIVE HUMIDITY (PERCENT)
 HIGHEST    96           400 PM
 LOWEST     66          1100 AM
 AVERAGE    81

..........................................................


THE CHATTANOOGA  ASOS CLIMATE NORMALS FOR TODAY
                         NORMAL    RECORD    YEAR
 MAXIMUM TEMPERATURE (F)   51        73      1927
 MINIMUM TEMPERATURE (F)   31        -3      1963


SUNRISE AND SUNSET
JANUARY 23 2018.......SUNRISE   745 AM EST   SUNSET   600 PM EST
JANUARY 24 2018.......SUNRISE   745 AM EST   SUNSET   601 PM EST


-  INDICATES NEGATIVE NUMBERS.
R  INDICATES RECORD WAS SET OR TIED.
MM INDICATES DATA IS MISSING.
T  INDICATES TRACE AMOUNT.




$$
