000
CDUS44 KMRX 270828
CLICHA


CLIMATE REPORT
NATIONAL WEATHER SERVICE MORRISTOWN TN
427 AM EDT FRI MAY 27 2016


...................................

...THE CHATTANOOGA  ASOS CLIMATE SUMMARY FOR MAY 26 2016...

CLIMATE NORMAL PERIOD 1981 TO 2010
CLIMATE RECORD PERIOD 1879 TO 2016


WEATHER ITEM   OBSERVED TIME   RECORD YEAR NORMAL DEPARTURE LAST
                VALUE   (LST)  VALUE       VALUE  FROM      YEAR
                                                  NORMAL
..................................................................
TEMPERATURE (F)
 YESTERDAY
  MAXIMUM         91    439 PM  94    1962  82      9       82
                                      1953
  MINIMUM         67    508 AM  40    1979  60      7       67
  AVERAGE         79                        71      8       75

PRECIPITATION (IN)
  YESTERDAY        0.02          1.64 1974   0.13  -0.11     0.32
  MONTH TO DATE    1.43                      3.47  -2.04     2.09
  SINCE MAR 1      6.50                     12.44  -5.94    15.57
  SINCE JAN 1     17.24                     22.19  -4.95    22.56

DEGREE DAYS
 COOLING
  YESTERDAY       14                         7      7       10
  MONTH TO DATE  131                       112     19      175
  SINCE MAR 1    210                       158     52      222
  SINCE JAN 1    210                       158     52      222
..................................................................


WIND (MPH)
  HIGHEST WIND SPEED    14   HIGHEST WIND DIRECTION    SW (230)
  HIGHEST GUST SPEED    18   HIGHEST GUST DIRECTION    SE (130)
  AVERAGE WIND SPEED     4.2


SKY COVER
  POSSIBLE SUNSHINE  MM
  AVERAGE SKY COVER 0.5


WEATHER CONDITIONS
 THE FOLLOWING WEATHER WAS RECORDED YESTERDAY.
  LIGHT RAIN
  FOG


RELATIVE HUMIDITY (PERCENT)
 HIGHEST    87           500 AM
 LOWEST     32           200 PM
 AVERAGE    60

..........................................................


THE CHATTANOOGA  ASOS CLIMATE NORMALS FOR TODAY
                         NORMAL    RECORD    YEAR
 MAXIMUM TEMPERATURE (F)   83        95      1911
 MINIMUM TEMPERATURE (F)   61        41      1961


SUNRISE AND SUNSET
MAY 27 2016...........SUNRISE   630 AM EDT   SUNSET   847 PM EDT
MAY 28 2016...........SUNRISE   629 AM EDT   SUNSET   847 PM EDT


-  INDICATES NEGATIVE NUMBERS.
R  INDICATES RECORD WAS SET OR TIED.
MM INDICATES DATA IS MISSING.
T  INDICATES TRACE AMOUNT.




$$
