000
CDUS41 KLWX 310527
CLICHO


CLIMATE REPORT
NATIONAL WEATHER SERVICE BALTIMORE MD/WASHINGTON DC
127 AM EDT MON AUG 31 2015


...................................

...THE CHARLOTTESVILLE VA CLIMATE SUMMARY FOR AUGUST 30 2015...

CLIMATE NORMAL PERIOD 1981 TO 2010
CLIMATE RECORD PERIOD 1889 TO 2015


WEATHER ITEM   OBSERVED TIME   RECORD YEAR NORMAL DEPARTURE LAST
                VALUE   (LST)  VALUE       VALUE  FROM      YEAR
                                                  NORMAL
..................................................................
TEMPERATURE (F)
 YESTERDAY
  MAXIMUM         89    208 PM  MM      MM  83      6       84
  MINIMUM         65    525 AM  MM      MM  61      4       67
  AVERAGE         77                        72      5       76

PRECIPITATION (IN)
  YESTERDAY        T                         0.09  -0.09      T
  MONTH TO DATE    2.43                      3.55  -1.12     4.33
  SINCE JUN 1     14.67                     11.60   3.07    10.23
  SINCE JAN 1     27.33                     28.07  -0.74    28.50

DEGREE DAYS
 HEATING
  YESTERDAY        0                         0      0        0
  MONTH TO DATE    0                         0      0        0
  SINCE JUN 1     11                        12     -1        2
  SINCE JUL 1      0                         1     -1        0

 COOLING
  YESTERDAY       12                         7      5       11
  MONTH TO DATE  299                       273     26      219
  SINCE JUN 1    967                       817    150      796
  SINCE JAN 1   1144                       903    241      912
..................................................................


WIND (MPH)
  HIGHEST WIND SPEED     8   HIGHEST WIND DIRECTION     S (180)
  HIGHEST GUST SPEED    11   HIGHEST GUST DIRECTION    SE (150)
  AVERAGE WIND SPEED     2.8


SKY COVER
  POSSIBLE SUNSHINE  MM
  AVERAGE SKY COVER 0.1


WEATHER CONDITIONS
 THE FOLLOWING WEATHER WAS RECORDED YESTERDAY.
  FOG


RELATIVE HUMIDITY (PERCENT)
 HIGHEST    93           200 AM
 LOWEST     38           200 PM
 AVERAGE    66

..........................................................


THE CHARLOTTESVILLE VA CLIMATE NORMALS FOR TODAY
                         NORMAL    RECORD    YEAR
 MAXIMUM TEMPERATURE (F)   83        MM        MM
 MINIMUM TEMPERATURE (F)   61        MM        MM


SUNRISE AND SUNSET
AUGUST 31 2015........SUNRISE   642 AM EDT   SUNSET   745 PM EDT
SEPTEMBER  1 2015.....SUNRISE   643 AM EDT   SUNSET   744 PM EDT


-  INDICATES NEGATIVE NUMBERS.
R  INDICATES RECORD WAS SET OR TIED.
MM INDICATES DATA IS MISSING.
T  INDICATES TRACE AMOUNT.




$$
