000
CDUS41 KLWX 010523
CLICHO


CLIMATE REPORT
NATIONAL WEATHER SERVICE BALTIMORE MD/WASHINGTON DC
122 AM EDT MON SEP 1 2014


...................................

...THE CHARLOTTESVILLE VA CLIMATE SUMMARY FOR AUGUST 31 2014...

CLIMATE NORMAL PERIOD 1981 TO 2010
CLIMATE RECORD PERIOD 1889 TO 2014


WEATHER ITEM   OBSERVED TIME   RECORD YEAR NORMAL DEPARTURE LAST
                VALUE   (LST)  VALUE       VALUE  FROM      YEAR
                                                  NORMAL
..................................................................
TEMPERATURE (F)
 YESTERDAY
  MAXIMUM         91    212 PM  MM      MM  83      8       87
  MINIMUM         71    607 AM  MM      MM  61     10       67
  AVERAGE         81                        72      9       77

PRECIPITATION (IN)
  YESTERDAY        T                         0.07  -0.07     0.55
  MONTH TO DATE    4.33                      3.62   0.71     6.12
  SINCE JUN 1     10.23                     11.67  -1.44    16.89
  SINCE JAN 1     28.50                     28.14   0.36    33.52

DEGREE DAYS
 HEATING
  YESTERDAY        0                         0      0        0
  MONTH TO DATE    0                         0      0        5
  SINCE JUN 1      2                        14    -12        7
  SINCE JUL 1      0                         3     -3        5

 COOLING
  YESTERDAY       16                         7      9       12
  MONTH TO DATE  235                       280    -45      235
  SINCE JUN 1    812                       824    -12      855
  SINCE JAN 1    928                       910     18     1002
..................................................................


WIND (MPH)
  HIGHEST WIND SPEED    17   HIGHEST WIND DIRECTION     S (190)
  HIGHEST GUST SPEED    22   HIGHEST GUST DIRECTION     S (190)
  AVERAGE WIND SPEED     6.5


SKY COVER
  POSSIBLE SUNSHINE  MM
  AVERAGE SKY COVER 0.2


WEATHER CONDITIONS
 THE FOLLOWING WEATHER WAS RECORDED YESTERDAY.
  THUNDERSTORM
  LIGHT RAIN
  FOG


RELATIVE HUMIDITY (PERCENT)
 HIGHEST   100           400 AM
 LOWEST     52           200 PM
 AVERAGE    76

..........................................................


THE CHARLOTTESVILLE VA CLIMATE NORMALS FOR TODAY
                         NORMAL    RECORD    YEAR
 MAXIMUM TEMPERATURE (F)   83        MM        MM
 MINIMUM TEMPERATURE (F)   61        MM        MM


SUNRISE AND SUNSET
SEPTEMBER  1 2014.....SUNRISE   643 AM EDT   SUNSET   743 PM EDT
SEPTEMBER  2 2014.....SUNRISE   644 AM EDT   SUNSET   742 PM EDT


-  INDICATES NEGATIVE NUMBERS.
R  INDICATES RECORD WAS SET OR TIED.
MM INDICATES DATA IS MISSING.
T  INDICATES TRACE AMOUNT.




$$
