000
CDUS42 KCHS 250546
CLICHS


CLIMATE REPORT
NATIONAL WEATHER SERVICE CHARLESTON SC
1245 AM EST TUE NOV 25 2014


...................................

...THE NORTH CHARLESTON SC CLIMATE SUMMARY FOR NOVEMBER 24 2014...

CLIMATE NORMAL PERIOD 1981 TO 2010
CLIMATE RECORD PERIOD 1938 TO 2014


WEATHER ITEM   OBSERVED TIME   RECORD YEAR NORMAL DEPARTURE LAST
                VALUE   (LST)  VALUE       VALUE  FROM      YEAR
                                                  NORMAL
..................................................................
TEMPERATURE (F)
 YESTERDAY
  MAXIMUM         78   1226 PM  82    1986  68     10       59
                                      1973
  MINIMUM         64   1104 PM  21    1970  45     19       34
  AVERAGE         71                        56     15       47

PRECIPITATION (IN)
  YESTERDAY        0.14          0.83 1971   0.07   0.07     0.00
  MONTH TO DATE    2.57                      1.94   0.63     1.34
  SINCE SEP 1     12.18                     11.79   0.39     7.72
  SINCE JAN 1     47.51                     47.43   0.08    53.78

SNOWFALL (IN)
  YESTERDAY        0.0                       0.0    0.0
  SINCE SEP 1      0.0                       0.0    0.0
  SINCE JUL 1      0.0                       0.0    0.0

DEGREE DAYS
 HEATING
  YESTERDAY        0                         9     -9       18
  MONTH TO DATE  235                       162     73      162
  SINCE SEP 1    257                       231     26      204
  SINCE JUL 1    257                       231     26      204

 COOLING
  YESTERDAY        6                         1      5        0
  MONTH TO DATE   18                        29    -11       34
  SINCE SEP 1    607                       488    119      574
  SINCE JAN 1   2769                      2293    476     2429
..................................................................


WIND (MPH)
  HIGHEST WIND SPEED    23   HIGHEST WIND DIRECTION    SW (210)
  HIGHEST GUST SPEED    MM   HIGHEST GUST DIRECTION    MM
  AVERAGE WIND SPEED     9.9


SKY COVER
  POSSIBLE SUNSHINE  MM
  AVERAGE SKY COVER 0.8


WEATHER CONDITIONS
 THE FOLLOWING WEATHER WAS RECORDED YESTERDAY.
  RAIN
  LIGHT RAIN
  FOG


RELATIVE HUMIDITY (PERCENT)
 HIGHEST   100           500 AM
 LOWEST     76          1200 PM
 AVERAGE    88

..........................................................


THE NORTH CHARLESTON SC CLIMATE NORMALS FOR TODAY
                         NORMAL    RECORD    YEAR
 MAXIMUM TEMPERATURE (F)   67        82      1973
 MINIMUM TEMPERATURE (F)   45        15      1950


SUNRISE AND SUNSET
NOVEMBER 25 2014......SUNRISE   700 AM EST   SUNSET   515 PM EST
NOVEMBER 26 2014......SUNRISE   700 AM EST   SUNSET   514 PM EST


-  INDICATES NEGATIVE NUMBERS.
R  INDICATES RECORD WAS SET OR TIED.
MM INDICATES DATA IS MISSING.
T  INDICATES TRACE AMOUNT.




$$
