000
CDUS42 KCHS 102207
CLICHS


CLIMATE REPORT
NATIONAL WEATHER SERVICE CHARLESTON SC
503 PM EST WED FEB 10 2016


...................................

...THE NORTH CHARLESTON SC CLIMATE SUMMARY FOR FEBRUARY 10 2016...
VALID TODAY AS OF 0500 PM LOCAL TIME.

CLIMATE NORMAL PERIOD 1981 TO 2010
CLIMATE RECORD PERIOD 1938 TO 2016


WEATHER ITEM   OBSERVED TIME   RECORD YEAR NORMAL DEPARTURE LAST
                VALUE   (LST)  VALUE       VALUE  FROM      YEAR
                                                  NORMAL
..................................................................
TEMPERATURE (F)
 TODAY
  MAXIMUM         44    353 PM  81    1959  62    -18       55
  MINIMUM         30    733 AM  20    1979  40    -10       45
  AVERAGE         37                        51    -14       50

PRECIPITATION (IN)
  TODAY            0.00          5.07 1940   0.10  -0.10      T
  MONTH TO DATE    3.33                      1.08   2.25     0.98
  SINCE DEC 1      9.87                      7.90   1.97     7.91
  SINCE JAN 1      6.73                      4.79   1.94     4.51

SNOWFALL (IN)
  TODAY            0.0                       0.0    0.0
  SINCE DEC 1      T                         0.4   -0.4
  SINCE JUL 1      T                         0.4   -0.4

DEGREE DAYS
 HEATING
  TODAY           28                        14     14       15
  MONTH TO DATE  142                       151     -9      163
  SINCE DEC 1    800                      1118   -318     1022
  SINCE JUL 1    946                      1410   -464     1360

 COOLING
  TODAY            0                         0      0        0
  MONTH TO DATE    2                         0      2        0
  SINCE DEC 1     99                         9     90        4
  SINCE JAN 1      2                         2      0        4
..................................................................


WIND (MPH)
  HIGHEST WIND SPEED    25   HIGHEST WIND DIRECTION     W (270)
  HIGHEST GUST SPEED    36   HIGHEST GUST DIRECTION     W (260)
  AVERAGE WIND SPEED    13.7


SKY COVER
  POSSIBLE SUNSHINE  MM
  AVERAGE SKY COVER 0.1


WEATHER CONDITIONS
 THE FOLLOWING WEATHER WAS RECORDED TODAY.
  NO SIGNIFICANT WEATHER WAS OBSERVED.


RELATIVE HUMIDITY (PERCENT)
 HIGHEST    58           500 AM
 LOWEST     27           400 PM
 AVERAGE    43

..........................................................


THE NORTH CHARLESTON SC CLIMATE NORMALS FOR TOMORROW
                         NORMAL    RECORD    YEAR
 MAXIMUM TEMPERATURE (F)   62        79      1939
 MINIMUM TEMPERATURE (F)   40        16      1973


SUNRISE AND SUNSET
FEBRUARY 10 2016......SUNRISE   709 AM EST   SUNSET   601 PM EST
FEBRUARY 11 2016......SUNRISE   708 AM EST   SUNSET   601 PM EST


-  INDICATES NEGATIVE NUMBERS.
R  INDICATES RECORD WAS SET OR TIED.
MM INDICATES DATA IS MISSING.
T  INDICATES TRACE AMOUNT.




$$
