000
CDUS42 KCHS 240603
CLICHS


CLIMATE REPORT
NATIONAL WEATHER SERVICE CHARLESTON SC
203 AM EDT MON APR 24 2017


...................................

...THE NORTH CHARLESTON SC CLIMATE SUMMARY FOR APRIL 23 2017...

CLIMATE NORMAL PERIOD 1981 TO 2010
CLIMATE RECORD PERIOD 1938 TO 2017


WEATHER ITEM   OBSERVED TIME   RECORD YEAR NORMAL DEPARTURE LAST
                VALUE   (LST)  VALUE       VALUE  FROM      YEAR
                                                  NORMAL
..................................................................
TEMPERATURE (F)
 YESTERDAY
  MAXIMUM         84    130 PM  92    1963  78      6       81
  MINIMUM         70    600 AM  39    1993  55     15       59
  AVERAGE         77                        66     11       70

PRECIPITATION (IN)
  YESTERDAY        0.00          2.43 1938   0.10  -0.10     0.00
  MONTH TO DATE    4.40                      2.25   2.15     1.14
  SINCE MAR 1      5.42                      5.96  -0.54     4.33
  SINCE JAN 1      9.60                     12.63  -3.03    12.62

SNOWFALL (IN)
  YESTERDAY        0.0                       0.0    0.0
  SINCE MAR 1      T                         0.0    0.0
  SINCE JUL 1      T                         0.5   -0.5

DEGREE DAYS
 HEATING
  YESTERDAY        0                         2     -2        0
  MONTH TO DATE   23                        78    -55       68
  SINCE MAR 1    257                       317    -60      176
  SINCE JUL 1   1225                      1953   -728     1353

 COOLING
  YESTERDAY       12                         4      8        5
  MONTH TO DATE  115                        56     59       47
  SINCE MAR 1    174                        83     91      143
  SINCE JAN 1    209                        90    119      151
..................................................................


WIND (MPH)
  HIGHEST WIND SPEED    22   HIGHEST WIND DIRECTION     S (160)
  HIGHEST GUST SPEED    26   HIGHEST GUST DIRECTION    SE (150)
  AVERAGE WIND SPEED    12.7


SKY COVER
  POSSIBLE SUNSHINE  MM
  AVERAGE SKY COVER 0.4


WEATHER CONDITIONS
 THE FOLLOWING WEATHER WAS RECORDED YESTERDAY.
  NO SIGNIFICANT WEATHER WAS OBSERVED.


RELATIVE HUMIDITY (PERCENT)
 HIGHEST    90           100 AM
 LOWEST     58           200 PM
 AVERAGE    74

..........................................................


THE NORTH CHARLESTON SC CLIMATE NORMALS FOR TODAY
                         NORMAL    RECORD    YEAR
 MAXIMUM TEMPERATURE (F)   78        91      1958
 MINIMUM TEMPERATURE (F)   55        35      1982


SUNRISE AND SUNSET
APRIL 24 2017.........SUNRISE   640 AM EDT   SUNSET   757 PM EDT
APRIL 25 2017.........SUNRISE   639 AM EDT   SUNSET   758 PM EDT


-  INDICATES NEGATIVE NUMBERS.
R  INDICATES RECORD WAS SET OR TIED.
MM INDICATES DATA IS MISSING.
T  INDICATES TRACE AMOUNT.




$$
