000
CDUS42 KCHS 190611
CLICHS


CLIMATE REPORT
NATIONAL WEATHER SERVICE CHARLESTON SC
211 AM EDT THU OCT 19 2017


...................................

...THE NORTH CHARLESTON SC CLIMATE SUMMARY FOR OCTOBER 18 2017...

CLIMATE NORMAL PERIOD 1981 TO 2010
CLIMATE RECORD PERIOD 1938 TO 2017


WEATHER ITEM   OBSERVED TIME   RECORD YEAR NORMAL DEPARTURE LAST
                VALUE   (LST)  VALUE       VALUE  FROM      YEAR
                                                  NORMAL
..................................................................
TEMPERATURE (F)
 YESTERDAY
  MAXIMUM         76    234 PM  88    1980  77     -1       87
  MINIMUM         51    654 AM  37    1970  56     -5       62
                                      1943
  AVERAGE         64                        66     -2       75

PRECIPITATION (IN)
  YESTERDAY        0.00          3.50 1965   0.11  -0.11     0.00
  MONTH TO DATE    1.68                      2.47  -0.79    10.48
  SINCE SEP 1      8.43                      8.57  -0.14    22.75
  SINCE JAN 1     46.87                     44.21   2.66    54.74

SNOWFALL (IN)
  YESTERDAY        0.0                       0.0    0.0
  SINCE SEP 1      0.0                       0.0    0.0
  SINCE JUL 1      T                         0.0    0.0

DEGREE DAYS
 HEATING
  YESTERDAY        1                         2     -1        0
  MONTH TO DATE    5                        24    -19        2
  SINCE SEP 1      5                        27    -22        2
  SINCE JUL 1      5                        27    -22        2

 COOLING
  YESTERDAY        0                         3     -3       10
  MONTH TO DATE  185                        93     92      125
  SINCE SEP 1    574                       426    148      576
  SINCE JAN 1   2616                      2231    385     2851
..................................................................


WIND (MPH)
  HIGHEST WIND SPEED    15   HIGHEST WIND DIRECTION    NE (40)
  HIGHEST GUST SPEED    23   HIGHEST GUST DIRECTION    NE (30)
  AVERAGE WIND SPEED     9.1


SKY COVER
  POSSIBLE SUNSHINE  MM
  AVERAGE SKY COVER 0.1


WEATHER CONDITIONS
 THE FOLLOWING WEATHER WAS RECORDED YESTERDAY.
  NO SIGNIFICANT WEATHER WAS OBSERVED.


RELATIVE HUMIDITY (PERCENT)
 HIGHEST    90           900 PM
 LOWEST     54           300 PM
 AVERAGE    72

..........................................................


THE NORTH CHARLESTON SC CLIMATE NORMALS FOR TODAY
                         NORMAL    RECORD    YEAR
 MAXIMUM TEMPERATURE (F)   76        87      2016
                                             1980
 MINIMUM TEMPERATURE (F)   56        39      1948


SUNRISE AND SUNSET
OCTOBER 19 2017.......SUNRISE   728 AM EDT   SUNSET   642 PM EDT
OCTOBER 20 2017.......SUNRISE   728 AM EDT   SUNSET   641 PM EDT


-  INDICATES NEGATIVE NUMBERS.
R  INDICATES RECORD WAS SET OR TIED.
MM INDICATES DATA IS MISSING.
T  INDICATES TRACE AMOUNT.




$$
