000
CDUS42 KCHS 230604
CLICHS


CLIMATE REPORT
NATIONAL WEATHER SERVICE CHARLESTON SC
203 AM EDT TUE MAY 23 2017


...................................

...THE NORTH CHARLESTON SC CLIMATE SUMMARY FOR MAY 22 2017...

CLIMATE NORMAL PERIOD 1981 TO 2010
CLIMATE RECORD PERIOD 1938 TO 2017


WEATHER ITEM   OBSERVED TIME   RECORD YEAR NORMAL DEPARTURE LAST
                VALUE   (LST)  VALUE       VALUE  FROM      YEAR
                                                  NORMAL
..................................................................
TEMPERATURE (F)
 YESTERDAY
  MAXIMUM         85    158 PM  98    1938  85      0       83
  MINIMUM         72    610 AM  48    1954  64      8       61
  AVERAGE         79                        74      5       72

PRECIPITATION (IN)
  YESTERDAY        0.23          6.23 1967   0.10   0.13     0.00
  MONTH TO DATE    2.17                      2.00   0.17     1.39
  SINCE MAR 1      9.41                      8.62   0.79     7.19
  SINCE JAN 1     13.59                     15.29  -1.70    15.48

DEGREE DAYS
 HEATING
  YESTERDAY        0                         0      0        0
  MONTH TO DATE    3                         8     -5        4
  SINCE MAR 1    260                       335    -75      180
  SINCE JUL 1   1228                      1971   -743     1357

 COOLING
  YESTERDAY       14                         9      5        7
  MONTH TO DATE  190                       151     39      196
  SINCE MAR 1    431                       262    169      396
  SINCE JAN 1    466                       269    197      404
..................................................................


WIND (MPH)
  HIGHEST WIND SPEED    18   HIGHEST WIND DIRECTION     S (200)
  HIGHEST GUST SPEED    23   HIGHEST GUST DIRECTION     S (190)
  AVERAGE WIND SPEED     7.9


SKY COVER
  POSSIBLE SUNSHINE  MM
  AVERAGE SKY COVER 0.8


WEATHER CONDITIONS
 THE FOLLOWING WEATHER WAS RECORDED YESTERDAY.
  THUNDERSTORM
  HEAVY RAIN
  RAIN
  LIGHT RAIN
  FOG


RELATIVE HUMIDITY (PERCENT)
 HIGHEST    94          1000 PM
 LOWEST     65          1100 AM
 AVERAGE    80

..........................................................


THE NORTH CHARLESTON SC CLIMATE NORMALS FOR TODAY
                         NORMAL    RECORD    YEAR
 MAXIMUM TEMPERATURE (F)   85        97      2014
 MINIMUM TEMPERATURE (F)   64        47      1954


SUNRISE AND SUNSET
MAY 23 2017...........SUNRISE   616 AM EDT   SUNSET   818 PM EDT
MAY 24 2017...........SUNRISE   616 AM EDT   SUNSET   819 PM EDT


-  INDICATES NEGATIVE NUMBERS.
R  INDICATES RECORD WAS SET OR TIED.
MM INDICATES DATA IS MISSING.
T  INDICATES TRACE AMOUNT.




$$
