000
CDUS42 KCHS 040602
CLICHS


CLIMATE REPORT
NATIONAL WEATHER SERVICE CHARLESTON SC
202 AM EDT WED MAY 4 2016


...................................

...THE NORTH CHARLESTON SC CLIMATE SUMMARY FOR MAY 3 2016...

CLIMATE NORMAL PERIOD 1981 TO 2010
CLIMATE RECORD PERIOD 1938 TO 2016


WEATHER ITEM   OBSERVED TIME   RECORD YEAR NORMAL DEPARTURE LAST
                VALUE   (LST)  VALUE       VALUE  FROM      YEAR
                                                  NORMAL
..................................................................
TEMPERATURE (F)
 YESTERDAY
  MAXIMUM         88    339 PM  93    1959  80      8       81
  MINIMUM         66   1027 PM  40    1939  58      8       55
  AVERAGE         77                        69      8       68

PRECIPITATION (IN)
  YESTERDAY        0.44          2.35 1946   0.10   0.34     0.00
  MONTH TO DATE    0.47                      0.28   0.19     0.00
  SINCE MAR 1      6.27                      6.90  -0.63     5.93
  SINCE JAN 1     14.56                     13.57   0.99    13.86

DEGREE DAYS
 HEATING
  YESTERDAY        0                         1     -1        0
  MONTH TO DATE    0                         3     -3        4
  SINCE MAR 1    176                       330   -154      210
  SINCE JUL 1   1353                      1966   -613     1947

 COOLING
  YESTERDAY       12                         5      7        3
  MONTH TO DATE   38                        15     23        3
  SINCE MAR 1    238                       126    112      163
  SINCE JAN 1    246                       133    113      167
..................................................................


WIND (MPH)
  HIGHEST WIND SPEED    35   HIGHEST WIND DIRECTION    SW (240)
  HIGHEST GUST SPEED    50   HIGHEST GUST DIRECTION     W (250)
  AVERAGE WIND SPEED     9.7


SKY COVER
  POSSIBLE SUNSHINE  MM
  AVERAGE SKY COVER 0.7


WEATHER CONDITIONS
 THE FOLLOWING WEATHER WAS RECORDED YESTERDAY.
  THUNDERSTORM
  RAIN
  LIGHT RAIN
  FOG


RELATIVE HUMIDITY (PERCENT)
 HIGHEST    87           400 AM
 LOWEST     48           400 PM
 AVERAGE    68

..........................................................


THE NORTH CHARLESTON SC CLIMATE NORMALS FOR TODAY
                         NORMAL    RECORD    YEAR
 MAXIMUM TEMPERATURE (F)   81        94      1938
 MINIMUM TEMPERATURE (F)   58        38      1939


SUNRISE AND SUNSET
MAY  4 2016...........SUNRISE   629 AM EDT   SUNSET   805 PM EDT
MAY  5 2016...........SUNRISE   629 AM EDT   SUNSET   805 PM EDT


-  INDICATES NEGATIVE NUMBERS.
R  INDICATES RECORD WAS SET OR TIED.
MM INDICATES DATA IS MISSING.
T  INDICATES TRACE AMOUNT.




$$
