000
CDUS42 KCHS 302112
CLICHS


CLIMATE REPORT
NATIONAL WEATHER SERVICE CHARLESTON SC
512 PM EDT THU JUL 30 2015


...................................

...THE NORTH CHARLESTON SC CLIMATE SUMMARY FOR JULY 30 2015...
VALID TODAY AS OF 0500 PM LOCAL TIME.

CLIMATE NORMAL PERIOD 1981 TO 2010
CLIMATE RECORD PERIOD 1938 TO 2015


WEATHER ITEM   OBSERVED TIME   RECORD YEAR NORMAL DEPARTURE LAST
                VALUE   (LST)  VALUE       VALUE  FROM      YEAR
                                                  NORMAL
..................................................................
TEMPERATURE (F)
 TODAY
  MAXIMUM         95    332 PM 100    1999  91      4       89
  MINIMUM         75    556 AM  65    1960  73      2       72
  AVERAGE         85                        82      3       81

PRECIPITATION (IN)
  TODAY            0.00          1.80 2007   0.21  -0.21      T
  MONTH TO DATE    7.72                      6.32   1.40     5.36
  SINCE JUN 1     15.41                     11.97   3.44     8.95
  SINCE JAN 1     30.63                     28.28   2.35    26.20

SNOWFALL (IN)
  TODAY            0.0                       0.0    0.0
  SINCE JUN 1      0.0                       0.0    0.0
  SINCE JUL 1      0.0                       0.0    0.0

DEGREE DAYS
 HEATING
  TODAY            0                         0      0        0
  MONTH TO DATE    0                         0      0        0
  SINCE JUN 1      0                         1     -1        0
  SINCE JUL 1      0                         0      0        0

 COOLING
  TODAY           20                        17      3       16
  MONTH TO DATE  555                       507     48      550
  SINCE JUN 1   1083                       928    155     1068
  SINCE JAN 1   1516                      1290    226     1578
..................................................................


WIND (MPH)
  HIGHEST WIND SPEED    16   HIGHEST WIND DIRECTION     S (190)
  HIGHEST GUST SPEED    19   HIGHEST GUST DIRECTION     S (180)
  AVERAGE WIND SPEED     5.0


SKY COVER
  POSSIBLE SUNSHINE  MM
  AVERAGE SKY COVER 0.3


WEATHER CONDITIONS
 THE FOLLOWING WEATHER WAS RECORDED TODAY.
  NO SIGNIFICANT WEATHER WAS OBSERVED.


RELATIVE HUMIDITY (PERCENT)
 HIGHEST    94           100 AM
 LOWEST     49           100 PM
 AVERAGE    72

..........................................................


THE NORTH CHARLESTON SC CLIMATE NORMALS FOR TOMORROW
                         NORMAL    RECORD    YEAR
 MAXIMUM TEMPERATURE (F)   91       101      1999
 MINIMUM TEMPERATURE (F)   73        63      1997


SUNRISE AND SUNSET
JULY 30 2015..........SUNRISE   632 AM EDT   SUNSET   821 PM EDT
JULY 31 2015..........SUNRISE   633 AM EDT   SUNSET   820 PM EDT


-  INDICATES NEGATIVE NUMBERS.
R  INDICATES RECORD WAS SET OR TIED.
MM INDICATES DATA IS MISSING.
T  INDICATES TRACE AMOUNT.




$$
