000
CDUS42 KCHS 222107
CLICHS


CLIMATE REPORT
NATIONAL WEATHER SERVICE CHARLESTON SC
507 PM EDT TUE AUG 22 2017


...................................

...THE NORTH CHARLESTON SC CLIMATE SUMMARY FOR AUGUST 22 2017...
VALID TODAY AS OF 0500 PM LOCAL TIME.

CLIMATE NORMAL PERIOD 1981 TO 2010
CLIMATE RECORD PERIOD 1938 TO 2017


WEATHER ITEM   OBSERVED TIME   RECORD YEAR NORMAL DEPARTURE LAST
                VALUE   (LST)  VALUE       VALUE  FROM      YEAR
                                                  NORMAL
..................................................................
TEMPERATURE (F)
 TODAY
  MAXIMUM         90    128 PM 100    1983  89      1       92
  MINIMUM         74    323 AM  63    1953  72      2       76
  AVERAGE         82                        80      2       84

PRECIPITATION (IN)
  TODAY            0.20          1.58 2008   0.26  -0.06     0.00
                                      2005
  MONTH TO DATE    5.49                      4.89   0.60     3.26
  SINCE JUN 1     20.60                     17.07   3.53    10.78
  SINCE JAN 1     35.76                     33.38   2.38    31.53

SNOWFALL (IN)
  TODAY            0.0                       0.0    0.0
  SINCE JUN 1      0.0                       0.0    0.0
  SINCE JUL 1      0.0                       0.0    0.0

DEGREE DAYS
 HEATING
  TODAY            0                         0      0        0
  MONTH TO DATE    0                         0      0        0
  SINCE JUN 1      0                         1     -1        0
  SINCE JUL 1      0                         0      0        0

 COOLING
  TODAY           17                        15      2       19
  MONTH TO DATE  392                       360     32      437
  SINCE JUN 1   1340                      1310     30     1628
  SINCE JAN 1   1915                      1672    243     2123
..................................................................


WIND (MPH)
  HIGHEST WIND SPEED    13   HIGHEST WIND DIRECTION     S (200)
  HIGHEST GUST SPEED    18   HIGHEST GUST DIRECTION     S (200)
  AVERAGE WIND SPEED     4.6


SKY COVER
  POSSIBLE SUNSHINE  MM
  AVERAGE SKY COVER 0.6


WEATHER CONDITIONS
 THE FOLLOWING WEATHER WAS RECORDED TODAY.
  RAIN
  FOG


RELATIVE HUMIDITY (PERCENT)
 HIGHEST   100          1200 AM
 LOWEST     63          1200 PM
 AVERAGE    82

..........................................................


THE NORTH CHARLESTON SC CLIMATE NORMALS FOR TOMORROW
                         NORMAL    RECORD    YEAR
 MAXIMUM TEMPERATURE (F)   89        99      2014
 MINIMUM TEMPERATURE (F)   72        62      1953


SUNRISE AND SUNSET
AUGUST 22 2017........SUNRISE   648 AM EDT   SUNSET   757 PM EDT
AUGUST 23 2017........SUNRISE   649 AM EDT   SUNSET   756 PM EDT


-  INDICATES NEGATIVE NUMBERS.
R  INDICATES RECORD WAS SET OR TIED.
MM INDICATES DATA IS MISSING.
T  INDICATES TRACE AMOUNT.




$$
