000
CDUS43 KDVN 290927
CLICID


CLIMATE REPORT
NATIONAL WEATHER SERVICE QUAD CITIES IA IL
426 AM CDT FRI JUL 29 2016


...................................

...THE CEDAR RAPIDS IA CLIMATE SUMMARY FOR JULY 28 2016...

CLIMATE NORMAL PERIOD 1981 TO 2010
CLIMATE RECORD PERIOD 1891 TO 2016


WEATHER ITEM   OBSERVED TIME   RECORD YEAR NORMAL DEPARTURE LAST
                VALUE   (LST)  VALUE       VALUE  FROM      YEAR
                                                  NORMAL
..................................................................
TEMPERATURE (F)
 YESTERDAY
  MAXIMUM         81    231 PM 103    1931  83     -2       79
  MINIMUM         64    309 AM  47    1925  62      2       69
  AVERAGE         73                        73      0       74

PRECIPITATION (IN)
  YESTERDAY        0.00         MM      MM   0.13  -0.13     2.26
  MONTH TO DATE    3.75                      4.07  -0.32     5.49
  SINCE JUN 1     12.08                      8.99   3.09    14.34
  SINCE JAN 1     20.74                     20.43   0.31    23.54

DEGREE DAYS
 HEATING
  YESTERDAY        0                         0      0        0
  MONTH TO DATE    3                         0      3        4
  SINCE JUN 1      8                        29    -21       13
  SINCE JUL 1      3                         0      3        4

 COOLING
  YESTERDAY        8                         8      0        9
  MONTH TO DATE  230                       224      6      198
  SINCE JUN 1    467                       390     77      343
  SINCE JAN 1    527                       439     88      393
..................................................................


WIND (MPH)
  HIGHEST WIND SPEED    17   HIGHEST WIND DIRECTION    NW (300)
  HIGHEST GUST SPEED    21   HIGHEST GUST DIRECTION     N (350)
  AVERAGE WIND SPEED     8.6


SKY COVER
  POSSIBLE SUNSHINE  MM
  AVERAGE SKY COVER 0.4


WEATHER CONDITIONS
 THE FOLLOWING WEATHER WAS RECORDED YESTERDAY.
  FOG
  FOG W/VISIBILITY <= 1/4 MILE


RELATIVE HUMIDITY (PERCENT)
 HIGHEST   100          1200 AM
 LOWEST     67           300 PM
 AVERAGE    84

..........................................................


THE CEDAR RAPIDS IA CLIMATE NORMALS FOR TODAY
                         NORMAL    RECORD    YEAR
 MAXIMUM TEMPERATURE (F)   83       104      1913
 MINIMUM TEMPERATURE (F)   62        44      1925


SUNRISE AND SUNSET
JULY 29 2016..........SUNRISE   558 AM CDT   SUNSET   828 PM CDT
JULY 30 2016..........SUNRISE   559 AM CDT   SUNSET   827 PM CDT


-  INDICATES NEGATIVE NUMBERS.
R  INDICATES RECORD WAS SET OR TIED.
MM INDICATES DATA IS MISSING.
T  INDICATES TRACE AMOUNT.




$$
