000
CDUS43 KDVN 212235
CLICID


CLIMATE REPORT
NATIONAL WEATHER SERVICE QUAD CITIES IA IL
435 PM CST SAT JAN 21 2017


...................................

...THE CEDAR RAPIDS IA CLIMATE SUMMARY FOR JANUARY 21 2017...
VALID TODAY AS OF 0400 PM LOCAL TIME.

CLIMATE NORMAL PERIOD 1981 TO 2010
CLIMATE RECORD PERIOD 1891 TO 2017


WEATHER ITEM   OBSERVED TIME   RECORD YEAR NORMAL DEPARTURE LAST
                VALUE   (LST)  VALUE       VALUE  FROM      YEAR
                                                  NORMAL
..................................................................
TEMPERATURE (F)
 TODAY
  MAXIMUM         44    322 PM  56    1957  28     16       27
  MINIMUM         38    147 AM -23    1970  11     27       12
  AVERAGE         41                        19     22       20

PRECIPITATION (IN)
  TODAY            0.01         MM      MM   0.03  -0.02     0.00
  MONTH TO DATE    1.42                      0.60   0.82     0.17
  SINCE DEC 1      2.67                      2.02   0.65     4.24
  SINCE JAN 1      1.42                      0.60   0.82     0.17

DEGREE DAYS
 HEATING
  TODAY           24                        46    -22       45
  MONTH TO DATE  879                       961    -82      989
  SINCE DEC 1   2175                      2254    -79     1891
  SINCE JUL 1   3092                      3700   -608     2922

 COOLING
  TODAY            0                         0      0        0
  MONTH TO DATE    0                         0      0        0
  SINCE DEC 1      0                         0      0        0
  SINCE JAN 1      0                         0      0        0
..................................................................


WIND (MPH)
  HIGHEST WIND SPEED    16   HIGHEST WIND DIRECTION    SW (230)
  HIGHEST GUST SPEED    21   HIGHEST GUST DIRECTION    SW (220)
  AVERAGE WIND SPEED     7.1


SKY COVER
  POSSIBLE SUNSHINE  MM
  AVERAGE SKY COVER 1.0


WEATHER CONDITIONS
 THE FOLLOWING WEATHER WAS RECORDED TODAY.
  LIGHT RAIN
  FOG
  FOG W/VISIBILITY <= 1/4 MILE


RELATIVE HUMIDITY (PERCENT)
 HIGHEST   100          1200 AM
 LOWEST     92           300 PM
 AVERAGE    96

..........................................................


THE CEDAR RAPIDS IA CLIMATE NORMALS FOR TOMORROW
                         NORMAL    RECORD    YEAR
 MAXIMUM TEMPERATURE (F)   28        58      2002
 MINIMUM TEMPERATURE (F)   11       -27      1930


SUNRISE AND SUNSET
JANUARY 21 2017.......SUNRISE   728 AM CST   SUNSET   508 PM CST
JANUARY 22 2017.......SUNRISE   728 AM CST   SUNSET   510 PM CST


-  INDICATES NEGATIVE NUMBERS.
R  INDICATES RECORD WAS SET OR TIED.
MM INDICATES DATA IS MISSING.
T  INDICATES TRACE AMOUNT.




$$
