000
CDUS43 KDVN 302124
CLICID


CLIMATE REPORT
NATIONAL WEATHER SERVICE QUAD CITIES IA IL
422 PM CDT MON MAY 30 2016


...................................

...THE CEDAR RAPIDS IA CLIMATE SUMMARY FOR MAY 30 2016...
VALID TODAY AS OF 0400 PM LOCAL TIME.

CLIMATE NORMAL PERIOD 1981 TO 2010
CLIMATE RECORD PERIOD 1891 TO 2016


WEATHER ITEM   OBSERVED TIME   RECORD YEAR NORMAL DEPARTURE LAST
                VALUE   (LST)  VALUE       VALUE  FROM      YEAR
                                                  NORMAL
..................................................................
TEMPERATURE (F)
 TODAY
  MAXIMUM         84    251 PM  96    1934  76      8       65
  MINIMUM         58    451 AM  33    1924  54      4       51
  AVERAGE         71                        65      6       58

PRECIPITATION (IN)
  TODAY            T            MM      MM   0.14  -0.14     0.01
  MONTH TO DATE    2.75                      4.00  -1.25     3.63
  SINCE MAR 1      7.51                      9.15  -1.64     7.87
  SINCE JAN 1      8.11                     11.29  -3.18     9.20

DEGREE DAYS
 HEATING
  TODAY            0                         3     -3        7
  MONTH TO DATE  187                       189     -2      130
  SINCE MAR 1   1338                      1551   -213     1421
  SINCE JUL 1   5649                      6834  -1185     6948

 COOLING
  TODAY            6                         3      3        0
  MONTH TO DATE   52                        39     13       50
  SINCE MAR 1     55                        46      9       50
  SINCE JAN 1     55                        46      9       50
..................................................................


WIND (MPH)
  HIGHEST WIND SPEED    15   HIGHEST WIND DIRECTION     E (90)
  HIGHEST GUST SPEED    19   HIGHEST GUST DIRECTION     E (80)
  AVERAGE WIND SPEED     5.0


SKY COVER
  POSSIBLE SUNSHINE  MM
  AVERAGE SKY COVER 0.3


WEATHER CONDITIONS
 THE FOLLOWING WEATHER WAS RECORDED TODAY.
  THUNDERSTORM
  LIGHT RAIN


RELATIVE HUMIDITY (PERCENT)
 HIGHEST    97           400 AM
 LOWEST     51           100 PM
 AVERAGE    74

..........................................................


THE CEDAR RAPIDS IA CLIMATE NORMALS FOR TOMORROW
                         NORMAL    RECORD    YEAR
 MAXIMUM TEMPERATURE (F)   76       104      1934
 MINIMUM TEMPERATURE (F)   54        34      1897


SUNRISE AND SUNSET
MAY 30 2016...........SUNRISE   535 AM CDT   SUNSET   834 PM CDT
MAY 31 2016...........SUNRISE   534 AM CDT   SUNSET   835 PM CDT


-  INDICATES NEGATIVE NUMBERS.
R  INDICATES RECORD WAS SET OR TIED.
MM INDICATES DATA IS MISSING.
T  INDICATES TRACE AMOUNT.




$$
