000
CDUS43 KDVN 182220
CLICID


CLIMATE REPORT
NATIONAL WEATHER SERVICE QUAD CITIES IA IL
419 PM CST SUN FEB 18 2018


...................................

...THE CEDAR RAPIDS IA CLIMATE SUMMARY FOR FEBRUARY 18 2018...
VALID TODAY AS OF 0400 PM LOCAL TIME.

CLIMATE NORMAL PERIOD 1981 TO 2010
CLIMATE RECORD PERIOD 1891 TO 2018


WEATHER ITEM   OBSERVED TIME   RECORD YEAR NORMAL DEPARTURE LAST
                VALUE   (LST)  VALUE       VALUE  FROM      YEAR
                                                  NORMAL
..................................................................
TEMPERATURE (F)
 TODAY
  MAXIMUM         46    349 PM  65    1981  34     12       63
  MINIMUM         15    511 AM -18    1936  17     -2       31
  AVERAGE         31                        25      6       47

PRECIPITATION (IN)
  TODAY            0.00         MM      MM   0.05  -0.05     0.00
  MONTH TO DATE    0.39                      0.72  -0.33     0.29
  SINCE DEC 1      1.45                      3.06  -1.61     3.04
  SINCE JAN 1      0.84                      1.64  -0.80     1.79

DEGREE DAYS
 HEATING
  TODAY           34                        40     -6       18
  MONTH TO DATE  850                       761     89      611
  SINCE DEC 1   3502                      3463     39     3145
  SINCE JUL 1   4760                      4909   -149     4062

 COOLING
  TODAY            0                         0      0        0
  MONTH TO DATE    0                         0      0        0
  SINCE DEC 1      0                         0      0        0
  SINCE JAN 1      0                         0      0        0
..................................................................


WIND (MPH)
  HIGHEST WIND SPEED    26   HIGHEST WIND DIRECTION     S (160)
  HIGHEST GUST SPEED    38   HIGHEST GUST DIRECTION     S (160)
  AVERAGE WIND SPEED    12.3


SKY COVER
  POSSIBLE SUNSHINE  MM
  AVERAGE SKY COVER 0.4


WEATHER CONDITIONS
 THE FOLLOWING WEATHER WAS RECORDED TODAY.
  FOG
  FOG W/VISIBILITY <= 1/4 MILE
  HAZE


RELATIVE HUMIDITY (PERCENT)
 HIGHEST    91          1200 AM
 LOWEST     58           200 PM
 AVERAGE    75

..........................................................


THE CEDAR RAPIDS IA CLIMATE NORMALS FOR TOMORROW
                         NORMAL    RECORD    YEAR
 MAXIMUM TEMPERATURE (F)   35        70      2017
 MINIMUM TEMPERATURE (F)   17       -13      1978


SUNRISE AND SUNSET
FEBRUARY 18 2018......SUNRISE   658 AM CST   SUNSET   544 PM CST
FEBRUARY 19 2018......SUNRISE   657 AM CST   SUNSET   545 PM CST


-  INDICATES NEGATIVE NUMBERS.
R  INDICATES RECORD WAS SET OR TIED.
MM INDICATES DATA IS MISSING.
T  INDICATES TRACE AMOUNT.




$$
