000
CDUS43 KDVN 221015
CLICID


CLIMATE REPORT
NATIONAL WEATHER SERVICE QUAD CITIES IA IL
415 AM CST WED NOV 22 2017


...................................

...THE CEDAR RAPIDS IA CLIMATE SUMMARY FOR NOVEMBER 21 2017...

CLIMATE NORMAL PERIOD 1981 TO 2010
CLIMATE RECORD PERIOD 1891 TO 2017


WEATHER ITEM   OBSERVED TIME   RECORD YEAR NORMAL DEPARTURE LAST
                VALUE   (LST)  VALUE       VALUE  FROM      YEAR
                                                  NORMAL
..................................................................
TEMPERATURE (F)
 YESTERDAY
  MAXIMUM         46   1206 AM  67    1990  43      3       42
  MINIMUM         15   1140 PM   0    1937  25    -10       19
  AVERAGE         31                        34     -3       31

PRECIPITATION (IN)
  YESTERDAY        T            MM      MM   0.06  -0.06     0.00
  MONTH TO DATE    0.59                      1.50  -0.91     1.12
  SINCE SEP 1      5.46                      7.28  -1.82    10.81
  SINCE JAN 1     25.48                     32.58  -7.10    39.34

DEGREE DAYS
 HEATING
  YESTERDAY       34                        31      3       34
  MONTH TO DATE  610                       533     77      360
  SINCE SEP 1   1019                      1124   -105      675
  SINCE JUL 1   1030                      1143   -113      679

 COOLING
  YESTERDAY        0                         0      0        0
  MONTH TO DATE    0                         0      0        0
  SINCE SEP 1    148                        80     68      159
  SINCE JAN 1    747                       748     -1      970
..................................................................


WIND (MPH)
  HIGHEST WIND SPEED    31   HIGHEST WIND DIRECTION    NW (320)
  HIGHEST GUST SPEED    41   HIGHEST GUST DIRECTION    NW (310)
  AVERAGE WIND SPEED    15.7


SKY COVER
  POSSIBLE SUNSHINE  MM
  AVERAGE SKY COVER 0.2


WEATHER CONDITIONS
 THE FOLLOWING WEATHER WAS RECORDED YESTERDAY.
  LIGHT RAIN


RELATIVE HUMIDITY (PERCENT)
 HIGHEST    84          1000 PM
 LOWEST     47           200 PM
 AVERAGE    66

..........................................................


THE CEDAR RAPIDS IA CLIMATE NORMALS FOR TODAY
                         NORMAL    RECORD    YEAR
 MAXIMUM TEMPERATURE (F)   43        66      1908
 MINIMUM TEMPERATURE (F)   25        -1      1937


SUNRISE AND SUNSET
NOVEMBER 22 2017......SUNRISE   705 AM CST   SUNSET   441 PM CST
NOVEMBER 23 2017......SUNRISE   706 AM CST   SUNSET   440 PM CST


-  INDICATES NEGATIVE NUMBERS.
R  INDICATES RECORD WAS SET OR TIED.
MM INDICATES DATA IS MISSING.
T  INDICATES TRACE AMOUNT.




$$
