000
CDUS43 KDVN 271021
CLICID


CLIMATE REPORT
NATIONAL WEATHER SERVICE QUAD CITIES IA IL
420 AM CST FRI FEB 27 2015


...................................

...THE CEDAR RAPIDS IA CLIMATE SUMMARY FOR FEBRUARY 26 2015...

CLIMATE NORMAL PERIOD 1981 TO 2010
CLIMATE RECORD PERIOD 1891 TO 2015


WEATHER ITEM   OBSERVED TIME   RECORD YEAR NORMAL DEPARTURE LAST
                VALUE   (LST)  VALUE       VALUE  FROM      YEAR
                                                  NORMAL
..................................................................
TEMPERATURE (F)
 YESTERDAY
  MAXIMUM         13   1228 AM  68    1896  38    -25       20
  MINIMUM        -11R  1159 PM  -8    2014  20    -31       -8
                                      1950
  AVERAGE          1                        29    -28        6

PRECIPITATION (IN)
  YESTERDAY        T            MM      MM   0.05  -0.05     0.00
  MONTH TO DATE    0.48                      1.11  -0.63     1.31
  SINCE DEC 1      1.98                      3.45  -1.47     2.43
  SINCE JAN 1      1.33                      2.03  -0.70     1.75

DEGREE DAYS
 HEATING
  YESTERDAY       64                        36     28       59
  MONTH TO DATE 1343                      1063    280     1381
  SINCE DEC 1   3732                      3765    -33     4483
  SINCE JUL 1   5393                      5211    182     5926

 COOLING
  YESTERDAY        0                         0      0        0
  MONTH TO DATE    0                         0      0        0
  SINCE DEC 1      0                         0      0        0
  SINCE JAN 1      0                         0      0        0
..................................................................


WIND (MPH)
  HIGHEST WIND SPEED    22   HIGHEST WIND DIRECTION    NW (320)
  HIGHEST GUST SPEED    25   HIGHEST GUST DIRECTION    NW (320)
  AVERAGE WIND SPEED    13.9


SKY COVER
  POSSIBLE SUNSHINE  MM
  AVERAGE SKY COVER 0.2


WEATHER CONDITIONS
 THE FOLLOWING WEATHER WAS RECORDED YESTERDAY.
  LIGHT SNOW
  FOG
  HAZE


RELATIVE HUMIDITY (PERCENT)
 HIGHEST    78           900 PM
 LOWEST     63          1100 AM
 AVERAGE    71

..........................................................


THE CEDAR RAPIDS IA CLIMATE NORMALS FOR TODAY
                         NORMAL    RECORD    YEAR
 MAXIMUM TEMPERATURE (F)   38        63      1976
 MINIMUM TEMPERATURE (F)   20       -10      1897


SUNRISE AND SUNSET
FEBRUARY 27 2015......SUNRISE   645 AM CST   SUNSET   554 PM CST
FEBRUARY 28 2015......SUNRISE   644 AM CST   SUNSET   556 PM CST


-  INDICATES NEGATIVE NUMBERS.
R  INDICATES RECORD WAS SET OR TIED.
MM INDICATES DATA IS MISSING.
T  INDICATES TRACE AMOUNT.




$$
