065
CDUS43 KDVN 300911
CLICID


CLIMATE REPORT
NATIONAL WEATHER SERVICE QUAD CITIES IA IL
410 AM CDT TUE AUG 30 2016


...................................

...THE CEDAR RAPIDS IA CLIMATE SUMMARY FOR AUGUST 29 2016...

CLIMATE NORMAL PERIOD 1981 TO 2010
CLIMATE RECORD PERIOD 1891 TO 2016


WEATHER ITEM   OBSERVED TIME   RECORD YEAR NORMAL DEPARTURE LAST
                VALUE   (LST)  VALUE       VALUE  FROM      YEAR
                                                  NORMAL
..................................................................
TEMPERATURE (F)
 YESTERDAY
  MAXIMUM         87    231 PM  97    1925  80      7       75
  MINIMUM         67    401 AM  40    1946  58      9       58
  AVERAGE         77                        69      8       67

PRECIPITATION (IN)
  YESTERDAY        0.05         MM      MM   0.13  -0.08      T
  MONTH TO DATE    7.66                      4.20   3.46     2.02
  SINCE JUN 1     19.85                     13.58   6.27    16.45
  SINCE JAN 1     28.51                     25.02   3.49    25.65

DEGREE DAYS
 HEATING
  YESTERDAY        0                         1     -1        0
  MONTH TO DATE    1                        10     -9       24
  SINCE JUN 1      9                        43    -34       37
  SINCE JUL 1      4                        14    -10       28

 COOLING
  YESTERDAY       12                         5      7        2
  MONTH TO DATE  243                       190     53      136
  SINCE JUN 1    734                       608    126      502
  SINCE JAN 1    794                       657    137      552
..................................................................


WIND (MPH)
  HIGHEST WIND SPEED    14   HIGHEST WIND DIRECTION     E (80)
  HIGHEST GUST SPEED    28   HIGHEST GUST DIRECTION     E (90)
  AVERAGE WIND SPEED     3.9


SKY COVER
  POSSIBLE SUNSHINE  MM
  AVERAGE SKY COVER 0.2


WEATHER CONDITIONS
 THE FOLLOWING WEATHER WAS RECORDED YESTERDAY.
  LIGHT RAIN
  FOG


RELATIVE HUMIDITY (PERCENT)
 HIGHEST   100          1200 AM
 LOWEST     70           200 PM
 AVERAGE    85

..........................................................


THE CEDAR RAPIDS IA CLIMATE NORMALS FOR TODAY
                         NORMAL    RECORD    YEAR
 MAXIMUM TEMPERATURE (F)   80       100      2013
                                             1953
 MINIMUM TEMPERATURE (F)   58        37      1915


SUNRISE AND SUNSET
AUGUST 30 2016........SUNRISE   631 AM CDT   SUNSET   743 PM CDT
AUGUST 31 2016........SUNRISE   632 AM CDT   SUNSET   741 PM CDT


-  INDICATES NEGATIVE NUMBERS.
R  INDICATES RECORD WAS SET OR TIED.
MM INDICATES DATA IS MISSING.
T  INDICATES TRACE AMOUNT.




$$
