000
CDUS43 KDVN 250928
CLICID


CLIMATE REPORT
NATIONAL WEATHER SERVICE QUAD CITIES IA IL
428 AM CDT SAT OCT 25 2014


...................................

...THE CEDAR RAPIDS IA CLIMATE SUMMARY FOR OCTOBER 24 2014...

CLIMATE NORMAL PERIOD 1981 TO 2010
CLIMATE RECORD PERIOD 1891 TO 2014


WEATHER ITEM   OBSERVED TIME   RECORD YEAR NORMAL DEPARTURE LAST
                VALUE   (LST)  VALUE       VALUE  FROM      YEAR
                                                  NORMAL
..................................................................
TEMPERATURE (F)
 YESTERDAY
  MAXIMUM         64    352 PM  82    1899  58      6       42
  MINIMUM         42    445 AM  19    2006  37      5       25
  AVERAGE         53                        48      5       34

PRECIPITATION (IN)
  YESTERDAY        T            MM      MM   0.08  -0.08     0.00
  MONTH TO DATE    2.57                      2.05   0.52     2.45
  SINCE SEP 1      6.12                      5.21   0.91     4.64
  SINCE JAN 1     36.60                     30.51   6.09    34.04

DEGREE DAYS
 HEATING
  YESTERDAY       12                        17     -5       31
  MONTH TO DATE  341                       323     18      311
  SINCE SEP 1    482                       461     21      391
  SINCE JUL 1    501                       480     21      410

 COOLING
  YESTERDAY        0                         0      0        0
  MONTH TO DATE    0                         8     -8       19
  SINCE SEP 1     53                        80    -27      164
  SINCE JAN 1    670                       748    -78      884
..................................................................


WIND (MPH)
  HIGHEST WIND SPEED    16   HIGHEST WIND DIRECTION     S (180)
  HIGHEST GUST SPEED    21   HIGHEST GUST DIRECTION     S (180)
  AVERAGE WIND SPEED     6.5


SKY COVER
  POSSIBLE SUNSHINE  MM
  AVERAGE SKY COVER 1.0


WEATHER CONDITIONS
 THE FOLLOWING WEATHER WAS RECORDED YESTERDAY.
  LIGHT RAIN
  FOG
  FOG W/VISIBILITY <= 1/4 MILE
  HAZE


RELATIVE HUMIDITY (PERCENT)
 HIGHEST   100          1200 AM
 LOWEST     78           300 PM
 AVERAGE    89

..........................................................


THE CEDAR RAPIDS IA CLIMATE NORMALS FOR TODAY
                         NORMAL    RECORD    YEAR
 MAXIMUM TEMPERATURE (F)   58        83      1927
 MINIMUM TEMPERATURE (F)   37        20      1933


SUNRISE AND SUNSET
OCTOBER 25 2014.......SUNRISE   731 AM CDT   SUNSET   610 PM CDT
OCTOBER 26 2014.......SUNRISE   732 AM CDT   SUNSET   609 PM CDT


-  INDICATES NEGATIVE NUMBERS.
R  INDICATES RECORD WAS SET OR TIED.
MM INDICATES DATA IS MISSING.
T  INDICATES TRACE AMOUNT.




$$
