000
CDUS44 KHGX 190724
CLICLL


CLIMATE REPORT
NATIONAL WEATHER SERVICE HOUSTON/GALVESTON TX
222 AM CDT FRI SEP 19 2014


...................................

...THE COLLEGE STATION CLIMATE SUMMARY FOR SEPTEMBER 18 2014...

CLIMATE NORMAL PERIOD 1981 TO 2010
CLIMATE RECORD PERIOD 1902 TO 2014


WEATHER ITEM   OBSERVED TIME   RECORD YEAR NORMAL DEPARTURE LAST
                VALUE   (LST)  VALUE       VALUE  FROM      YEAR
                                                  NORMAL
..................................................................
TEMPERATURE (F)
 YESTERDAY
  MAXIMUM         82   1250 PM 103    1927  90     -8       98
  MINIMUM         75   1159 PM  51    1981  69      6       74
  AVERAGE         79                        79      0       86

PRECIPITATION (IN)
  YESTERDAY        1.19          2.03 2006   0.10   1.09     0.00
  MONTH TO DATE    6.17                      1.96   4.21     0.10
  SINCE SEP 1      6.17                      1.96   4.21     0.10
  SINCE JAN 1     28.94                     27.48   1.46    19.83

SNOWFALL (IN)
  YESTERDAY        0.0
  MONTH TO DATE    0.0
  SINCE JUL 1      0.0

DEGREE DAYS
 HEATING
  YESTERDAY        0                         0      0        0
  MONTH TO DATE    0                         0      0        0
  SINCE SEP 1      0                         0      0        0
  SINCE JUL 1      0                         0      0        0

 COOLING
  YESTERDAY       14                        14      0       21
  MONTH TO DATE  318                       301     17      381
  SINCE SEP 1    318                       301     17      381
  SINCE JAN 1   2525                      2647   -122     2858
..................................................................


WIND (MPH)
  HIGHEST WIND SPEED    17   HIGHEST WIND DIRECTION     S (180)
  HIGHEST GUST SPEED    21   HIGHEST GUST DIRECTION     S (180)
  AVERAGE WIND SPEED     5.4


SKY COVER
  AVERAGE SKY COVER 0.7


WEATHER CONDITIONS
 THE FOLLOWING WEATHER WAS RECORDED YESTERDAY.
  THUNDERSTORM
  HEAVY RAIN
  RAIN
  LIGHT RAIN
  FOG


RELATIVE HUMIDITY (PERCENT)
 HIGHEST    94          1200 AM
 LOWEST     85          1100 AM
 AVERAGE    90

..........................................................


THE COLLEGE STATION CLIMATE NORMALS FOR TODAY
                         NORMAL    RECORD    YEAR
 MAXIMUM TEMPERATURE (F)   90       101      1956
 MINIMUM TEMPERATURE (F)   69        50      1981


SUNRISE AND SUNSET
SEPTEMBER 19 2014.....SUNRISE   712 AM CDT   SUNSET   726 PM CDT
SEPTEMBER 20 2014.....SUNRISE   713 AM CDT   SUNSET   725 PM CDT


-  INDICATES NEGATIVE NUMBERS.
R  INDICATES RECORD WAS SET OR TIED.
MM INDICATES DATA IS MISSING.
T  INDICATES TRACE AMOUNT.




$$
