000
CDUS44 KHGX 310724
CLICLL


CLIMATE REPORT
NATIONAL WEATHER SERVICE HOUSTON/GALVESTON TX
222 AM CDT FRI OCT 31 2014


...................................

...THE COLLEGE STATION CLIMATE SUMMARY FOR OCTOBER 30 2014...

CLIMATE NORMAL PERIOD 1981 TO 2010
CLIMATE RECORD PERIOD 1902 TO 2014


WEATHER ITEM   OBSERVED TIME   RECORD YEAR NORMAL DEPARTURE LAST
                VALUE   (LST)  VALUE       VALUE  FROM      YEAR
                                                  NORMAL
..................................................................
TEMPERATURE (F)
 YESTERDAY
  MAXIMUM         79    416 PM  96    1927  77      2       84
  MINIMUM         56    634 AM  29    1917  56      0       71
  AVERAGE         68                        67      1       78

PRECIPITATION (IN)
  YESTERDAY        0.00          2.18 1929   0.14  -0.14     0.50
  MONTH TO DATE    1.81                      4.79  -2.98     7.60
  SINCE SEP 1      8.38                      7.97   0.41    12.79
  SINCE JAN 1     31.15                     33.49  -2.34    32.52

SNOWFALL (IN)
  YESTERDAY        0.0
  MONTH TO DATE    0.0
  SINCE JUL 1      0.0

DEGREE DAYS
 HEATING
  YESTERDAY        0                         3     -3        0
  MONTH TO DATE    1                        30    -29       19
  SINCE SEP 1      1                        32    -31       19
  SINCE JUL 1      1                        32    -31       19

 COOLING
  YESTERDAY        3                         4     -1       13
  MONTH TO DATE  233                       212     21      196
  SINCE SEP 1    706                       662     44      752
  SINCE JAN 1   2913                      3008    -95     3229
..................................................................


WIND (MPH)
  HIGHEST WIND SPEED    10   HIGHEST WIND DIRECTION     E (110)
  HIGHEST GUST SPEED    14   HIGHEST GUST DIRECTION     E (110)
  AVERAGE WIND SPEED     3.5


SKY COVER
  AVERAGE SKY COVER 0.1


WEATHER CONDITIONS
 THE FOLLOWING WEATHER WAS RECORDED YESTERDAY.
  NO SIGNIFICANT WEATHER WAS OBSERVED.


RELATIVE HUMIDITY (PERCENT)
 HIGHEST    86           400 AM
 LOWEST     35           400 PM
 AVERAGE    61

..........................................................


THE COLLEGE STATION CLIMATE NORMALS FOR TODAY
                         NORMAL    RECORD    YEAR
 MAXIMUM TEMPERATURE (F)   77        90      1916
 MINIMUM TEMPERATURE (F)   56        29      1993


SUNRISE AND SUNSET
OCTOBER 31 2014.......SUNRISE   739 AM CDT   SUNSET   638 PM CDT
NOVEMBER  1 2014......SUNRISE   740 AM CDT   SUNSET   638 PM CDT


-  INDICATES NEGATIVE NUMBERS.
R  INDICATES RECORD WAS SET OR TIED.
MM INDICATES DATA IS MISSING.
T  INDICATES TRACE AMOUNT.




$$
