000
CDUS44 KHGX 262131
CLICLL


CLIMATE REPORT
NATIONAL WEATHER SERVICE HOUSTON/GALVESTON TX
430 PM CDT TUE JUL 26 2016


...................................

...THE COLLEGE STATION CLIMATE SUMMARY FOR JULY 26 2016...
VALID TODAY AS OF 400 PM LOCAL TIME.

CLIMATE NORMAL PERIOD 1981 TO 2010
CLIMATE RECORD PERIOD 1902 TO 2016


WEATHER ITEM   OBSERVED TIME   RECORD YEAR NORMAL DEPARTURE LAST
                VALUE   (LST)  VALUE       VALUE  FROM      YEAR
                                                  NORMAL
..................................................................
TEMPERATURE (F)
 TODAY
  MAXIMUM         95    250 PM 105    1944  96     -1       96
  MINIMUM         74   1201 AM  66    1911  75     -1       76
  AVERAGE         85                        85      0       86

PRECIPITATION (IN)
  TODAY            0.00          3.84 1979   0.06  -0.06     0.00
  MONTH TO DATE    T                         1.83  -1.83     0.20
  SINCE JUN 1      2.58                      6.28  -3.70     5.41
  SINCE JAN 1     27.98                     22.53   5.45    33.18

SNOWFALL (IN)
  TODAY            0.0
  MONTH TO DATE    0.0
  SINCE JUL 1      0.0

DEGREE DAYS
 HEATING
  TODAY            0                         0      0        0
  MONTH TO DATE    0                         0      0        0
  SINCE JUN 1      0                         0      0        0
  SINCE JUL 1      0                         0      0        0

 COOLING
  TODAY           20                        20      0       21
  MONTH TO DATE  575                       509     66      515
  SINCE JUN 1   1111                      1025     86     1020
  SINCE JAN 1   1667                      1613     54     1591
..................................................................


WIND (MPH)
  HIGHEST WIND SPEED    13   HIGHEST WIND DIRECTION    NE (50)
  HIGHEST GUST SPEED    16   HIGHEST GUST DIRECTION     E (110)
  AVERAGE WIND SPEED     6.0


SKY COVER
  AVERAGE SKY COVER 0.3


WEATHER CONDITIONS
 THE FOLLOWING WEATHER WAS RECORDED TODAY.
  NO SIGNIFICANT WEATHER WAS OBSERVED.


RELATIVE HUMIDITY (PERCENT)
 HIGHEST    94          1200 AM
 LOWEST     49           200 PM
 AVERAGE    72

..........................................................


THE COLLEGE STATION CLIMATE NORMALS FOR TOMORROW
                         NORMAL    RECORD    YEAR
 MAXIMUM TEMPERATURE (F)   96       104      1944
 MINIMUM TEMPERATURE (F)   75        67      1911


SUNRISE AND SUNSET
JULY 26 2016..........SUNRISE   640 AM CDT   SUNSET   824 PM CDT
JULY 27 2016..........SUNRISE   641 AM CDT   SUNSET   823 PM CDT


-  INDICATES NEGATIVE NUMBERS.
R  INDICATES RECORD WAS SET OR TIED.
MM INDICATES DATA IS MISSING.
T  INDICATES TRACE AMOUNT.




$$
