000
CDUS44 KHGX 050801
CLICLL


CLIMATE REPORT
NATIONAL WEATHER SERVICE HOUSTON/GALVESTON TX
300 AM CDT THU MAY 5 2016


...................................

...THE COLLEGE STATION CLIMATE SUMMARY FOR MAY 4 2016...

CLIMATE NORMAL PERIOD 1981 TO 2010
CLIMATE RECORD PERIOD 1902 TO 2016


WEATHER ITEM   OBSERVED TIME   RECORD YEAR NORMAL DEPARTURE LAST
                VALUE   (LST)  VALUE       VALUE  FROM      YEAR
                                                  NORMAL
..................................................................
TEMPERATURE (F)
 YESTERDAY
  MAXIMUM         83    454 PM  96    1947  83      0       84
  MINIMUM         53    545 AM  42    2013  63    -10       63
                                      1954
  AVERAGE         68                        73     -5       74

PRECIPITATION (IN)
  YESTERDAY        0.00          2.65 1975   0.13  -0.13     0.00
  MONTH TO DATE    0.01                      0.52  -0.51     0.00
  SINCE MAR 1      9.86                      6.35   3.51    10.63
  SINCE JAN 1     12.48                     12.44   0.04    18.04

SNOWFALL (IN)
  YESTERDAY        0.0
  MONTH TO DATE    0.0
  SINCE JUL 1      0.0

DEGREE DAYS
 HEATING
  YESTERDAY        0                         0      0        0
  MONTH TO DATE    2                         0      2        0
  SINCE MAR 1    101                       219   -118      227
  SINCE JUL 1   1148                      1606   -458     1768

 COOLING
  YESTERDAY        3                         8     -5        9
  MONTH TO DATE   13                        32    -19       25
  SINCE MAR 1    259                       243     16      263
  SINCE JAN 1    284                       271     13      264
..................................................................


WIND (MPH)
  HIGHEST WIND SPEED    17   HIGHEST WIND DIRECTION     N (340)
  HIGHEST GUST SPEED    23   HIGHEST GUST DIRECTION     N (340)
  AVERAGE WIND SPEED     5.4


SKY COVER
  AVERAGE SKY COVER 0.0


WEATHER CONDITIONS
 THE FOLLOWING WEATHER WAS RECORDED YESTERDAY.
  NO SIGNIFICANT WEATHER WAS OBSERVED.


RELATIVE HUMIDITY (PERCENT)
 HIGHEST    93           300 AM
 LOWEST     34           500 PM
 AVERAGE    64

..........................................................


THE COLLEGE STATION CLIMATE NORMALS FOR TODAY
                         NORMAL    RECORD    YEAR
 MAXIMUM TEMPERATURE (F)   83        96      1947
 MINIMUM TEMPERATURE (F)   64        46      2013
                                             1944


SUNRISE AND SUNSET
MAY  5 2016...........SUNRISE   638 AM CDT   SUNSET   807 PM CDT
MAY  6 2016...........SUNRISE   637 AM CDT   SUNSET   807 PM CDT


-  INDICATES NEGATIVE NUMBERS.
R  INDICATES RECORD WAS SET OR TIED.
MM INDICATES DATA IS MISSING.
T  INDICATES TRACE AMOUNT.




$$
