000
CDUS44 KHGX 232139
CLICLL


CLIMATE REPORT
NATIONAL WEATHER SERVICE HOUSTON/GALVESTON TX
430 PM CDT THU OCT 23 2014


...................................

...THE COLLEGE STATION CLIMATE SUMMARY FOR OCTOBER 23 2014...
VALID TODAY AS OF 400 PM LOCAL TIME.

CLIMATE NORMAL PERIOD 1981 TO 2010
CLIMATE RECORD PERIOD 1902 TO 2014


WEATHER ITEM   OBSERVED TIME   RECORD YEAR NORMAL DEPARTURE LAST
                VALUE   (LST)  VALUE       VALUE  FROM      YEAR
                                                  NORMAL
..................................................................
TEMPERATURE (F)
 TODAY
  MAXIMUM         80    256 PM  91    1988  79      1       81
  MINIMUM         63    719 AM  38    1937  58      5       50
  AVERAGE         72                        69      3       66

PRECIPITATION (IN)
  TODAY            T             1.96 1953   0.17  -0.17     0.00
  MONTH TO DATE    1.81                      3.71  -1.90     5.70
  SINCE SEP 1      8.38                      6.89   1.49    10.89
  SINCE JAN 1     31.15                     32.41  -1.26    30.62

SNOWFALL (IN)
  TODAY            0.0
  MONTH TO DATE    0.0
  SINCE JUL 1      0.0

DEGREE DAYS
 HEATING
  TODAY            0                         2     -2        0
  MONTH TO DATE    1                        14    -13       19
  SINCE SEP 1      1                        16    -15       19
  SINCE JUL 1      1                        16    -15       19

 COOLING
  TODAY            7                         5      2        1
  MONTH TO DATE  190                       178     12      156
  SINCE SEP 1    663                       628     35      712
  SINCE JAN 1   2870                      2974   -104     3189
..................................................................


WIND (MPH)
  HIGHEST WIND SPEED     9   HIGHEST WIND DIRECTION     N (20)
  HIGHEST GUST SPEED    12   HIGHEST GUST DIRECTION     N (10)
  AVERAGE WIND SPEED     4.3


SKY COVER
  AVERAGE SKY COVER 0.3


WEATHER CONDITIONS
 THE FOLLOWING WEATHER WAS RECORDED TODAY.
  LIGHT RAIN


RELATIVE HUMIDITY (PERCENT)
 HIGHEST    73          1200 AM
 LOWEST     42           300 PM
 AVERAGE    58

..........................................................


THE COLLEGE STATION CLIMATE NORMALS FOR TOMORROW
                         NORMAL    RECORD    YEAR
 MAXIMUM TEMPERATURE (F)   79        93      2001
 MINIMUM TEMPERATURE (F)   58        36      1917


SUNRISE AND SUNSET
OCTOBER 23 2014.......SUNRISE   733 AM CDT   SUNSET   646 PM CDT
OCTOBER 24 2014.......SUNRISE   734 AM CDT   SUNSET   645 PM CDT


-  INDICATES NEGATIVE NUMBERS.
R  INDICATES RECORD WAS SET OR TIED.
MM INDICATES DATA IS MISSING.
T  INDICATES TRACE AMOUNT.


$$
