000
CDUS44 KHGX 180734
CLICLL


CLIMATE REPORT
NATIONAL WEATHER SERVICE HOUSTON/GALVESTON TX
133 AM CST WED JAN 18 2017


...................................

...THE COLLEGE STATION CLIMATE SUMMARY FOR JANUARY 17 2017...

CLIMATE NORMAL PERIOD 1981 TO 2010
CLIMATE RECORD PERIOD 1902 TO 2017


WEATHER ITEM   OBSERVED TIME   RECORD YEAR NORMAL DEPARTURE LAST
                VALUE   (LST)  VALUE       VALUE  FROM      YEAR
                                                  NORMAL
..................................................................
TEMPERATURE (F)
 YESTERDAY
  MAXIMUM         59    139 AM  79    1999  61     -2       57
  MINIMUM         53   1159 PM   0    1930  41     12       30
  AVERAGE         56                        51      5       44

PRECIPITATION (IN)
  YESTERDAY        0.64          1.24 1956   0.11   0.53     0.00
  MONTH TO DATE    2.64                      1.75   0.89     1.27
  SINCE DEC 1      5.41                      4.98   0.43     9.35
  SINCE JAN 1      2.64                      1.75   0.89     1.27

SNOWFALL (IN)
  YESTERDAY        0.0
  MONTH TO DATE    T
  SINCE JUL 1      T

DEGREE DAYS
 HEATING
  YESTERDAY        9                        14     -5       21
  MONTH TO DATE  170                       251    -81      266
  SINCE DEC 1    489                       662   -173      521
  SINCE JUL 1    558                       887   -329      668

 COOLING
  YESTERDAY        0                         0      0        0
  MONTH TO DATE   33                         0     33        0
  SINCE DEC 1     77                        16     61       36
  SINCE JAN 1     33                         0     33        0
..................................................................


WIND (MPH)
  HIGHEST WIND SPEED    18   HIGHEST WIND DIRECTION    NE (30)
  HIGHEST GUST SPEED    22   HIGHEST GUST DIRECTION    NE (30)
  AVERAGE WIND SPEED    11.5


SKY COVER
  AVERAGE SKY COVER 1.0


WEATHER CONDITIONS
 THE FOLLOWING WEATHER WAS RECORDED YESTERDAY.
  THUNDERSTORM
  HEAVY RAIN
  LIGHT RAIN
  FOG


RELATIVE HUMIDITY (PERCENT)
 HIGHEST   100           700 PM
 LOWEST     93          1200 AM
 AVERAGE    97

..........................................................


THE COLLEGE STATION CLIMATE NORMALS FOR TODAY
                         NORMAL    RECORD    YEAR
 MAXIMUM TEMPERATURE (F)   61        81      2000
 MINIMUM TEMPERATURE (F)   41         2      1930


SUNRISE AND SUNSET
JANUARY 18 2017.......SUNRISE   723 AM CST   SUNSET   550 PM CST
JANUARY 19 2017.......SUNRISE   722 AM CST   SUNSET   551 PM CST


-  INDICATES NEGATIVE NUMBERS.
R  INDICATES RECORD WAS SET OR TIED.
MM INDICATES DATA IS MISSING.
T  INDICATES TRACE AMOUNT.




$$
