000
CDUS42 KGSP 240637
CLICLT

CLIMATE REPORT
NATIONAL WEATHER SERVICE GREENVILLE-SPARTANBURG SC
236 AM EDT SUN SEP 24 2017


...................................

...THE CHARLOTTE NC CLIMATE SUMMARY FOR SEPTEMBER 23 2017...

CLIMATE NORMAL PERIOD 1981 TO 2010
CLIMATE RECORD PERIOD 1878 TO 2017


WEATHER ITEM   OBSERVED TIME   RECORD YEAR NORMAL DEPARTURE LAST
                VALUE   (LST)  VALUE       VALUE  FROM      YEAR
                                                  NORMAL
..................................................................
TEMPERATURE (F)
 YESTERDAY
  MAXIMUM         89    401 PM  97    1931  79     10       86
                                      1895
  MINIMUM         63    530 AM  39    1999  58      5       66
  AVERAGE         76                        68      8       76

PRECIPITATION (IN)
  YESTERDAY        0.00          1.69 1912   0.11  -0.11      T
  MONTH TO DATE    2.72                      2.46   0.26     1.26
  SINCE SEP 1      2.72                      2.46   0.26     1.26
  SINCE JAN 1     37.68                     31.06   6.62    22.80

SNOWFALL (IN)
  YESTERDAY        0.0           0.0    MM   0.0    0.0      0.0
  MONTH TO DATE    0.0                       0.0    0.0      0.0
  SINCE SEP 1      0.0                       0.0    0.0      0.0
  SINCE JUL 1      0.0                       0.0    0.0      0.0
  SNOW DEPTH       0

DEGREE DAYS
 HEATING
  YESTERDAY        0                         1     -1        0
  MONTH TO DATE    9                         8      1        0
  SINCE SEP 1      9                         8      1        0
  SINCE JUL 1      9                         8      1        0

 COOLING
  YESTERDAY       11                         5      6       11
  MONTH TO DATE  163                       173    -10      287
  SINCE SEP 1    163                       173    -10      287
  SINCE JAN 1   1724                      1450    274     2054
..................................................................


WIND (MPH)
  HIGHEST WIND SPEED    14   HIGHEST WIND DIRECTION     E (100)
  HIGHEST GUST SPEED    21   HIGHEST GUST DIRECTION     E (90)
  AVERAGE WIND SPEED     4.7


SKY COVER
  POSSIBLE SUNSHINE  MM
  AVERAGE SKY COVER 0.3


WEATHER CONDITIONS
 THE FOLLOWING WEATHER WAS RECORDED YESTERDAY.
  FOG


RELATIVE HUMIDITY (PERCENT)
 HIGHEST   100           200 AM
 LOWEST     43           300 PM
 AVERAGE    72

..........................................................


THE CHARLOTTE NC CLIMATE NORMALS FOR TODAY
                         NORMAL    RECORD    YEAR
 MAXIMUM TEMPERATURE (F)   79        95      1895
 MINIMUM TEMPERATURE (F)   57        43      1999


SUNRISE AND SUNSET
SEPTEMBER 24 2017.....SUNRISE   713 AM EDT   SUNSET   717 PM EDT
SEPTEMBER 25 2017.....SUNRISE   714 AM EDT   SUNSET   716 PM EDT


-  INDICATES NEGATIVE NUMBERS.
R  INDICATES RECORD WAS SET OR TIED.
MM INDICATES DATA IS MISSING.
T  INDICATES TRACE AMOUNT.




$$
