000
CDUS42 KGSP 240633
CLICLT

CLIMATE REPORT
NATIONAL WEATHER SERVICE GREENVILLE-SPARTANBURG SC
230 AM EDT SUN MAY 24 2015


...................................

...THE CHARLOTTE NC CLIMATE SUMMARY FOR MAY 23 2015...

CLIMATE NORMAL PERIOD 1981 TO 2010
CLIMATE RECORD PERIOD 1878 TO 2015


WEATHER ITEM   OBSERVED TIME   RECORD YEAR NORMAL DEPARTURE LAST
                VALUE   (LST)  VALUE       VALUE  FROM      YEAR
                                                  NORMAL
..................................................................
TEMPERATURE (F)
 YESTERDAY
  MAXIMUM         82    317 PM  98    1941  81      1       88
  MINIMUM         47    535 AM  37    2002  58    -11       63
  AVERAGE         65                        69     -4       76

PRECIPITATION (IN)
  YESTERDAY        0.00          3.16 1916   0.10  -0.10     0.00
  MONTH TO DATE    T                         2.27  -2.27     2.70
  SINCE MAR 1      8.33                      9.32  -0.99    14.52
  SINCE JAN 1     14.15                     16.05  -1.90    21.44

SNOWFALL (IN)
  YESTERDAY        0.0           0.0    MM   0.0    0.0      0.0
  MONTH TO DATE    0.0                       0.0    0.0       T
  SINCE MAR 1      0.0                       0.6   -0.6       T
  SINCE JUL 1      3.1                       4.3   -1.2      9.3
  SNOW DEPTH       0

DEGREE DAYS
 HEATING
  YESTERDAY        0                         1     -1        0
  MONTH TO DATE   15                        47    -32       35
  SINCE MAR 1    483                       680   -197      721
  SINCE JUL 1   3254                      3379   -125     3397

 COOLING
  YESTERDAY        0                         5     -5       11
  MONTH TO DATE  146                        76     70      117
  SINCE MAR 1    209                       113     96      155
  SINCE JAN 1    209                       113     96      156
..................................................................


WIND (MPH)
  HIGHEST WIND SPEED    13   HIGHEST WIND DIRECTION    SE (130)
  HIGHEST GUST SPEED    18   HIGHEST GUST DIRECTION     E (90)
  AVERAGE WIND SPEED     5.7


SKY COVER
  POSSIBLE SUNSHINE  MM
  AVERAGE SKY COVER 0.1


WEATHER CONDITIONS
 THE FOLLOWING WEATHER WAS RECORDED YESTERDAY.
  NO SIGNIFICANT WEATHER WAS OBSERVED.


RELATIVE HUMIDITY (PERCENT)
 HIGHEST    83           600 AM
 LOWEST     21           200 PM
 AVERAGE    52

..........................................................


THE CHARLOTTE NC CLIMATE NORMALS FOR TODAY
                         NORMAL    RECORD    YEAR
 MAXIMUM TEMPERATURE (F)   81        95      1939
                                             1903
 MINIMUM TEMPERATURE (F)   58        43      1931


SUNRISE AND SUNSET
MAY 24 2015...........SUNRISE   614 AM EDT   SUNSET   828 PM EDT
MAY 25 2015...........SUNRISE   614 AM EDT   SUNSET   828 PM EDT


-  INDICATES NEGATIVE NUMBERS.
R  INDICATES RECORD WAS SET OR TIED.
MM INDICATES DATA IS MISSING.
T  INDICATES TRACE AMOUNT.




$$
