000
CDUS42 KGSP 230632
CLICLT

CLIMATE REPORT
NATIONAL WEATHER SERVICE GREENVILLE-SPARTANBURG SC
229 AM EDT WED APR 23 2014


...................................

...THE CHARLOTTE NC CLIMATE SUMMARY FOR APRIL 22 2014...

CLIMATE NORMAL PERIOD 1981 TO 2010
CLIMATE RECORD PERIOD 1878 TO 2014


WEATHER ITEM   OBSERVED TIME   RECORD YEAR NORMAL DEPARTURE LAST
                VALUE   (LST)  VALUE       VALUE  FROM      YEAR
                                                  NORMAL
..................................................................
TEMPERATURE (F)
 YESTERDAY
  MAXIMUM         80   1243 PM  91    1963  74      6       64
                                      1957
  MINIMUM         50    410 AM  33    1978  49      1       42
  AVERAGE         65                        61      4       53

PRECIPITATION (IN)
  YESTERDAY        T             2.28 1882   0.11  -0.11     0.00
  MONTH TO DATE    6.43                      2.25   4.18     1.83
  SINCE MAR 1     10.91                      6.26   4.65     5.27
  SINCE JAN 1     17.83                     12.99   4.84    13.02

SNOWFALL (IN)
  YESTERDAY        0.0           0.0    MM   0.0    0.0      0.0
  MONTH TO DATE    0.0                       0.0    0.0      0.0
  SINCE MAR 1      T                         0.6   -0.6       T
  SINCE JUL 1      9.3                       4.3    5.0      2.7
  SNOW DEPTH       0

DEGREE DAYS
 HEATING
  YESTERDAY        0                         5     -5       12
  MONTH TO DATE  138                       164    -26      126
  SINCE MAR 1    679                       597     82      707
  SINCE JUL 1   3355                      3296     59     3112

 COOLING
  YESTERDAY        0                         1     -1        0
  MONTH TO DATE   22                        21      1       40
  SINCE MAR 1     22                        26     -4       43
  SINCE JAN 1     23                        26     -3       43
..................................................................


WIND (MPH)
  HIGHEST WIND SPEED    15   HIGHEST WIND DIRECTION     W (290)
  HIGHEST GUST SPEED    30   HIGHEST GUST DIRECTION     E (90)
  AVERAGE WIND SPEED     2.9


SKY COVER
  POSSIBLE SUNSHINE  MM
  AVERAGE SKY COVER 0.7


WEATHER CONDITIONS
 THE FOLLOWING WEATHER WAS RECORDED YESTERDAY.
  LIGHT RAIN


RELATIVE HUMIDITY (PERCENT)
 HIGHEST   100          1100 PM
 LOWEST     39          1100 AM
 AVERAGE    70

..........................................................


THE CHARLOTTE NC CLIMATE NORMALS FOR TODAY
                         NORMAL    RECORD    YEAR
 MAXIMUM TEMPERATURE (F)   74        91      1980
                                             1963
                                             1960
 MINIMUM TEMPERATURE (F)   49        35      1986


SUNRISE AND SUNSET
APRIL 23 2014.........SUNRISE   642 AM EDT   SUNSET   803 PM EDT
APRIL 24 2014.........SUNRISE   640 AM EDT   SUNSET   804 PM EDT


-  INDICATES NEGATIVE NUMBERS.
R  INDICATES RECORD WAS SET OR TIED.
MM INDICATES DATA IS MISSING.
T  INDICATES TRACE AMOUNT.




$$
