000
CDUS42 KGSP 240631 RRB
CLICLT

CLIMATE REPORT
NATIONAL WEATHER SERVICE GREENVILLE-SPARTANBURG SC
130 AM EST FRI NOV 24 2017


...................................

...THE CHARLOTTE NC CLIMATE SUMMARY FOR NOVEMBER 23 2017...

CLIMATE NORMAL PERIOD 1981 TO 2010
CLIMATE RECORD PERIOD 1878 TO 2017


WEATHER ITEM   OBSERVED TIME   RECORD YEAR NORMAL DEPARTURE LAST
                VALUE   (LST)  VALUE       VALUE  FROM      YEAR
                                                  NORMAL
..................................................................
TEMPERATURE (F)
 YESTERDAY
  MAXIMUM         57    405 PM  78    1900  60     -3       62
  MINIMUM         33   1053 PM  18    1880  37     -4       28
  AVERAGE         45                        48     -3       45

PRECIPITATION (IN)
  YESTERDAY        0.00          1.72 2014   0.11  -0.11     0.00
  MONTH TO DATE    0.94                      2.37  -1.43     0.05
  SINCE SEP 1      7.61                      9.01  -1.40     8.27
  SINCE JAN 1     42.57                     37.61   4.96    29.81

SNOWFALL (IN)
  YESTERDAY        0.0           0.5  1975   0.0    0.0      0.0
  MONTH TO DATE    0.0                       0.1   -0.1      0.0
  SINCE SEP 1      0.0                       0.1   -0.1      0.0
  SINCE JUL 1      0.0                       0.1   -0.1      0.0
  SNOW DEPTH       0

DEGREE DAYS
 HEATING
  YESTERDAY       20                        17      3       20
  MONTH TO DATE  274                       305    -31      280
  SINCE SEP 1    409                       511   -102      355
  SINCE JUL 1    409                       511   -102      355

 COOLING
  YESTERDAY        0                         0      0        0
  MONTH TO DATE    5                         0      5        1
  SINCE SEP 1    344                       236    108      423
  SINCE JAN 1   1905                      1513    392     2190
..................................................................


WIND (MPH)
  HIGHEST WIND SPEED    12   HIGHEST WIND DIRECTION    NE (40)
  HIGHEST GUST SPEED    17   HIGHEST GUST DIRECTION    NE (60)
  AVERAGE WIND SPEED     4.1


SKY COVER
  POSSIBLE SUNSHINE  MM
  AVERAGE SKY COVER 0.5


WEATHER CONDITIONS
 THE FOLLOWING WEATHER WAS RECORDED YESTERDAY.
  NO SIGNIFICANT WEATHER WAS OBSERVED.


RELATIVE HUMIDITY (PERCENT)
 HIGHEST    89          1100 PM
 LOWEST     32           200 PM
 AVERAGE    61

..........................................................


THE CHARLOTTE NC CLIMATE NORMALS FOR TODAY
                         NORMAL    RECORD    YEAR
 MAXIMUM TEMPERATURE (F)   59        75      1973
                                             1958
 MINIMUM TEMPERATURE (F)   37        16      1970


SUNRISE AND SUNSET
NOVEMBER 24 2017......SUNRISE   708 AM EST   SUNSET   513 PM EST
NOVEMBER 25 2017......SUNRISE   709 AM EST   SUNSET   513 PM EST


-  INDICATES NEGATIVE NUMBERS.
R  INDICATES RECORD WAS SET OR TIED.
MM INDICATES DATA IS MISSING.
T  INDICATES TRACE AMOUNT.




$$
