000
CDUS42 KGSP 250635
CLICLT

CLIMATE REPORT
NATIONAL WEATHER SERVICE GREENVILLE-SPARTANBURG SC
234 AM EDT TUE APR 25 2017


...................................

...THE CHARLOTTE NC CLIMATE SUMMARY FOR APRIL 24 2017...

CLIMATE NORMAL PERIOD 1981 TO 2010
CLIMATE RECORD PERIOD 1878 TO 2017


WEATHER ITEM   OBSERVED TIME   RECORD YEAR NORMAL DEPARTURE LAST
                VALUE   (LST)  VALUE       VALUE  FROM      YEAR
                                                  NORMAL
..................................................................
TEMPERATURE (F)
 YESTERDAY
  MAXIMUM         56    357 PM  96    1925  74    -18       77
  MINIMUM         51    146 AM  36    1893  49      2       48
  AVERAGE         54                        62     -8       63

PRECIPITATION (IN)
  YESTERDAY        1.22          2.33 1937   0.10   1.12     0.00
  MONTH TO DATE    5.52                      2.46   3.06     1.25
  SINCE MAR 1      8.23                      6.47   1.76     2.10
  SINCE JAN 1     15.14                     13.20   1.94     8.88

SNOWFALL (IN)
  YESTERDAY        0.0           0.0    MM   0.0    0.0      0.0
  MONTH TO DATE    0.0                       0.1   -0.1      0.0
  SINCE MAR 1      1.1                       0.7    0.4      0.0
  SINCE JUL 1      2.2                       4.4   -2.2      3.3
  SNOW DEPTH       0

DEGREE DAYS
 HEATING
  YESTERDAY       11                         5      6        2
  MONTH TO DATE   83                       174    -91      152
  SINCE MAR 1    466                       607   -141      383
  SINCE JUL 1   2364                      3306   -942     2525

 COOLING
  YESTERDAY        0                         2     -2        0
  MONTH TO DATE   64                        24     40       19
  SINCE MAR 1     82                        29     53       56
  SINCE JAN 1     87                        29     58       56
..................................................................


WIND (MPH)
  HIGHEST WIND SPEED    26   HIGHEST WIND DIRECTION    NE (50)
  HIGHEST GUST SPEED    34   HIGHEST GUST DIRECTION    NE (40)
  AVERAGE WIND SPEED    11.5


SKY COVER
  POSSIBLE SUNSHINE  MM
  AVERAGE SKY COVER 1.0


WEATHER CONDITIONS
 THE FOLLOWING WEATHER WAS RECORDED YESTERDAY.
  HEAVY RAIN
  RAIN
  LIGHT RAIN
  FOG


RELATIVE HUMIDITY (PERCENT)
 HIGHEST    96           900 AM
 LOWEST     86           100 PM
 AVERAGE    91

..........................................................


THE CHARLOTTE NC CLIMATE NORMALS FOR TODAY
                         NORMAL    RECORD    YEAR
 MAXIMUM TEMPERATURE (F)   74        93      1925
 MINIMUM TEMPERATURE (F)   49        31      2005


SUNRISE AND SUNSET
APRIL 25 2017.........SUNRISE   639 AM EDT   SUNSET   805 PM EDT
APRIL 26 2017.........SUNRISE   638 AM EDT   SUNSET   806 PM EDT


-  INDICATES NEGATIVE NUMBERS.
R  INDICATES RECORD WAS SET OR TIED.
MM INDICATES DATA IS MISSING.
T  INDICATES TRACE AMOUNT.




$$
