706
CDUS42 KGSP 260631 RRA
CLICLT

CLIMATE REPORT
NATIONAL WEATHER SERVICE GREENVILLE-SPARTANBURG SC
230 AM EDT TUE JUL 26 2016


...................................

...THE CHARLOTTE NC CLIMATE SUMMARY FOR JULY 25 2016...

CLIMATE NORMAL PERIOD 1981 TO 2010
CLIMATE RECORD PERIOD 1878 TO 2016


WEATHER ITEM   OBSERVED TIME   RECORD YEAR NORMAL DEPARTURE LAST
                VALUE   (LST)  VALUE       VALUE  FROM      YEAR
                                                  NORMAL
..................................................................
TEMPERATURE (F)
 YESTERDAY
  MAXIMUM         98    308 PM 101    2010  89      9       91
  MINIMUM         76    551 AM  62    1947  68      8       68
  AVERAGE         87                        79      8       80

PRECIPITATION (IN)
  YESTERDAY        0.00          2.34 1937   0.13  -0.13     0.00
  MONTH TO DATE    1.55                      2.87  -1.32     0.98
  SINCE JUN 1      4.37                      6.61  -2.24     3.88
  SINCE JAN 1     19.66                     23.57  -3.91    18.35

SNOWFALL (IN)
  YESTERDAY        0.0           0.0    MM   0.0    0.0      0.0
  MONTH TO DATE    0.0                       0.0    0.0      0.0
  SINCE JUN 1      0.0                       0.0    0.0      0.0
  SINCE JUL 1      0.0                       0.0    0.0      0.0
  SNOW DEPTH       0

DEGREE DAYS
 HEATING
  YESTERDAY        0                         0      0        0
  MONTH TO DATE    0                         0      0        0
  SINCE JUN 1      0                         3     -3        0
  SINCE JUL 1      0                         0      0        0

 COOLING
  YESTERDAY       22                        14      8       15
  MONTH TO DATE  438                       343     95      428
  SINCE JUN 1    848                       654    194      887
  SINCE JAN 1   1093                       817    276     1180
..................................................................


WIND (MPH)
  HIGHEST WIND SPEED    15   HIGHEST WIND DIRECTION    SW (210)
  HIGHEST GUST SPEED    18   HIGHEST GUST DIRECTION    SW (210)
  AVERAGE WIND SPEED     6.9


SKY COVER
  POSSIBLE SUNSHINE  MM
  AVERAGE SKY COVER 0.3


WEATHER CONDITIONS
 THE FOLLOWING WEATHER WAS RECORDED YESTERDAY.
  NO SIGNIFICANT WEATHER WAS OBSERVED.


RELATIVE HUMIDITY (PERCENT)
 HIGHEST    82           600 AM
 LOWEST     38           300 PM
 AVERAGE    60

..........................................................


THE CHARLOTTE NC CLIMATE NORMALS FOR TODAY
                         NORMAL    RECORD    YEAR
 MAXIMUM TEMPERATURE (F)   89       100      2005
                                             1940
                                             1914
 MINIMUM TEMPERATURE (F)   68        60      1904


SUNRISE AND SUNSET
JULY 26 2016..........SUNRISE   629 AM EDT   SUNSET   832 PM EDT
JULY 27 2016..........SUNRISE   629 AM EDT   SUNSET   831 PM EDT


-  INDICATES NEGATIVE NUMBERS.
R  INDICATES RECORD WAS SET OR TIED.
MM INDICATES DATA IS MISSING.
T  INDICATES TRACE AMOUNT.




$$
