000
CDUS42 KGSP 242046
CLICLT

CLIMATE REPORT
NATIONAL WEATHER SERVICE GREENVILLE-SPARTANBURG SC
444 PM EDT TUE MAY 24 2016


...................................

...THE CHARLOTTE NC CLIMATE SUMMARY FOR MAY 24 2016...
VALID TODAY AS OF 400 PM LOCAL TIME.

CLIMATE NORMAL PERIOD 1981 TO 2010
CLIMATE RECORD PERIOD 1878 TO 2016


WEATHER ITEM   OBSERVED TIME   RECORD YEAR NORMAL DEPARTURE LAST
                VALUE   (LST)  VALUE       VALUE  FROM      YEAR
                                                  NORMAL
..................................................................
TEMPERATURE (F)
 TODAY
  MAXIMUM         80    255 PM  95    1939  81     -1       82
                                      1903
  MINIMUM         49    449 AM  43    1931  58     -9       54
  AVERAGE         65                        70     -5       68

PRECIPITATION (IN)
  TODAY            0.00          1.03 2009   0.11  -0.11     0.00
  MONTH TO DATE    4.90                      2.38   2.52      T
  SINCE MAR 1      7.78                      9.43  -1.65     8.33
  SINCE JAN 1     14.56                     16.16  -1.60    14.15

SNOWFALL (IN)
  TODAY            0.0           0.0    MM   0.0    0.0      0.0
  MONTH TO DATE    0.0                       0.0    0.0      0.0
  SINCE MAR 1      0.0                       0.6   -0.6      0.0
  SINCE JUL 1      3.3                       4.3   -1.0      3.1
  SNOW DEPTH       0

DEGREE DAYS
 HEATING
  TODAY            0                         1     -1        0
  MONTH TO DATE   43                        48     -5       15
  SINCE MAR 1    426                       681   -255      483
  SINCE JUL 1   2568                      3380   -812     3254

 COOLING
  TODAY            0                         5     -5        3
  MONTH TO DATE   84                        81      3      149
  SINCE MAR 1    182                       118     64      212
  SINCE JAN 1    182                       118     64      212
..................................................................


WIND (MPH)
  HIGHEST WIND SPEED    12   HIGHEST WIND DIRECTION    SW (230)
  HIGHEST GUST SPEED    21   HIGHEST GUST DIRECTION     W (250)
  AVERAGE WIND SPEED     4.1


SKY COVER
  POSSIBLE SUNSHINE  MM
  AVERAGE SKY COVER 0.3


WEATHER CONDITIONS
 THE FOLLOWING WEATHER WAS RECORDED TODAY.
  NO SIGNIFICANT WEATHER WAS OBSERVED.


RELATIVE HUMIDITY (PERCENT)
 HIGHEST    96           200 AM
 LOWEST     36           300 PM
 AVERAGE    66

..........................................................


THE CHARLOTTE NC CLIMATE NORMALS FOR TOMORROW
                         NORMAL    RECORD    YEAR
 MAXIMUM TEMPERATURE (F)   81        95      1953
                                             1926
 MINIMUM TEMPERATURE (F)   59        41      2013


SUNRISE AND SUNSET
MAY 24 2016...........SUNRISE   614 AM EDT   SUNSET   828 PM EDT
MAY 25 2016...........SUNRISE   613 AM EDT   SUNSET   829 PM EDT


-  INDICATES NEGATIVE NUMBERS.
R  INDICATES RECORD WAS SET OR TIED.
MM INDICATES DATA IS MISSING.
T  INDICATES TRACE AMOUNT.




$$
JPT
