000
CDUS42 KGSP 270641
CLICLT

CLIMATE REPORT
NATIONAL WEATHER SERVICE GREENVILLE-SPARTANBURG SC
141 AM EST SAT DEC 27 2014


...................................

...THE CHARLOTTE NC CLIMATE SUMMARY FOR DECEMBER 26 2014...

CLIMATE NORMAL PERIOD 1981 TO 2010
CLIMATE RECORD PERIOD 1878 TO 2014


WEATHER ITEM   OBSERVED TIME   RECORD YEAR NORMAL DEPARTURE LAST
                VALUE   (LST)  VALUE       VALUE  FROM      YEAR
                                                  NORMAL
..................................................................
TEMPERATURE (F)
 YESTERDAY
  MAXIMUM         59    427 PM  76    1889  51      8       53
  MINIMUM         27    754 AM   6    1983  30     -3       29
  AVERAGE         43                        40      3       41

PRECIPITATION (IN)
  YESTERDAY        0.00          1.72 2012   0.11  -0.11      T
  MONTH TO DATE    1.88                      2.74  -0.86     5.30
  SINCE DEC 1      1.88                      2.74  -0.86     5.30
  SINCE JAN 1     44.77                     41.12   3.65    47.79

SNOWFALL (IN)
  YESTERDAY        0.0           1.6  2010   0.0    0.0      0.0
  MONTH TO DATE    0.0                       0.2   -0.2      0.0
  SINCE DEC 1      0.0                       0.2   -0.2      0.0
  SINCE JUL 1      T                         0.3   -0.3       T
  SNOW DEPTH       0

DEGREE DAYS
 HEATING
  YESTERDAY       22                        24     -2       24
  MONTH TO DATE  495                       576    -81      461
  SINCE DEC 1    495                       576    -81      461
  SINCE JUL 1   1153                      1212    -59     1111

 COOLING
  YESTERDAY        0                         0      0        0
  MONTH TO DATE    0                         0      0        8
  SINCE DEC 1      0                         0      0        8
  SINCE JAN 1   1655                      1517    138     1585
..................................................................


WIND (MPH)
  HIGHEST WIND SPEED     8   HIGHEST WIND DIRECTION     S (180)
  HIGHEST GUST SPEED    10   HIGHEST GUST DIRECTION     S (180)
  AVERAGE WIND SPEED     2.1


SKY COVER
  POSSIBLE SUNSHINE  MM
  AVERAGE SKY COVER 0.2


WEATHER CONDITIONS
 THE FOLLOWING WEATHER WAS RECORDED YESTERDAY.
  FOG


RELATIVE HUMIDITY (PERCENT)
 HIGHEST    92           400 AM
 LOWEST     36           200 PM
 AVERAGE    64

..........................................................


THE CHARLOTTE NC CLIMATE NORMALS FOR TODAY
                         NORMAL    RECORD    YEAR
 MAXIMUM TEMPERATURE (F)   51        72      1971
 MINIMUM TEMPERATURE (F)   30        15      1970
                                             1948
                                             1925


SUNRISE AND SUNSET
DECEMBER 27 2014......SUNRISE   731 AM EST   SUNSET   519 PM EST
DECEMBER 28 2014......SUNRISE   731 AM EST   SUNSET   520 PM EST


-  INDICATES NEGATIVE NUMBERS.
R  INDICATES RECORD WAS SET OR TIED.
MM INDICATES DATA IS MISSING.
T  INDICATES TRACE AMOUNT.




$$
