000
CDUS42 KGSP 270634
CLICLT

CLIMATE REPORT
NATIONAL WEATHER SERVICE GREENVILLE-SPARTANBURG SC
134 AM EST MON FEB 27 2017


...................................

...THE CHARLOTTE NC CLIMATE SUMMARY FOR FEBRUARY 26 2017...

CLIMATE NORMAL PERIOD 1981 TO 2010
CLIMATE RECORD PERIOD 1878 TO 2017


WEATHER ITEM   OBSERVED TIME   RECORD YEAR NORMAL DEPARTURE LAST
                VALUE   (LST)  VALUE       VALUE  FROM      YEAR
                                                  NORMAL
..................................................................
TEMPERATURE (F)
 YESTERDAY
  MAXIMUM         58    448 PM  81    1977  58      0       51
  MINIMUM         33    603 AM   7    1967  35     -2       32
  AVERAGE         46                        46      0       42

PRECIPITATION (IN)
  YESTERDAY        0.00          1.82 1890   0.12  -0.12     0.00
  MONTH TO DATE    1.17                      3.06  -1.89     4.50
  SINCE DEC 1      9.80                      9.72   0.08    15.48
  SINCE JAN 1      6.89                      6.47   0.42     6.78

SNOWFALL (IN)
  YESTERDAY        0.0          11.6  2004   0.0    0.0      0.0
  MONTH TO DATE    0.0                       1.1   -1.1       T
  SINCE DEC 1      1.1                       3.5   -2.4      3.3
  SINCE JUL 1      1.1                       3.6   -2.5      3.3
  SNOW DEPTH       0

DEGREE DAYS
 HEATING
  YESTERDAY       19                        19      0       23
  MONTH TO DATE  299                       556   -257      543
  SINCE DEC 1   1458                      2027   -569     1631
  SINCE JUL 1   1876                      2663   -787     2097

 COOLING
  YESTERDAY        0                         0      0        0
  MONTH TO DATE    5                         0      5        0
  SINCE DEC 1      5                         1      4       12
  SINCE JAN 1      5                         0      5        0
..................................................................


WIND (MPH)
  HIGHEST WIND SPEED    12   HIGHEST WIND DIRECTION    NW (320)
  HIGHEST GUST SPEED    16   HIGHEST GUST DIRECTION    NW (300)
  AVERAGE WIND SPEED     5.3


SKY COVER
  POSSIBLE SUNSHINE  MM
  AVERAGE SKY COVER 0.1


WEATHER CONDITIONS
 THE FOLLOWING WEATHER WAS RECORDED YESTERDAY.
  NO SIGNIFICANT WEATHER WAS OBSERVED.


RELATIVE HUMIDITY (PERCENT)
 HIGHEST    51           700 AM
 LOWEST     17           400 PM
 AVERAGE    34

..........................................................


THE CHARLOTTE NC CLIMATE NORMALS FOR TODAY
                         NORMAL    RECORD    YEAR
 MAXIMUM TEMPERATURE (F)   58        82      2011
 MINIMUM TEMPERATURE (F)   35         7      1963


SUNRISE AND SUNSET
FEBRUARY 27 2017......SUNRISE   656 AM EST   SUNSET   618 PM EST
FEBRUARY 28 2017......SUNRISE   654 AM EST   SUNSET   619 PM EST


-  INDICATES NEGATIVE NUMBERS.
R  INDICATES RECORD WAS SET OR TIED.
MM INDICATES DATA IS MISSING.
T  INDICATES TRACE AMOUNT.




$$
