000
CDUS46 KLOX 180111
CLICMA


CLIMATE REPORT
NATIONAL WEATHER SERVICE LOS ANGELES/OXNARD CA
511 PM PST SUN DEC 17 2017


...................................

...THE CAMARILLO CLIMATE SUMMARY FOR DECEMBER 17 2017...
VALID TODAY AS OF 0500 PM LOCAL TIME.

CLIMATE NORMAL PERIOD 1981 TO 2010
CLIMATE RECORD PERIOD 1923 TO 2017


WEATHER ITEM   OBSERVED TIME   RECORD YEAR NORMAL DEPARTURE LAST
                VALUE   (LST)  VALUE       VALUE  FROM      YEAR
                                                  NORMAL
..................................................................
TEMPERATURE (F)
 TODAY
  MAXIMUM         71    310 PM  87    1980  65      6       59
  MINIMUM         58    748 AM  30    1924  42     16       38
  AVERAGE         65                        53     12       49

PRECIPITATION (IN)
  TODAY            0.00          1.29 1948   0.06  -0.06     0.00
  MONTH TO DATE    0.00                      0.71  -0.71     0.96
  SINCE OCT 1      0.07                      2.65  -2.58     2.44
  SINCE JAN 1     14.87                     13.87   1.00     7.86

SNOWFALL (IN)
  TODAY            0.0
  MONTH TO DATE    0.0
  SINCE DEC 1      0.0
  SINCE JUL 1      0.0

DEGREE DAYS
 HEATING
  TODAY            0                        12    -12       16
  MONTH TO DATE   39                       189   -150      148
  SINCE DEC 1     39                       189   -150      148
  SINCE JUL 1    126                       521   -395      311

 COOLING
  TODAY            0                         0      0        0
  MONTH TO DATE   27                         0     27        0
  SINCE DEC 1     27                         0     27        0
  SINCE JAN 1    898                       330    568      729
..................................................................


WIND (MPH)
  HIGHEST WIND SPEED    44   HIGHEST WIND DIRECTION    NE (50)
  HIGHEST GUST SPEED    57   HIGHEST GUST DIRECTION    NE (50)
  AVERAGE WIND SPEED    26.6


SKY COVER
  POSSIBLE SUNSHINE  MM
  AVERAGE SKY COVER 0.0


WEATHER CONDITIONS
 THE FOLLOWING WEATHER WAS RECORDED TODAY.
  HAZE


RELATIVE HUMIDITY (PERCENT)
 HIGHEST    23          1200 AM
 LOWEST     11           100 PM
 AVERAGE    17

..........................................................


THE CAMARILLO CLIMATE NORMALS FOR TOMORROW
                         NORMAL    RECORD    YEAR
 MAXIMUM TEMPERATURE (F)   65        83      1985
 MINIMUM TEMPERATURE (F)   42        30      1924


SUNRISE AND SUNSET
DECEMBER 17 2017......SUNRISE   656 AM PST   SUNSET   449 PM PST
DECEMBER 18 2017......SUNRISE   657 AM PST   SUNSET   449 PM PST


-  INDICATES NEGATIVE NUMBERS.
R  INDICATES RECORD WAS SET OR TIED.
MM INDICATES DATA IS MISSING.
T  INDICATES TRACE AMOUNT.




$$
