000
CDUS46 KLOX 010117
CLICMA


CLIMATE REPORT
NATIONAL WEATHER SERVICE LOS ANGELES/OXNARD CA
616 PM PDT TUE SEP 30 2014


...................................

...THE CAMARILLO CLIMATE SUMMARY FOR SEPTEMBER 30 2014...
VALID TODAY AS OF 0600 PM LOCAL TIME.

CLIMATE NORMAL PERIOD 1981 TO 2010
CLIMATE RECORD PERIOD 1948 TO 2014


WEATHER ITEM   OBSERVED TIME   RECORD YEAR NORMAL DEPARTURE LAST
                VALUE   (LST)  VALUE       VALUE  FROM      YEAR
                                                  NORMAL
..................................................................
TEMPERATURE (F)
 TODAY
  MAXIMUM         82    132 PM  94    1965  75      7       78
  MINIMUM         54    541 AM  46    1964  55     -1       50
  AVERAGE         68                        65      3       64

PRECIPITATION (IN)
  TODAY            0.00          0.65 1983   0.02  -0.02     0.00
  MONTH TO DATE    T                         0.18  -0.18     0.00
  SINCE JUL 1      0.03                      0.24  -0.21     0.04
  SINCE JAN 1      4.22                     11.22  -7.00     2.19

SNOWFALL (IN)
  TODAY            0.0
  MONTH TO DATE    0.0
  SINCE SEP 1      0.0
  SINCE JUL 1      0.0

DEGREE DAYS
 HEATING
  TODAY            0                         1     -1        1
  MONTH TO DATE    0                        12    -12        2
  SINCE SEP 1      0                        17    -17        2
  SINCE JUL 1      0                        32    -32        5

 COOLING
  TODAY            3                         2      1        0
  MONTH TO DATE  253                        71    182      113
  SINCE SEP 1    253                        71    182      113
  SINCE JAN 1    890                       283    607      582
..................................................................


WIND (MPH)
  HIGHEST WIND SPEED    13   HIGHEST WIND DIRECTION    SW (240)
  HIGHEST GUST SPEED    MM   HIGHEST GUST DIRECTION    MM
  AVERAGE WIND SPEED     4.0


SKY COVER
  POSSIBLE SUNSHINE  MM
  AVERAGE SKY COVER 0.0


WEATHER CONDITIONS
 THE FOLLOWING WEATHER WAS RECORDED TODAY.
  NO SIGNIFICANT WEATHER WAS OBSERVED.


RELATIVE HUMIDITY (PERCENT)
 HIGHEST    77           200 AM
 LOWEST     39           200 PM
 AVERAGE    58

..........................................................


THE CAMARILLO CLIMATE NORMALS FOR TOMORROW
                         NORMAL    RECORD    YEAR
 MAXIMUM TEMPERATURE (F)   75        95      1965
 MINIMUM TEMPERATURE (F)   55        46      1971


SUNRISE AND SUNSET
SEPTEMBER 30 2014.....SUNRISE   650 AM PDT   SUNSET   642 PM PDT
OCTOBER  1 2014.......SUNRISE   651 AM PDT   SUNSET   640 PM PDT


-  INDICATES NEGATIVE NUMBERS.
R  INDICATES RECORD WAS SET OR TIED.
MM INDICATES DATA IS MISSING.
T  INDICATES TRACE AMOUNT.




$$
