000
CDUS46 KLOX 020901
CLICMA


CLIMATE REPORT
NATIONAL WEATHER SERVICE LOS ANGELES/OXNARD CA
201 AM PDT TUE SEP 2 2014


...................................

...THE CAMARILLO AIRPORT CA CLIMATE SUMMARY FOR SEPTEMBER 1 2014...

CLIMATE NORMAL PERIOD 1981 TO 2010
CLIMATE RECORD PERIOD 1948 TO 2014


WEATHER ITEM   OBSERVED TIME   RECORD YEAR NORMAL DEPARTURE LAST
                VALUE   (LST)  VALUE       VALUE  FROM      YEAR
                                                  NORMAL
..................................................................
TEMPERATURE (F)
 YESTERDAY
  MAXIMUM         84    227 PM 100    1955  77      7       83
  MINIMUM         65    608 AM  50    1970  59      6       69
  AVERAGE         75                        68      7       76

PRECIPITATION (IN)
  YESTERDAY        0.00          0.10 1967   0.00   0.00     0.00
  MONTH TO DATE    0.00                      0.00   0.00     0.00
  SINCE JUL 1      0.03                      0.06  -0.03     0.04
  SINCE JAN 1      4.22                     11.04  -6.82     2.19

SNOWFALL (IN)
  YESTERDAY        0.0
  MONTH TO DATE    0.0
  SINCE SEP 1      0.0
  SINCE JUL 1      0.0

DEGREE DAYS
 HEATING
  YESTERDAY        0                         0      0        0
  MONTH TO DATE    0                         0      0        0
  SINCE SEP 1      0                         0      0        0
  SINCE JUL 1      0                        15    -15        3

 COOLING
  YESTERDAY       10                         3      7       11
  MONTH TO DATE   10                         3      7       11
  SINCE SEP 1     10                         3      7       11
  SINCE JAN 1    647                       215    432      480
..................................................................


WIND (MPH)
  HIGHEST WIND SPEED    13   HIGHEST WIND DIRECTION     W (270)
  HIGHEST GUST SPEED    19   HIGHEST GUST DIRECTION    SW (220)
  AVERAGE WIND SPEED     4.8


SKY COVER
  POSSIBLE SUNSHINE  MM
  AVERAGE SKY COVER 0.0


WEATHER CONDITIONS
 THE FOLLOWING WEATHER WAS RECORDED YESTERDAY.
  NO SIGNIFICANT WEATHER WAS OBSERVED.


RELATIVE HUMIDITY (PERCENT)
 HIGHEST    78           900 PM
 LOWEST     51           200 PM
 AVERAGE    65

..........................................................


THE CAMARILLO AIRPORT CA CLIMATE NORMALS FOR TODAY
                         NORMAL    RECORD    YEAR
 MAXIMUM TEMPERATURE (F)   77        98      1955
 MINIMUM TEMPERATURE (F)   59        46      1964


SUNRISE AND SUNSET
SEPTEMBER  2 2014.....SUNRISE   631 AM PDT   SUNSET   721 PM PDT
SEPTEMBER  3 2014.....SUNRISE   631 AM PDT   SUNSET   720 PM PDT


-  INDICATES NEGATIVE NUMBERS.
R  INDICATES RECORD WAS SET OR TIED.
MM INDICATES DATA IS MISSING.
T  INDICATES TRACE AMOUNT.




$$
