000
CDUS46 KLOX 070114
CLICMA


CLIMATE REPORT
NATIONAL WEATHER SERVICE LOS ANGELES/OXNARD CA
514 PM PST FRI MAR 6 2015


...................................

...THE CAMARILLO CLIMATE SUMMARY FOR MARCH 6 2015...
VALID TODAY AS OF 0500 PM LOCAL TIME.

CLIMATE NORMAL PERIOD 1981 TO 2010
CLIMATE RECORD PERIOD 1948 TO 2015


WEATHER ITEM   OBSERVED TIME   RECORD YEAR NORMAL DEPARTURE LAST
                VALUE   (LST)  VALUE       VALUE  FROM      YEAR
                                                  NORMAL
..................................................................
TEMPERATURE (F)
 TODAY
  MAXIMUM         85R   342 PM  82    1979  65     20       69
  MINIMUM         44    439 AM  34    1964  45     -1       54
  AVERAGE         65                        55     10       62

PRECIPITATION (IN)
  TODAY            0.00          1.50 1995   0.15  -0.15     0.00
  MONTH TO DATE    0.52                      1.06  -0.54     0.71
  SINCE OCT 1      8.01                     12.24  -4.23     4.81
  SINCE JAN 1      3.10                      8.24  -5.14     4.03

SNOWFALL (IN)
  TODAY            0.0
  MONTH TO DATE    0.0
  SINCE MAR 1      0.0
  SINCE JUL 1      0.0

DEGREE DAYS
 HEATING
  TODAY            0                        10    -10        3
  MONTH TO DATE   40                        61    -21       31
  SINCE MAR 1     40                        61    -21       31
  SINCE JUL 1    697                      1397   -700      984

 COOLING
  TODAY            0                         0      0        0
  MONTH TO DATE    0                         0      0        0
  SINCE MAR 1      0                         0      0        0
  SINCE JAN 1     39                         9     30       28
..................................................................


WIND (MPH)
  HIGHEST WIND SPEED    MM   HIGHEST WIND DIRECTION    NE (60)
  HIGHEST GUST SPEED    MM   HIGHEST GUST DIRECTION    NE (50)
  AVERAGE WIND SPEED    11.8


SKY COVER
  POSSIBLE SUNSHINE  MM
  AVERAGE SKY COVER 0.0


WEATHER CONDITIONS
 THE FOLLOWING WEATHER WAS RECORDED TODAY.
  NO SIGNIFICANT WEATHER WAS OBSERVED.


RELATIVE HUMIDITY (PERCENT)
 HIGHEST    65          1200 AM
 LOWEST      8           300 PM
 AVERAGE    37

..........................................................


THE CAMARILLO CLIMATE NORMALS FOR TOMORROW
                         NORMAL    RECORD    YEAR
 MAXIMUM TEMPERATURE (F)   65        89      2004
 MINIMUM TEMPERATURE (F)   45        34      1964


SUNRISE AND SUNSET
MARCH  6 2015.........SUNRISE   619 AM PST   SUNSET   557 PM PST
MARCH  7 2015.........SUNRISE   618 AM PST   SUNSET   558 PM PST


-  INDICATES NEGATIVE NUMBERS.
R  INDICATES RECORD WAS SET OR TIED.
MM INDICATES DATA IS MISSING.
T  INDICATES TRACE AMOUNT.




$$
