000
CDUS46 KLOX 300113
CLICMA


CLIMATE REPORT
NATIONAL WEATHER SERVICE LOS ANGELES/OXNARD CA
513 PM PST THU JAN 29 2015


...................................

...THE CAMARILLO CLIMATE SUMMARY FOR JANUARY 29 2015...
VALID TODAY AS OF 0500 PM LOCAL TIME.

CLIMATE NORMAL PERIOD 1981 TO 2010
CLIMATE RECORD PERIOD 1948 TO 2015


WEATHER ITEM   OBSERVED TIME   RECORD YEAR NORMAL DEPARTURE LAST
                VALUE   (LST)  VALUE       VALUE  FROM      YEAR
                                                  NORMAL
..................................................................
TEMPERATURE (F)
 TODAY
  MAXIMUM         79    152 PM  85    1971  66     13       67
  MINIMUM         58    647 AM  30    1979  42     16       45
  AVERAGE         69                        54     15       56

PRECIPITATION (IN)
  TODAY            0.00          2.10 1986   0.07  -0.07     0.00
  MONTH TO DATE    2.09                      3.31  -1.22      T
  SINCE OCT 1      7.00                      7.31  -0.31     0.78
  SINCE JAN 1      2.09                      3.31  -1.22      T

SNOWFALL (IN)
  TODAY            0.0
  MONTH TO DATE    0.0
  SINCE DEC 1      0.0
  SINCE JUL 1      0.0

DEGREE DAYS
 HEATING
  TODAY            0                        11    -11        9
  MONTH TO DATE  176                       319   -143      189
  SINCE DEC 1    404                       668   -264      476
  SINCE JUL 1    491                      1000   -509      700

 COOLING
  TODAY            4                         0      4        0
  MONTH TO DATE   24                         0     24       27
  SINCE DEC 1     28                         2     26       48
  SINCE JAN 1     24                         0     24       27
..................................................................


WIND (MPH)
  HIGHEST WIND SPEED    29   HIGHEST WIND DIRECTION     E (70)
  HIGHEST GUST SPEED    33   HIGHEST GUST DIRECTION     E (70)
  AVERAGE WIND SPEED     9.4


SKY COVER
  POSSIBLE SUNSHINE  MM
  AVERAGE SKY COVER 0.0


WEATHER CONDITIONS
 THE FOLLOWING WEATHER WAS RECORDED TODAY.
  NO SIGNIFICANT WEATHER WAS OBSERVED.


RELATIVE HUMIDITY (PERCENT)
 HIGHEST    67           400 AM
 LOWEST     27           200 PM
 AVERAGE    47

..........................................................


THE CAMARILLO CLIMATE NORMALS FOR TOMORROW
                         NORMAL    RECORD    YEAR
 MAXIMUM TEMPERATURE (F)   66        85      1953
 MINIMUM TEMPERATURE (F)   42        30      1969


SUNRISE AND SUNSET
JANUARY 29 2015.......SUNRISE   656 AM PST   SUNSET   523 PM PST
JANUARY 30 2015.......SUNRISE   655 AM PST   SUNSET   524 PM PST


-  INDICATES NEGATIVE NUMBERS.
R  INDICATES RECORD WAS SET OR TIED.
MM INDICATES DATA IS MISSING.
T  INDICATES TRACE AMOUNT.




$$
