000
CDUS46 KLOX 220913
CLICMA


CLIMATE REPORT
NATIONAL WEATHER SERVICE LOS ANGELES/OXNARD CA
112 AM PST SAT NOV 22 2014


...................................

...THE CAMARILLO AIRPORT CA CLIMATE SUMMARY FOR NOVEMBER 21 2014...

CLIMATE NORMAL PERIOD 1981 TO 2010
CLIMATE RECORD PERIOD 1948 TO 2014


WEATHER ITEM   OBSERVED TIME   RECORD YEAR NORMAL DEPARTURE LAST
                VALUE   (LST)  VALUE       VALUE  FROM      YEAR
                                                  NORMAL
..................................................................
TEMPERATURE (F)
 YESTERDAY
  MAXIMUM         72    247 PM  88    2002  70      2       64
  MINIMUM         50    614 AM  34    1962  45      5       57
  AVERAGE         61                        57      4       61

PRECIPITATION (IN)
  YESTERDAY        0.00          1.78 1996   0.05  -0.05     0.19
  MONTH TO DATE    0.05                      1.03  -0.98     0.40
  SINCE JUL 1      0.79                      1.90  -1.11     0.44
  SINCE JAN 1      4.98                     12.88  -7.90     2.59

SNOWFALL (IN)
  YESTERDAY        0.0
  MONTH TO DATE    0.0
  SINCE SEP 1      0.0
  SINCE JUL 1      0.0

DEGREE DAYS
 HEATING
  YESTERDAY        4                         8     -4        4
  MONTH TO DATE   53                       130    -77       66
  SINCE SEP 1     60                       238   -178      173
  SINCE JUL 1     60                       253   -193      176

 COOLING
  YESTERDAY        0                         0      0        0
  MONTH TO DATE   31                        13     18       11
  SINCE SEP 1    369                       117    252      165
  SINCE JAN 1   1006                       329    677      634
..................................................................


WIND (MPH)
  HIGHEST WIND SPEED    14   HIGHEST WIND DIRECTION     W (280)
  HIGHEST GUST SPEED    26   HIGHEST GUST DIRECTION    SW (240)
  AVERAGE WIND SPEED     4.6


SKY COVER
  POSSIBLE SUNSHINE  MM
  AVERAGE SKY COVER 0.1


WEATHER CONDITIONS
 THE FOLLOWING WEATHER WAS RECORDED YESTERDAY.
  NO SIGNIFICANT WEATHER WAS OBSERVED.


RELATIVE HUMIDITY (PERCENT)
 HIGHEST    96           500 AM
 LOWEST     38           200 PM
 AVERAGE    67

..........................................................


THE CAMARILLO AIRPORT CA CLIMATE NORMALS FOR TODAY
                         NORMAL    RECORD    YEAR
 MAXIMUM TEMPERATURE (F)   69        87      1954
 MINIMUM TEMPERATURE (F)   45        35      1961


SUNRISE AND SUNSET
NOVEMBER 22 2014......SUNRISE   636 AM PST   SUNSET   449 PM PST
NOVEMBER 23 2014......SUNRISE   637 AM PST   SUNSET   448 PM PST


-  INDICATES NEGATIVE NUMBERS.
R  INDICATES RECORD WAS SET OR TIED.
MM INDICATES DATA IS MISSING.
T  INDICATES TRACE AMOUNT.




$$
