000
CDUS46 KLOX 201232
CLICMA


CLIMATE REPORT
NATIONAL WEATHER SERVICE LOS ANGELES/OXNARD CA
532 AM PDT SAT SEP 20 2014


...................................

...THE CAMARILLO AIRPORT CA CLIMATE SUMMARY FOR SEPTEMBER 19 2014...

CLIMATE NORMAL PERIOD 1981 TO 2010
CLIMATE RECORD PERIOD 1948 TO 2014


WEATHER ITEM   OBSERVED TIME   RECORD YEAR NORMAL DEPARTURE LAST
                VALUE   (LST)  VALUE       VALUE  FROM      YEAR
                                                  NORMAL
..................................................................
TEMPERATURE (F)
 YESTERDAY
  MAXIMUM         80    241 PM  85    1979  77      3       74
  MINIMUM         66   1133 PM  46    1954  57      9       57
  AVERAGE         73                        67      6       66

PRECIPITATION (IN)
  YESTERDAY        0.00          0.37 1963   0.00   0.00     0.00
  MONTH TO DATE    T                         0.08  -0.08     0.00
  SINCE JUL 1      0.03                      0.14  -0.11     0.04
  SINCE JAN 1      4.22                     11.12  -6.90     2.19

SNOWFALL (IN)
  YESTERDAY        0.0
  MONTH TO DATE    0.0
  SINCE SEP 1      0.0
  SINCE JUL 1      0.0

DEGREE DAYS
 HEATING
  YESTERDAY        0                         1     -1        0
  MONTH TO DATE    0                         1     -1        0
  SINCE SEP 1      0                         1     -1        0
  SINCE JUL 1      0                        16    -16        3

 COOLING
  YESTERDAY        8                         2      6        1
  MONTH TO DATE  185                        51    134       94
  SINCE SEP 1    185                        51    134       94
  SINCE JAN 1    822                       263    559      563
..................................................................


WIND (MPH)
  HIGHEST WIND SPEED    14   HIGHEST WIND DIRECTION    SW (220)
  HIGHEST GUST SPEED    20   HIGHEST GUST DIRECTION    SW (230)
  AVERAGE WIND SPEED     4.1


SKY COVER
  POSSIBLE SUNSHINE  MM
  AVERAGE SKY COVER 0.3


WEATHER CONDITIONS
 THE FOLLOWING WEATHER WAS RECORDED YESTERDAY.
  NO SIGNIFICANT WEATHER WAS OBSERVED.


RELATIVE HUMIDITY (PERCENT)
 HIGHEST    78           100 AM
 LOWEST     51          1200 PM
 AVERAGE    65

..........................................................


THE CAMARILLO AIRPORT CA CLIMATE NORMALS FOR TODAY
                         NORMAL    RECORD    YEAR
 MAXIMUM TEMPERATURE (F)   76        85      1979
 MINIMUM TEMPERATURE (F)   57        43      1954


SUNRISE AND SUNSET
SEPTEMBER 20 2014.....SUNRISE   643 AM PDT   SUNSET   656 PM PDT
SEPTEMBER 21 2014.....SUNRISE   644 AM PDT   SUNSET   654 PM PDT


-  INDICATES NEGATIVE NUMBERS.
R  INDICATES RECORD WAS SET OR TIED.
MM INDICATES DATA IS MISSING.
T  INDICATES TRACE AMOUNT.




$$
