000
CDUS46 KLOX 200901
CLICMA


CLIMATE REPORT
NATIONAL WEATHER SERVICE LOS ANGELES/OXNARD CA
201 AM PDT WED AUG 20 2014


...................................

...THE CAMARILLO AIRPORT CA CLIMATE SUMMARY FOR AUGUST 19 2014...

CLIMATE NORMAL PERIOD 1981 TO 2010
CLIMATE RECORD PERIOD 1948 TO 2014


WEATHER ITEM   OBSERVED TIME   RECORD YEAR NORMAL DEPARTURE LAST
                VALUE   (LST)  VALUE       VALUE  FROM      YEAR
                                                  NORMAL
..................................................................
TEMPERATURE (F)
 YESTERDAY
  MAXIMUM         78    118 PM  82    2012  77      1       74
  MINIMUM         62    539 AM  50    1999  59      3       60
  AVERAGE         70                        68      2       67

PRECIPITATION (IN)
  YESTERDAY        0.00          0.70 1983   0.00   0.00     0.00
  MONTH TO DATE    0.03                      0.02   0.01     0.00
  SINCE JUL 1      0.03                      0.04  -0.01     0.04
  SINCE JAN 1      4.22                     11.02  -6.80     2.19

SNOWFALL (IN)
  YESTERDAY        0.0
  MONTH TO DATE    0.0
  SINCE JUN 1      0.0
  SINCE JUL 1      0.0

DEGREE DAYS
 HEATING
  YESTERDAY        0                         0      0        0
  MONTH TO DATE    0                         0      0        1
  SINCE JUN 1     12                        53    -41        3
  SINCE JUL 1      0                        10    -10        3

 COOLING
  YESTERDAY        5                         3      2        2
  MONTH TO DATE  121                        57     64       35
  SINCE JUN 1    391                       151    240      298
  SINCE JAN 1    539                       182    357      404
..................................................................


WIND (MPH)
  HIGHEST WIND SPEED    15   HIGHEST WIND DIRECTION    SW (220)
  HIGHEST GUST SPEED    MM   HIGHEST GUST DIRECTION    MM
  AVERAGE WIND SPEED     5.9


SKY COVER
  POSSIBLE SUNSHINE  MM
  AVERAGE SKY COVER 0.5


WEATHER CONDITIONS
 THE FOLLOWING WEATHER WAS RECORDED YESTERDAY.
  NO SIGNIFICANT WEATHER WAS OBSERVED.


RELATIVE HUMIDITY (PERCENT)
 HIGHEST    78          1200 AM
 LOWEST     56          1000 AM
 AVERAGE    67

..........................................................


THE CAMARILLO AIRPORT CA CLIMATE NORMALS FOR TODAY
                         NORMAL    RECORD    YEAR
 MAXIMUM TEMPERATURE (F)   77        83      1986
 MINIMUM TEMPERATURE (F)   59        50      1953


SUNRISE AND SUNSET
AUGUST 20 2014........SUNRISE   621 AM PDT   SUNSET   738 PM PDT
AUGUST 21 2014........SUNRISE   622 AM PDT   SUNSET   736 PM PDT


-  INDICATES NEGATIVE NUMBERS.
R  INDICATES RECORD WAS SET OR TIED.
MM INDICATES DATA IS MISSING.
T  INDICATES TRACE AMOUNT.




$$
