000
CDUS41 KILN 190529
CLICMH


CLIMATE REPORT
NATIONAL WEATHER SERVICE WILMINGTON OH
1227 AM EST SUN FEB 19 2017


...................................

...THE COLUMBUS OH CLIMATE SUMMARY FOR FEBRUARY 18 2017...

CLIMATE NORMAL PERIOD 1981 TO 2010
CLIMATE RECORD PERIOD 1869 TO 2017


WEATHER ITEM   OBSERVED TIME   RECORD YEAR NORMAL DEPARTURE LAST
                VALUE   (LST)  VALUE       VALUE  FROM      YEAR
                                                  NORMAL
..................................................................
TEMPERATURE (F)
 YESTERDAY
  MAXIMUM         66R   407 PM  63    2011  41     25       36
                                      1994
                                      1948
  MINIMUM         38    735 AM  -7    1936  26     12       25
  AVERAGE         52                        33     19       31

PRECIPITATION (IN)
  YESTERDAY        0.00          0.83 1914   0.08  -0.08     0.00
  MONTH TO DATE    1.12                      1.46  -0.34     1.85
  SINCE DEC 1      7.04                      7.16  -0.12     7.85
  SINCE JAN 1      3.95                      4.19  -0.24     2.97

SNOWFALL (IN)
  YESTERDAY        0.0           3.4  1979   0.1   -0.1      0.0
  MONTH TO DATE    0.6                       3.9   -3.3      7.8
  SINCE DEC 1      7.6                      18.1  -10.5     13.2
  SINCE JUL 1      7.6                      19.2  -11.6     13.2
  SNOW DEPTH       0

DEGREE DAYS
 HEATING
  YESTERDAY       13                        32    -19       34
  MONTH TO DATE  505                       602    -97      651
  SINCE DEC 1   2373                      2680   -307     2401
  SINCE JUL 1   3139                      3694   -555     3206

 COOLING
  YESTERDAY        0                         0      0        0
  MONTH TO DATE    0                         0      0        0
  SINCE DEC 1      0                         0      0        0
  SINCE JAN 1      0                         0      0        0
..................................................................


WIND (MPH)
  RESULTANT WIND SPEED   9   RESULTANT WIND DIRECTION  SW (210)
  HIGHEST WIND SPEED    24   HIGHEST WIND DIRECTION    SW (220)
  HIGHEST GUST SPEED    29   HIGHEST GUST DIRECTION    SW (220)
  AVERAGE WIND SPEED     9.7


SKY COVER
  POSSIBLE SUNSHINE  MM
  AVERAGE SKY COVER 0.5


WEATHER CONDITIONS
 THE FOLLOWING WEATHER WAS RECORDED YESTERDAY.
  NO SIGNIFICANT WEATHER WAS OBSERVED.


RELATIVE HUMIDITY (PERCENT)
 HIGHEST    71          1000 PM
 LOWEST     34           100 PM
 AVERAGE    53

..........................................................


THE COLUMBUS OH CLIMATE NORMALS FOR TODAY
                         NORMAL    RECORD    YEAR
 MAXIMUM TEMPERATURE (F)   42        70      1939
 MINIMUM TEMPERATURE (F)   26        -6      1936


SUNRISE AND SUNSET
FEBRUARY 19 2017......SUNRISE   719 AM EST   SUNSET   612 PM EST
FEBRUARY 20 2017......SUNRISE   717 AM EST   SUNSET   614 PM EST


-  INDICATES NEGATIVE NUMBERS.
R  INDICATES RECORD WAS SET OR TIED.
MM INDICATES DATA IS MISSING.
T  INDICATES TRACE AMOUNT.




$$
