000
CDUS41 KILN 150630
CLICMH


CLIMATE REPORT
NATIONAL WEATHER SERVICE WILMINGTON OH
130 AM EST FRI DEC 15 2017


...................................

...THE COLUMBUS OH CLIMATE SUMMARY FOR DECEMBER 14 2017...

CLIMATE NORMAL PERIOD 1981 TO 2010
CLIMATE RECORD PERIOD 1869 TO 2017


WEATHER ITEM   OBSERVED TIME   RECORD YEAR NORMAL DEPARTURE LAST
                VALUE   (LST)  VALUE       VALUE  FROM      YEAR
                                                  NORMAL
..................................................................
TEMPERATURE (F)
 YESTERDAY
  MAXIMUM         35   1208 AM  65    2015  40     -5       26
                                      1995
                                      1901
  MINIMUM         21   1159 PM  -1    1898  27     -6       11
  AVERAGE         28                        34     -6       19

PRECIPITATION (IN)
  YESTERDAY        T             1.50 1901   0.09  -0.09      T
  MONTH TO DATE    0.70                      1.37  -0.67     1.27
  SINCE DEC 1      0.70                      1.37  -0.67     1.27
  SINCE JAN 1     45.55                     37.71   7.84    35.96

SNOWFALL (IN)
  YESTERDAY        T             5.8  1951   0.2   -0.2       T
  MONTH TO DATE    3.2                       1.8    1.4      4.8
  SINCE DEC 1      3.2                       1.8    1.4      4.8
  SINCE JUL 1      3.2                       2.9    0.3      4.8
  SNOW DEPTH       0

DEGREE DAYS
 HEATING
  YESTERDAY       37                        31      6       46
  MONTH TO DATE  430                       408     22      463
  SINCE DEC 1    430                       408     22      463
  SINCE JUL 1   1349                      1422    -73     1229

 COOLING
  YESTERDAY        0                         0      0        0
  MONTH TO DATE    0                         0      0        0
  SINCE DEC 1      0                         0      0        0
  SINCE JAN 1   1095                      1024     71     1327
..................................................................


WIND (MPH)
  RESULTANT WIND SPEED   7   RESULTANT WIND DIRECTION  NW (330)
  HIGHEST WIND SPEED    32   HIGHEST WIND DIRECTION     W (280)
  HIGHEST GUST SPEED    39   HIGHEST GUST DIRECTION     W (270)
  AVERAGE WIND SPEED     9.9


SKY COVER
  POSSIBLE SUNSHINE  MM
  AVERAGE SKY COVER 0.8


WEATHER CONDITIONS
 THE FOLLOWING WEATHER WAS RECORDED YESTERDAY.
  LIGHT RAIN
  LIGHT SNOW
  FOG


RELATIVE HUMIDITY (PERCENT)
 HIGHEST    84          1000 PM
 LOWEST     63           400 PM
 AVERAGE    74

..........................................................


THE COLUMBUS OH CLIMATE NORMALS FOR TODAY
                         NORMAL    RECORD    YEAR
 MAXIMUM TEMPERATURE (F)   40        64      1971
                                             1948
 MINIMUM TEMPERATURE (F)   27        -4      1958
                                             1951
                                             1914


SUNRISE AND SUNSET
DECEMBER 15 2017......SUNRISE   746 AM EST   SUNSET   507 PM EST
DECEMBER 16 2017......SUNRISE   747 AM EST   SUNSET   508 PM EST


-  INDICATES NEGATIVE NUMBERS.
R  INDICATES RECORD WAS SET OR TIED.
MM INDICATES DATA IS MISSING.
T  INDICATES TRACE AMOUNT.




$$
