000
CDUS41 KILN 050527
CLICMH


CLIMATE REPORT
NATIONAL WEATHER SERVICE WILMINGTON OH
126 AM EDT SUN JUL 5 2015


...................................

...THE COLUMBUS OH CLIMATE SUMMARY FOR JULY 4 2015...

CLIMATE NORMAL PERIOD 1981 TO 2010
CLIMATE RECORD PERIOD 1869 TO 2015


WEATHER ITEM   OBSERVED TIME   RECORD YEAR NORMAL DEPARTURE LAST
                VALUE   (LST)  VALUE       VALUE  FROM      YEAR
                                                  NORMAL
..................................................................
TEMPERATURE (F)
 YESTERDAY
  MAXIMUM         79    440 PM 104    1911  85     -6       78
  MINIMUM         59    603 AM  47    1968  65     -6       57
  AVERAGE         69                        75     -6       68

PRECIPITATION (IN)
  YESTERDAY        0.00          1.38 1984   0.15  -0.15     0.00
  MONTH TO DATE    T                         0.57  -0.57     0.82
  SINCE JUN 1      6.72                      4.58   2.14     6.11
  SINCE JAN 1     22.86                     20.15   2.71    22.96

SNOWFALL (IN)
  YESTERDAY        0.0           0.0    MM   0.0    0.0      0.0
  MONTH TO DATE    0.0                       0.0    0.0      0.0
  SINCE JUN 1      0.0                       0.0    0.0      0.0
  SINCE JUL 1      0.0                       0.0    0.0      0.0
  SNOW DEPTH       0

DEGREE DAYS
 HEATING
  YESTERDAY        0                         0      0        0
  MONTH TO DATE    0                         0      0        0
  SINCE JUN 1     20                        19      1        1
  SINCE JUL 1      0                         0      0        0

 COOLING
  YESTERDAY        4                        10     -6        3
  MONTH TO DATE   15                        40    -25       36
  SINCE JUN 1    235                       256    -21      325
  SINCE JAN 1    388                       338     50      480
..................................................................


WIND (MPH)
  RESULTANT WIND SPEED   4   RESULTANT WIND DIRECTION   N (10)
  HIGHEST WIND SPEED    12   HIGHEST WIND DIRECTION    NW (320)
  HIGHEST GUST SPEED    15   HIGHEST GUST DIRECTION    NW (330)
  AVERAGE WIND SPEED     4.3


SKY COVER
  POSSIBLE SUNSHINE  MM
  AVERAGE SKY COVER 0.4


WEATHER CONDITIONS
 THE FOLLOWING WEATHER WAS RECORDED YESTERDAY.
  FOG
  HAZE


RELATIVE HUMIDITY (PERCENT)
 HIGHEST   100          1200 AM
 LOWEST     45           300 PM
 AVERAGE    73

..........................................................


THE COLUMBUS OH CLIMATE NORMALS FOR TODAY
                         NORMAL    RECORD    YEAR
 MAXIMUM TEMPERATURE (F)   85        98      2012
 MINIMUM TEMPERATURE (F)   65        49      1972
                                             1963


SUNRISE AND SUNSET
JULY  5 2015..........SUNRISE   608 AM EDT   SUNSET   904 PM EDT
JULY  6 2015..........SUNRISE   609 AM EDT   SUNSET   903 PM EDT


-  INDICATES NEGATIVE NUMBERS.
R  INDICATES RECORD WAS SET OR TIED.
MM INDICATES DATA IS MISSING.
T  INDICATES TRACE AMOUNT.




$$
