000
CDUS41 KILN 310548
CLICMH


CLIMATE REPORT
NATIONAL WEATHER SERVICE WILMINGTON OH
147 AM EDT TUE MAY 31 2016


...................................

...THE COLUMBUS OH CLIMATE SUMMARY FOR MAY 30 2016...

CLIMATE NORMAL PERIOD 1981 TO 2010
CLIMATE RECORD PERIOD 1869 TO 2016


WEATHER ITEM   OBSERVED TIME   RECORD YEAR NORMAL DEPARTURE LAST
                VALUE   (LST)  VALUE       VALUE  FROM      YEAR
                                                  NORMAL
..................................................................
TEMPERATURE (F)
 YESTERDAY
  MAXIMUM         84    506 PM  95    1895  77      7       85
  MINIMUM         61    412 AM  36    1984  57      4       68
                                      1961
  AVERAGE         73                        67      6       77

PRECIPITATION (IN)
  YESTERDAY        0.00          1.29 1972   0.15  -0.15     0.25
  MONTH TO DATE    2.74                      4.02  -1.28     3.41
  SINCE MAR 1      9.32                     10.44  -1.12    11.42
  SINCE JAN 1     13.73                     15.42  -1.69    15.99

SNOWFALL (IN)
  YESTERDAY        0.0           0.0    MM   0.0    0.0      0.0
  MONTH TO DATE    0.0                       0.0    0.0      0.0
  SINCE MAR 1      2.6                       5.3   -2.7      5.4
  SINCE JUL 1     17.1                      26.7   -9.6     33.4
  SNOW DEPTH       0

DEGREE DAYS
 HEATING
  YESTERDAY        0                         2     -2        0
  MONTH TO DATE  202                       143     59       85
  SINCE MAR 1   1106                      1230   -124     1264
  SINCE JUL 1   4547                      5225   -678     5818

 COOLING
  YESTERDAY        8                         4      4       12
  MONTH TO DATE   55                        66    -11      153
  SINCE MAR 1     56                        78    -22      153
  SINCE JAN 1     56                        78    -22      153
..................................................................


WIND (MPH)
  RESULTANT WIND SPEED   3   RESULTANT WIND DIRECTION   N (340)
  HIGHEST WIND SPEED    15   HIGHEST WIND DIRECTION    NW (320)
  HIGHEST GUST SPEED    20   HIGHEST GUST DIRECTION     N (340)
  AVERAGE WIND SPEED     3.8


SKY COVER
  POSSIBLE SUNSHINE  MM
  AVERAGE SKY COVER 0.6


WEATHER CONDITIONS
 THE FOLLOWING WEATHER WAS RECORDED YESTERDAY.
  FOG


RELATIVE HUMIDITY (PERCENT)
 HIGHEST   100           300 AM
 LOWEST     34           600 PM
 AVERAGE    67

..........................................................


THE COLUMBUS OH CLIMATE NORMALS FOR TODAY
                         NORMAL    RECORD    YEAR
 MAXIMUM TEMPERATURE (F)   77        96      1895
 MINIMUM TEMPERATURE (F)   57        38      1984


SUNRISE AND SUNSET
MAY 31 2016...........SUNRISE   605 AM EDT   SUNSET   854 PM EDT
JUNE  1 2016..........SUNRISE   605 AM EDT   SUNSET   855 PM EDT


-  INDICATES NEGATIVE NUMBERS.
R  INDICATES RECORD WAS SET OR TIED.
MM INDICATES DATA IS MISSING.
T  INDICATES TRACE AMOUNT.




$$
