000
CDUS41 KILN 270536
CLICMH


CLIMATE REPORT
NATIONAL WEATHER SERVICE WILMINGTON OH
136 AM EDT THU APR 27 2017


...................................

...THE COLUMBUS OH CLIMATE SUMMARY FOR APRIL 26 2017...

CLIMATE NORMAL PERIOD 1981 TO 2010
CLIMATE RECORD PERIOD 1869 TO 2017


WEATHER ITEM   OBSERVED TIME   RECORD YEAR NORMAL DEPARTURE LAST
                VALUE   (LST)  VALUE       VALUE  FROM      YEAR
                                                  NORMAL
..................................................................
TEMPERATURE (F)
 YESTERDAY
  MAXIMUM         85    454 PM  89    1948  67     18       80
                                      1915
  MINIMUM         56    442 AM  26    1972  46     10       50
  AVERAGE         71                        57     14       65

PRECIPITATION (IN)
  YESTERDAY        0.00          1.24 2012   0.11  -0.11      T
  MONTH TO DATE    1.54                      2.95  -1.41     1.99
  SINCE MAR 1      6.93                      5.97   0.96     6.26
  SINCE JAN 1     12.39                     10.95   1.44    10.67

SNOWFALL (IN)
  YESTERDAY        0.0           0.0    MM   0.0    0.0      0.0
  MONTH TO DATE    T                         1.1   -1.1      0.3
  SINCE MAR 1      1.7                       5.3   -3.6      2.6
  SINCE JUL 1      9.3                      26.7  -17.4     17.1
  SNOW DEPTH       0

DEGREE DAYS
 HEATING
  YESTERDAY        0                         9     -9        0
  MONTH TO DATE  188                       338   -150      354
  SINCE MAR 1    861                      1054   -193      858
  SINCE JUL 1   4130                      5049   -919     4299

 COOLING
  YESTERDAY        6                         1      5        0
  MONTH TO DATE   35                         8     27        1
  SINCE MAR 1     37                         8     29        1
  SINCE JAN 1     41                         8     33        1
..................................................................


WIND (MPH)
  RESULTANT WIND SPEED   9   RESULTANT WIND DIRECTION   S (160)
  HIGHEST WIND SPEED    21   HIGHEST WIND DIRECTION     S (190)
  HIGHEST GUST SPEED    27   HIGHEST GUST DIRECTION     S (190)
  AVERAGE WIND SPEED     9.9


SKY COVER
  POSSIBLE SUNSHINE  MM
  AVERAGE SKY COVER 0.5


WEATHER CONDITIONS
 THE FOLLOWING WEATHER WAS RECORDED YESTERDAY.
  HAZE


RELATIVE HUMIDITY (PERCENT)
 HIGHEST    93           300 AM
 LOWEST     31           400 PM
 AVERAGE    62

..........................................................


THE COLUMBUS OH CLIMATE NORMALS FOR TODAY
                         NORMAL    RECORD    YEAR
 MAXIMUM TEMPERATURE (F)   68        88      1990
                                             1986
 MINIMUM TEMPERATURE (F)   46        28      1971


SUNRISE AND SUNSET
APRIL 27 2017.........SUNRISE   636 AM EDT   SUNSET   822 PM EDT
APRIL 28 2017.........SUNRISE   635 AM EDT   SUNSET   823 PM EDT


-  INDICATES NEGATIVE NUMBERS.
R  INDICATES RECORD WAS SET OR TIED.
MM INDICATES DATA IS MISSING.
T  INDICATES TRACE AMOUNT.




$$
