000
CDUS41 KILN 170541
CLICMH


CLIMATE REPORT
NATIONAL WEATHER SERVICE WILMINGTON OH
140 AM EDT THU APR 17 2014


...................................

...THE COLUMBUS OH CLIMATE SUMMARY FOR APRIL 16 2014...

CLIMATE NORMAL PERIOD 1981 TO 2010
CLIMATE RECORD PERIOD 1869 TO 2014


WEATHER ITEM   OBSERVED TIME   RECORD YEAR NORMAL DEPARTURE LAST
                VALUE   (LST)  VALUE       VALUE  FROM      YEAR
                                                  NORMAL
..................................................................
TEMPERATURE (F)
 YESTERDAY
  MAXIMUM         50    459 PM  86    1896  64    -14       79
  MINIMUM         26    517 AM  22    1962  43    -17       57
                                      1935
  AVERAGE         38                        53    -15       68

PRECIPITATION (IN)
  YESTERDAY        0.00          2.23 1998   0.11  -0.11     0.61
  MONTH TO DATE    2.68                      1.80   0.88     1.74
  SINCE MAR 1      5.27                      4.82   0.45     4.86
  SINCE JAN 1     10.06                      9.80   0.26     8.93

SNOWFALL (IN)
  YESTERDAY        0.0           0.4  1945   0.0    0.0      0.0
  MONTH TO DATE    0.9                       0.9    0.0       T
  SINCE MAR 1      5.4                       5.1    0.3     12.2
  SINCE JUL 1     56.4                      26.5   29.9     41.2
  SNOW DEPTH       0

DEGREE DAYS
 HEATING
  YESTERDAY       27                        12     15        0
  MONTH TO DATE  193                       234    -41      203
  SINCE MAR 1   1030                       950     80     1054
  SINCE JUL 1   5414                      4945    469     4912

 COOLING
  YESTERDAY        0                         0      0        3
  MONTH TO DATE    6                         0      6       14
  SINCE MAR 1      6                         0      6       14
  SINCE JAN 1      6                         0      6       14
..................................................................


WIND (MPH)
  RESULTANT WIND SPEED   5   RESULTANT WIND DIRECTION   E (90)
  HIGHEST WIND SPEED    16   HIGHEST WIND DIRECTION     E (100)
  HIGHEST GUST SPEED    21   HIGHEST GUST DIRECTION    SE (150)
  AVERAGE WIND SPEED     7.0


SKY COVER
  POSSIBLE SUNSHINE  MM
  AVERAGE SKY COVER 0.4


WEATHER CONDITIONS
 THE FOLLOWING WEATHER WAS RECORDED YESTERDAY.
  NO SIGNIFICANT WEATHER WAS OBSERVED.


RELATIVE HUMIDITY (PERCENT)
 HIGHEST    69           700 AM
 LOWEST     31           600 PM
 AVERAGE    50

..........................................................


THE COLUMBUS OH CLIMATE NORMALS FOR TODAY
                         NORMAL    RECORD    YEAR
 MAXIMUM TEMPERATURE (F)   64        88      1896
 MINIMUM TEMPERATURE (F)   43        25      1962


SUNRISE AND SUNSET
APRIL 17 2014.........SUNRISE   651 AM EDT   SUNSET   812 PM EDT
APRIL 18 2014.........SUNRISE   649 AM EDT   SUNSET   813 PM EDT


-  INDICATES NEGATIVE NUMBERS.
R  INDICATES RECORD WAS SET OR TIED.
MM INDICATES DATA IS MISSING.
T  INDICATES TRACE AMOUNT.




$$
