000
CDUS41 KILN 290556
CLICMH


CLIMATE REPORT
NATIONAL WEATHER SERVICE WILMINGTON OH
156 AM EDT SUN MAR 29 2015


...................................

...THE COLUMBUS OH CLIMATE SUMMARY FOR MARCH 28 2015...

CLIMATE NORMAL PERIOD 1981 TO 2010
CLIMATE RECORD PERIOD 1869 TO 2015


WEATHER ITEM   OBSERVED TIME   RECORD YEAR NORMAL DEPARTURE LAST
                VALUE   (LST)  VALUE       VALUE  FROM      YEAR
                                                  NORMAL
..................................................................
TEMPERATURE (F)
 YESTERDAY
  MAXIMUM         33    326 PM  83    1910  56    -23       63
  MINIMUM         17    658 AM  15    1955  37    -20       39
  AVERAGE         25                        46    -21       51

PRECIPITATION (IN)
  YESTERDAY        0.00          1.45 2005   0.11  -0.11     0.02
  MONTH TO DATE    3.85                      2.68   1.17     1.35
  SINCE MAR 1      3.85                      2.68   1.17     1.35
  SINCE JAN 1      8.42                      7.66   0.76     6.14

SNOWFALL (IN)
  YESTERDAY        0.0           0.8  1887   0.1   -0.1      0.0
  MONTH TO DATE    5.4                       4.0    1.4      3.3
  SINCE MAR 1      5.4                       4.0    1.4      3.3
  SINCE JUL 1     33.4                      25.4    8.0     54.3
  SNOW DEPTH       0

DEGREE DAYS
 HEATING
  YESTERDAY       40                        19     21       14
  MONTH TO DATE  768                       662    106      769
  SINCE MAR 1    768                       662    106      769
  SINCE JUL 1   5322                      4657    665     5153

 COOLING
  YESTERDAY        0                         0      0        0
  MONTH TO DATE    0                         0      0        0
  SINCE MAR 1      0                         0      0        0
  SINCE JAN 1      0                         0      0        0
..................................................................


WIND (MPH)
  RESULTANT WIND SPEED   8   RESULTANT WIND DIRECTION   N (360)
  HIGHEST WIND SPEED    20   HIGHEST WIND DIRECTION     N (350)
  HIGHEST GUST SPEED    24   HIGHEST GUST DIRECTION     E (80)
  AVERAGE WIND SPEED     8.1


SKY COVER
  POSSIBLE SUNSHINE  MM
  AVERAGE SKY COVER 0.4


WEATHER CONDITIONS
 THE FOLLOWING WEATHER WAS RECORDED YESTERDAY.
  NO SIGNIFICANT WEATHER WAS OBSERVED.


RELATIVE HUMIDITY (PERCENT)
 HIGHEST    84           200 AM
 LOWEST     43           400 PM
 AVERAGE    64

..........................................................


THE COLUMBUS OH CLIMATE NORMALS FOR TODAY
                         NORMAL    RECORD    YEAR
 MAXIMUM TEMPERATURE (F)   57        83      1910
 MINIMUM TEMPERATURE (F)   37        14      1887


SUNRISE AND SUNSET
MARCH 29 2015.........SUNRISE   721 AM EDT   SUNSET   753 PM EDT
MARCH 30 2015.........SUNRISE   719 AM EDT   SUNSET   754 PM EDT


-  INDICATES NEGATIVE NUMBERS.
R  INDICATES RECORD WAS SET OR TIED.
MM INDICATES DATA IS MISSING.
T  INDICATES TRACE AMOUNT.




$$
