000
CDUS41 KILN 240628
CLICMH


CLIMATE REPORT
NATIONAL WEATHER SERVICE WILMINGTON OH
128 AM EST TUE JAN 24 2017


...................................

...THE COLUMBUS OH CLIMATE SUMMARY FOR JANUARY 23 2017...

CLIMATE NORMAL PERIOD 1981 TO 2010
CLIMATE RECORD PERIOD 1869 TO 2017


WEATHER ITEM   OBSERVED TIME   RECORD YEAR NORMAL DEPARTURE LAST
                VALUE   (LST)  VALUE       VALUE  FROM      YEAR
                                                  NORMAL
..................................................................
TEMPERATURE (F)
 YESTERDAY
  MAXIMUM         56    259 AM  68    1967  37     19       31
  MINIMUM         42   1159 PM -15    1936  22     20       16
  AVERAGE         49                        29     20       24

PRECIPITATION (IN)
  YESTERDAY        0.15          1.00 1996   0.09   0.06     0.01
  MONTH TO DATE    2.65                      2.07   0.58     1.07
  SINCE DEC 1      5.74                      5.04   0.70     5.95
  SINCE JAN 1      2.65                      2.07   0.58     1.07

SNOWFALL (IN)
  YESTERDAY        0.0           3.2  1963   0.3   -0.3      0.1
  MONTH TO DATE    0.9                       6.9   -6.0      5.1
  SINCE DEC 1      6.3                      11.9   -5.6      5.1
  SINCE JUL 1      6.3                      13.0   -6.7      5.1
  SNOW DEPTH       0

DEGREE DAYS
 HEATING
  YESTERDAY       16                        36    -20       41
  MONTH TO DATE  613                       821   -208      890
  SINCE DEC 1   1614                      1798   -184     1514
  SINCE JUL 1   2380                      2812   -432     2319

 COOLING
  YESTERDAY        0                         0      0        0
  MONTH TO DATE    0                         0      0        0
  SINCE DEC 1      0                         0      0        0
  SINCE JAN 1      0                         0      0        0
..................................................................


WIND (MPH)
  RESULTANT WIND SPEED  10   RESULTANT WIND DIRECTION  NE (40)
  HIGHEST WIND SPEED    17   HIGHEST WIND DIRECTION    NE (40)
  HIGHEST GUST SPEED    24   HIGHEST GUST DIRECTION    NE (40)
  AVERAGE WIND SPEED    10.0


SKY COVER
  POSSIBLE SUNSHINE  MM
  AVERAGE SKY COVER 1.0


WEATHER CONDITIONS
 THE FOLLOWING WEATHER WAS RECORDED YESTERDAY.
  LIGHT RAIN
  FOG
  HAZE


RELATIVE HUMIDITY (PERCENT)
 HIGHEST   100          1100 PM
 LOWEST     77          1200 AM
 AVERAGE    89

..........................................................


THE COLUMBUS OH CLIMATE NORMALS FOR TODAY
                         NORMAL    RECORD    YEAR
 MAXIMUM TEMPERATURE (F)   37        66      1950
                                             1909
 MINIMUM TEMPERATURE (F)   22       -15      1963


SUNRISE AND SUNSET
JANUARY 24 2017.......SUNRISE   746 AM EST   SUNSET   541 PM EST
JANUARY 25 2017.......SUNRISE   746 AM EST   SUNSET   543 PM EST


-  INDICATES NEGATIVE NUMBERS.
R  INDICATES RECORD WAS SET OR TIED.
MM INDICATES DATA IS MISSING.
T  INDICATES TRACE AMOUNT.




$$
