000
CDUS41 KILN 290623
CLICMH


CLIMATE REPORT
NATIONAL WEATHER SERVICE WILMINGTON OH
223 AM EDT SAT AUG 29 2015


...................................

...THE COLUMBUS OH CLIMATE SUMMARY FOR AUGUST 28 2015...

CLIMATE NORMAL PERIOD 1981 TO 2010
CLIMATE RECORD PERIOD 1869 TO 2015


WEATHER ITEM   OBSERVED TIME   RECORD YEAR NORMAL DEPARTURE LAST
                VALUE   (LST)  VALUE       VALUE  FROM      YEAR
                                                  NORMAL
..................................................................
TEMPERATURE (F)
 YESTERDAY
  MAXIMUM         80    430 PM  97    1948  83     -3       81
  MINIMUM         56    626 AM  44    1887  63     -7       64
  AVERAGE         68                        73     -5       73

PRECIPITATION (IN)
  YESTERDAY        0.00          2.44 2009   0.11  -0.11     0.00
  MONTH TO DATE    3.07                      2.99   0.08     3.06
  SINCE JUN 1     15.20                     11.79   3.41    11.82
  SINCE JAN 1     31.34                     27.36   3.98    28.67

SNOWFALL (IN)
  YESTERDAY        0.0                       0.0    0.0      0.0
  MONTH TO DATE    0.0                       0.0    0.0      0.0
  SINCE JUN 1      0.0                       0.0    0.0      0.0
  SINCE JUL 1      0.0                       0.0    0.0      0.0
  SNOW DEPTH       0

DEGREE DAYS
 HEATING
  YESTERDAY        0                         0      0        0
  MONTH TO DATE    5                         0      5        0
  SINCE JUN 1     25                        19      6        1
  SINCE JUL 1      5                         0      5        0

 COOLING
  YESTERDAY        3                         8     -5        8
  MONTH TO DATE  193                       258    -65      288
  SINCE JUN 1    673                       784   -111      828
  SINCE JAN 1    826                       866    -40      983
..................................................................


WIND (MPH)
  RESULTANT WIND SPEED   1   RESULTANT WIND DIRECTION  SE (120)
  HIGHEST WIND SPEED     8   HIGHEST WIND DIRECTION     S (190)
  HIGHEST GUST SPEED    13   HIGHEST GUST DIRECTION     E (90)
  AVERAGE WIND SPEED     1.4


SKY COVER
  POSSIBLE SUNSHINE  MM
  AVERAGE SKY COVER 0.3


WEATHER CONDITIONS
 THE FOLLOWING WEATHER WAS RECORDED YESTERDAY.
  FOG


RELATIVE HUMIDITY (PERCENT)
 HIGHEST    93           300 AM
 LOWEST     40           600 PM
 AVERAGE    67

..........................................................


THE COLUMBUS OH CLIMATE NORMALS FOR TODAY
                         NORMAL    RECORD    YEAR
 MAXIMUM TEMPERATURE (F)   83        98      1953
 MINIMUM TEMPERATURE (F)   62        39      1965


SUNRISE AND SUNSET
AUGUST 29 2015........SUNRISE   656 AM EDT   SUNSET   808 PM EDT
AUGUST 30 2015........SUNRISE   657 AM EDT   SUNSET   807 PM EDT


-  INDICATES NEGATIVE NUMBERS.
R  INDICATES RECORD WAS SET OR TIED.
MM INDICATES DATA IS MISSING.
T  INDICATES TRACE AMOUNT.




$$
