000
CDUS43 KILX 120650
CLICMI


CLIMATE REPORT
NATIONAL WEATHER SERVICE LINCOLN IL
1244 AM CST TUE DEC 12 2017


...................................

...THE CHAMPAIGN IL AIRPORT CLIMATE SUMMARY FOR DECEMBER 11 2017...

CLIMATE NORMAL PERIOD 1981 TO 2010
CLIMATE RECORD PERIOD 9999 TO 9999


WEATHER ITEM   OBSERVED TIME   RECORD YEAR NORMAL DEPARTURE LAST
                VALUE   (LST)  VALUE       VALUE  FROM      YEAR
                                                  NORMAL
..................................................................
TEMPERATURE (F)
 YESTERDAY
  MAXIMUM         53    254 PM  MM      MM  38     15       37
  MINIMUM         18    214 AM  MM      MM  22     -4       27
  AVERAGE         36                        30      6       32

PRECIPITATION (IN)
  YESTERDAY        T            MM      MM   0.07  -0.07     0.10
  MONTH TO DATE    0.08                      0.90  -0.82     0.52
  SINCE DEC 1      0.08                      0.90  -0.82     0.52
  SINCE JAN 1     31.73                     38.10  -6.37    36.13

DEGREE DAYS
 HEATING
  YESTERDAY       29                        35     -6       33
  MONTH TO DATE  317                       364    -47      366
  SINCE DEC 1    317                       364    -47      366
  SINCE JUL 1   1268                      1528   -260     1099

 COOLING
  YESTERDAY        0                         0      0        0
  MONTH TO DATE    0                         0      0        0
  SINCE DEC 1      0                         0      0        0
  SINCE JAN 1   1126                       945    181     1284
..................................................................


WIND (MPH)
  HIGHEST WIND SPEED    35   HIGHEST WIND DIRECTION    NW (320)
  HIGHEST GUST SPEED    43   HIGHEST GUST DIRECTION    NW (320)
  AVERAGE WIND SPEED    16.6


SKY COVER
  POSSIBLE SUNSHINE  MM
  AVERAGE SKY COVER 0.3


WEATHER CONDITIONS
 THE FOLLOWING WEATHER WAS RECORDED YESTERDAY.
  NO SIGNIFICANT WEATHER WAS OBSERVED.


RELATIVE HUMIDITY (PERCENT)
 HIGHEST    85           800 AM
 LOWEST     32           300 PM
 AVERAGE    59

..........................................................


THE CHAMPAIGN IL AIRPORT CLIMATE NORMALS FOR TODAY
                         NORMAL    RECORD    YEAR
 MAXIMUM TEMPERATURE (F)   37        MM        MM
 MINIMUM TEMPERATURE (F)   22        MM        MM


SUNRISE AND SUNSET
DECEMBER 12 2017......SUNRISE   706 AM CST   SUNSET   428 PM CST
DECEMBER 13 2017......SUNRISE   707 AM CST   SUNSET   428 PM CST


-  INDICATES NEGATIVE NUMBERS.
R  INDICATES RECORD WAS SET OR TIED.
MM INDICATES DATA IS MISSING.
T  INDICATES TRACE AMOUNT.




$$
