000
CDUS43 KILX 220638
CLICMI


CLIMATE REPORT
NATIONAL WEATHER SERVICE LINCOLN IL
137 AM CDT SUN OCT 22 2017


...................................

...THE CHAMPAIGN IL AIRPORT CLIMATE SUMMARY FOR OCTOBER 21 2017...

CLIMATE NORMAL PERIOD 1981 TO 2010
CLIMATE RECORD PERIOD 9999 TO 9999


WEATHER ITEM   OBSERVED TIME   RECORD YEAR NORMAL DEPARTURE LAST
                VALUE   (LST)  VALUE       VALUE  FROM      YEAR
                                                  NORMAL
..................................................................
TEMPERATURE (F)
 YESTERDAY
  MAXIMUM         80    331 PM  MM      MM  63     17       58
  MINIMUM         51    623 AM  MM      MM  41     10       36
  AVERAGE         66                        52     14       47

PRECIPITATION (IN)
  YESTERDAY        0.00         MM      MM   0.11  -0.11     0.00
  MONTH TO DATE    4.66                      2.16   2.50     1.78
  SINCE SEP 1      5.36                      5.44  -0.08     7.87
  SINCE JAN 1     27.46                     32.72  -5.26    32.37

DEGREE DAYS
 HEATING
  YESTERDAY        0                        13    -13       18
  MONTH TO DATE   55                       217   -162       79
  SINCE SEP 1     99                       300   -201       94
  SINCE JUL 1    103                       309   -206      102

 COOLING
  YESTERDAY        1                         0      1        0
  MONTH TO DATE   57                        14     43       47
  SINCE SEP 1    238                       112    126      245
  SINCE JAN 1   1126                       939    187     1266
..................................................................


WIND (MPH)
  HIGHEST WIND SPEED    25   HIGHEST WIND DIRECTION     S (160)
  HIGHEST GUST SPEED    31   HIGHEST GUST DIRECTION    SE (150)
  AVERAGE WIND SPEED    14.0


SKY COVER
  POSSIBLE SUNSHINE  MM
  AVERAGE SKY COVER 0.1


WEATHER CONDITIONS
 THE FOLLOWING WEATHER WAS RECORDED YESTERDAY.
  HAZE


RELATIVE HUMIDITY (PERCENT)
 HIGHEST    83           600 AM
 LOWEST     46          1100 AM
 AVERAGE    65

..........................................................


THE CHAMPAIGN IL AIRPORT CLIMATE NORMALS FOR TODAY
                         NORMAL    RECORD    YEAR
 MAXIMUM TEMPERATURE (F)   63        MM        MM
 MINIMUM TEMPERATURE (F)   40        MM        MM


SUNRISE AND SUNSET
OCTOBER 22 2017.......SUNRISE   711 AM CDT   SUNSET   603 PM CDT
OCTOBER 23 2017.......SUNRISE   712 AM CDT   SUNSET   602 PM CDT


-  INDICATES NEGATIVE NUMBERS.
R  INDICATES RECORD WAS SET OR TIED.
MM INDICATES DATA IS MISSING.
T  INDICATES TRACE AMOUNT.




$$
