000
CDUS43 KILX 310630
CLICMI


CLIMATE REPORT
NATIONAL WEATHER SERVICE LINCOLN IL
129 AM CDT SUN AUG 31 2014


...................................

...THE CHAMPAIGN IL AIRPORT CLIMATE SUMMARY FOR AUGUST 30 2014...

CLIMATE NORMAL PERIOD 1981 TO 2010
CLIMATE RECORD PERIOD 9999 TO 9999


WEATHER ITEM   OBSERVED TIME   RECORD YEAR NORMAL DEPARTURE LAST
                VALUE   (LST)  VALUE       VALUE  FROM      YEAR
                                                  NORMAL
..................................................................
TEMPERATURE (F)
 YESTERDAY
  MAXIMUM         82    412 PM  MM      MM  82      0       94
  MINIMUM         71    553 AM  MM      MM  59     12       65
  AVERAGE         77                        71      6       80

PRECIPITATION (IN)
  YESTERDAY        0.01         MM      MM   0.14  -0.13     0.00
  MONTH TO DATE    1.71                      3.47  -1.76     0.09
  SINCE JUN 1     14.03                     11.98   2.05     8.37
  SINCE JAN 1     28.57                     27.14   1.43    24.05

DEGREE DAYS
 HEATING
  YESTERDAY        0                         0      0        0
  MONTH TO DATE    2                         0      2        7
  SINCE JUN 1      9                        19    -10       28
  SINCE JUL 1      9                         2      7       15

 COOLING
  YESTERDAY       12                         6      6       15
  MONTH TO DATE  251                       224     27      235
  SINCE JUN 1    691                       729    -38      704
  SINCE JAN 1    843                       821     22      836
..................................................................


WIND (MPH)
  HIGHEST WIND SPEED    20   HIGHEST WIND DIRECTION     S (190)
  HIGHEST GUST SPEED    25   HIGHEST GUST DIRECTION     S (190)
  AVERAGE WIND SPEED    11.3


SKY COVER
  POSSIBLE SUNSHINE  MM
  AVERAGE SKY COVER 0.5


WEATHER CONDITIONS
 THE FOLLOWING WEATHER WAS RECORDED YESTERDAY.
  LIGHT RAIN
  FOG


RELATIVE HUMIDITY (PERCENT)
 HIGHEST    93           600 AM
 LOWEST     69           100 PM
 AVERAGE    81

..........................................................


THE CHAMPAIGN IL AIRPORT CLIMATE NORMALS FOR TODAY
                         NORMAL    RECORD    YEAR
 MAXIMUM TEMPERATURE (F)   82        MM        MM
 MINIMUM TEMPERATURE (F)   59        MM        MM


SUNRISE AND SUNSET
AUGUST 31 2014........SUNRISE   620 AM CDT   SUNSET   726 PM CDT
SEPTEMBER  1 2014.....SUNRISE   621 AM CDT   SUNSET   725 PM CDT


-  INDICATES NEGATIVE NUMBERS.
R  INDICATES RECORD WAS SET OR TIED.
MM INDICATES DATA IS MISSING.
T  INDICATES TRACE AMOUNT.




$$
