000
CDUS43 KILX 242127
CLICMI


CLIMATE REPORT
NATIONAL WEATHER SERVICE LINCOLN IL
427 PM CDT FRI MAR 24 2017


...................................

...THE CHAMPAIGN IL AIRPORT CLIMATE SUMMARY FOR MARCH 24 2017...
VALID TODAY AS OF 0400 PM LOCAL TIME.

CLIMATE NORMAL PERIOD 1981 TO 2010
CLIMATE RECORD PERIOD 9999 TO 9999


WEATHER ITEM   OBSERVED TIME   RECORD YEAR NORMAL DEPARTURE LAST
                VALUE   (LST)  VALUE       VALUE  FROM      YEAR
                                                  NORMAL
..................................................................
TEMPERATURE (F)
 TODAY
  MAXIMUM         78    119 PM  MM      MM  55     23       63
  MINIMUM         48    625 AM  MM      MM  33     15       32
  AVERAGE         63                        44     19       48

PRECIPITATION (IN)
  TODAY            0.00         MM      MM   0.11  -0.11     0.22
  MONTH TO DATE    1.38                      2.00  -0.62     1.36
  SINCE MAR 1      1.38                      2.00  -0.62     1.36
  SINCE JAN 1      4.12                      6.07  -1.95     3.02

DEGREE DAYS
 HEATING
  TODAY            2                        21    -19       17
  MONTH TO DATE  590                       616    -26      419
  SINCE MAR 1    590                       616    -26      419
  SINCE JUL 1   4109                      5118  -1009     4106

 COOLING
  TODAY            0                         0      0        0
  MONTH TO DATE    0                         0      0        0
  SINCE MAR 1      0                         0      0        0
  SINCE JAN 1      0                         0      0        0
..................................................................


WIND (MPH)
  HIGHEST WIND SPEED    35   HIGHEST WIND DIRECTION     S (190)
  HIGHEST GUST SPEED    45   HIGHEST GUST DIRECTION    SW (210)
  AVERAGE WIND SPEED    19.9


SKY COVER
  POSSIBLE SUNSHINE  MM
  AVERAGE SKY COVER 0.1


WEATHER CONDITIONS
 THE FOLLOWING WEATHER WAS RECORDED TODAY.
  NO SIGNIFICANT WEATHER WAS OBSERVED.


RELATIVE HUMIDITY (PERCENT)
 HIGHEST    77           500 AM
 LOWEST     43           200 PM
 AVERAGE    60

..........................................................


THE CHAMPAIGN IL AIRPORT CLIMATE NORMALS FOR TOMORROW
                         NORMAL    RECORD    YEAR
 MAXIMUM TEMPERATURE (F)   55        MM        MM
 MINIMUM TEMPERATURE (F)   33        MM        MM


SUNRISE AND SUNSET
MARCH 24 2017.........SUNRISE   650 AM CDT   SUNSET   710 PM CDT
MARCH 25 2017.........SUNRISE   648 AM CDT   SUNSET   711 PM CDT


-  INDICATES NEGATIVE NUMBERS.
R  INDICATES RECORD WAS SET OR TIED.
MM INDICATES DATA IS MISSING.
T  INDICATES TRACE AMOUNT.




$$
