000
CDUS43 KILX 250653
CLICMI


CLIMATE REPORT
NATIONAL WEATHER SERVICE LINCOLN IL
152 AM CDT SUN JUN 25 2017


...................................

...THE CHAMPAIGN IL AIRPORT CLIMATE SUMMARY FOR JUNE 24 2017...

CLIMATE NORMAL PERIOD 1981 TO 2010
CLIMATE RECORD PERIOD 9999 TO 9999


WEATHER ITEM   OBSERVED TIME   RECORD YEAR NORMAL DEPARTURE LAST
                VALUE   (LST)  VALUE       VALUE  FROM      YEAR
                                                  NORMAL
..................................................................
TEMPERATURE (F)
 YESTERDAY
  MAXIMUM         76    412 PM  MM      MM  85     -9       85
  MINIMUM         56   1159 PM  MM      MM  63     -7       64
  AVERAGE         66                        74     -8       75

PRECIPITATION (IN)
  YESTERDAY        0.00         MM      MM   0.13  -0.13     0.00
  MONTH TO DATE    1.10                      3.51  -2.41     5.03
  SINCE JUN 1      1.10                      3.51  -2.41     5.03
  SINCE JAN 1     17.22                     18.67  -1.45    15.54

DEGREE DAYS
 HEATING
  YESTERDAY        0                         0      0        0
  MONTH TO DATE    0                        14    -14        1
  SINCE JUN 1      0                        14    -14        1
  SINCE JUL 1   4572                      5820  -1248     4760

 COOLING
  YESTERDAY        1                         9     -8       10
  MONTH TO DATE  242                       168     74      242
  SINCE JUN 1    242                       168     74      242
  SINCE JAN 1    341                       260     81      342
..................................................................


WIND (MPH)
  HIGHEST WIND SPEED    22   HIGHEST WIND DIRECTION    NW (300)
  HIGHEST GUST SPEED    28   HIGHEST GUST DIRECTION    NW (300)
  AVERAGE WIND SPEED    10.3


SKY COVER
  POSSIBLE SUNSHINE  MM
  AVERAGE SKY COVER 0.1


WEATHER CONDITIONS
 THE FOLLOWING WEATHER WAS RECORDED YESTERDAY.
  NO SIGNIFICANT WEATHER WAS OBSERVED.


RELATIVE HUMIDITY (PERCENT)
 HIGHEST    87           100 AM
 LOWEST     33           400 PM
 AVERAGE    60

..........................................................


THE CHAMPAIGN IL AIRPORT CLIMATE NORMALS FOR TODAY
                         NORMAL    RECORD    YEAR
 MAXIMUM TEMPERATURE (F)   85        MM        MM
 MINIMUM TEMPERATURE (F)   63        MM        MM


SUNRISE AND SUNSET
JUNE 25 2017..........SUNRISE   526 AM CDT   SUNSET   826 PM CDT
JUNE 26 2017..........SUNRISE   526 AM CDT   SUNSET   826 PM CDT


-  INDICATES NEGATIVE NUMBERS.
R  INDICATES RECORD WAS SET OR TIED.
MM INDICATES DATA IS MISSING.
T  INDICATES TRACE AMOUNT.




$$
