000
CDUS43 KILX 010644
CLICMI


CLIMATE REPORT
NATIONAL WEATHER SERVICE LINCOLN IL
143 AM CDT SUN MAY 1 2016


...................................

...THE CHAMPAIGN IL AIRPORT CLIMATE SUMMARY FOR APRIL 30 2016...

CLIMATE NORMAL PERIOD 1981 TO 2010
CLIMATE RECORD PERIOD 9999 TO 9999


WEATHER ITEM   OBSERVED TIME   RECORD YEAR NORMAL DEPARTURE LAST
                VALUE   (LST)  VALUE       VALUE  FROM      YEAR
                                                  NORMAL
..................................................................
TEMPERATURE (F)
 YESTERDAY
  MAXIMUM         61    729 PM  MM      MM  69     -8       59
  MINIMUM         49    129 AM  MM      MM  45      4       35
  AVERAGE         55                        57     -2       47

PRECIPITATION (IN)
  YESTERDAY        0.70         MM      MM   0.17   0.53     0.00
  MONTH TO DATE    3.27                      3.79  -0.52     3.05
  SINCE MAR 1      6.32                      6.54  -0.22     4.15
  SINCE JAN 1      7.98                     10.61  -2.63     5.82

DEGREE DAYS
 HEATING
  YESTERDAY       10                         8      2       18
  MONTH TO DATE  384                       408    -24      333
  SINCE MAR 1    919                      1162   -243     1201
  SINCE JUL 1   4606                      5664  -1058     6077

 COOLING
  YESTERDAY        0                         1     -1        0
  MONTH TO DATE   14                        10      4        3
  SINCE MAR 1     14                        11      3        3
  SINCE JAN 1     14                        11      3        3
..................................................................


WIND (MPH)
  HIGHEST WIND SPEED    24   HIGHEST WIND DIRECTION     E (100)
  HIGHEST GUST SPEED    31   HIGHEST GUST DIRECTION     E (100)
  AVERAGE WIND SPEED    12.3


SKY COVER
  POSSIBLE SUNSHINE  MM
  AVERAGE SKY COVER 0.9


WEATHER CONDITIONS
 THE FOLLOWING WEATHER WAS RECORDED YESTERDAY.
  HEAVY RAIN
  RAIN
  LIGHT RAIN
  FOG
  FOG W/VISIBILITY <= 1/4 MILE


RELATIVE HUMIDITY (PERCENT)
 HIGHEST   100           800 AM
 LOWEST     86          1200 AM
 AVERAGE    93

..........................................................


THE CHAMPAIGN IL AIRPORT CLIMATE NORMALS FOR TODAY
                         NORMAL    RECORD    YEAR
 MAXIMUM TEMPERATURE (F)   70        MM        MM
 MINIMUM TEMPERATURE (F)   46        MM        MM


SUNRISE AND SUNSET
MAY  1 2016...........SUNRISE   553 AM CDT   SUNSET   748 PM CDT
MAY  2 2016...........SUNRISE   551 AM CDT   SUNSET   749 PM CDT


-  INDICATES NEGATIVE NUMBERS.
R  INDICATES RECORD WAS SET OR TIED.
MM INDICATES DATA IS MISSING.
T  INDICATES TRACE AMOUNT.




$$
