000
CDUS43 KTOP 132240
CLICNK


CLIMATE REPORT
NATIONAL WEATHER SERVICE TOPEKA KS
439 PM CST SAT FEB 13 2016


...................................

...THE CONCORDIA KS CLIMATE SUMMARY FOR FEBRUARY 13 2016...
VALID TODAY AS OF 0400 PM LOCAL TIME.

CLIMATE NORMAL PERIOD 1981 TO 2010
CLIMATE RECORD PERIOD 1885 TO 2016


WEATHER ITEM   OBSERVED TIME   RECORD YEAR NORMAL DEPARTURE LAST
                VALUE   (LST)  VALUE       VALUE  FROM      YEAR
                                                  NORMAL
..................................................................
TEMPERATURE (F)
 TODAY
  MAXIMUM         31    359 PM  72    1921  43    -12       58
  MINIMUM         19    901 AM -21    1905  22     -3       20
  AVERAGE         25                        32     -7       39

PRECIPITATION (IN)
  TODAY            0.00          0.84 1911   0.03  -0.03     0.00
  MONTH TO DATE    0.49                      0.34   0.15     0.17
  SINCE DEC 1      4.18                      1.77   2.41     2.08
  SINCE JAN 1      1.54                      0.92   0.62     1.34

SNOWFALL (IN)
  TODAY            0.0           3.1  1978   0.2   -0.2      0.0
  MONTH TO DATE    4.7                       2.8    1.9      0.9
  SINCE JAN 1     12.3                       8.5    3.8      3.2
  SINCE JUL 1     13.6                      15.0   -1.4      9.3
  SNOW DEPTH       0

DEGREE DAYS
 HEATING
  TODAY           40                        33      7       26
  MONTH TO DATE  438                       446     -8      411
  SINCE DEC 1   2402                      2658   -256     2413
  SINCE JUL 1   3170                      3750   -580     3576

 COOLING
  TODAY            0                         0      0        0
  MONTH TO DATE    0                         0      0        0
  SINCE DEC 1      0                         0      0        0
  SINCE JAN 1      0                         0      0        0
..................................................................


WIND (MPH)
  HIGHEST WIND SPEED    18   HIGHEST WIND DIRECTION    SE (120)
  HIGHEST GUST SPEED    23   HIGHEST GUST DIRECTION    SE (130)
  AVERAGE WIND SPEED    11.2



WEATHER CONDITIONS
 THE FOLLOWING WEATHER WAS RECORDED TODAY.
  NO SIGNIFICANT WEATHER WAS OBSERVED.


RELATIVE HUMIDITY (PERCENT)
 HIGHEST    71           100 AM
 LOWEST     32           400 PM
 AVERAGE    52

..........................................................


THE CONCORDIA KS CLIMATE NORMALS FOR TOMORROW
                         NORMAL    RECORD    YEAR
 MAXIMUM TEMPERATURE (F)   43        77      1954
 MINIMUM TEMPERATURE (F)   22       -12      1936


SUNRISE AND SUNSET
FEBRUARY 13 2016......SUNRISE   726 AM CST   SUNSET   604 PM CST
FEBRUARY 14 2016......SUNRISE   725 AM CST   SUNSET   605 PM CST


-  INDICATES NEGATIVE NUMBERS.
R  INDICATES RECORD WAS SET OR TIED.
MM INDICATES DATA IS MISSING.
T  INDICATES TRACE AMOUNT.




$$
