000
CDUS43 KTOP 290634
CLICNK


CLIMATE REPORT
NATIONAL WEATHER SERVICE TOPEKA KS
132 AM CDT THU SEP 29 2016


...................................

...THE CONCORDIA KS CLIMATE SUMMARY FOR SEPTEMBER 28 2016...

CLIMATE NORMAL PERIOD 1981 TO 2010
CLIMATE RECORD PERIOD 1885 TO 2016


WEATHER ITEM   OBSERVED TIME   RECORD YEAR NORMAL DEPARTURE LAST
                VALUE   (LST)  VALUE       VALUE  FROM      YEAR
                                                  NORMAL
..................................................................
TEMPERATURE (F)
 YESTERDAY
  MAXIMUM         72    358 PM 105    1953  75     -3       87
  MINIMUM         50   1159 PM  33    1942  51     -1       62
  AVERAGE         61                        62     -1       75

PRECIPITATION (IN)
  YESTERDAY        0.00          1.84 1986   0.09  -0.09     0.00
  MONTH TO DATE    2.00                      2.73  -0.73     1.21
  SINCE SEP 1      2.00                      2.73  -0.73     1.21
  SINCE JAN 1     27.52                     23.83   3.69    23.17

SNOWFALL (IN)
  YESTERDAY        0.0           0.0    MM   0.0    0.0      0.0
  MONTH TO DATE    0.0                       0.0    0.0      0.0
  SINCE JAN 1     12.3                      13.7   -1.4      5.6
  SINCE JUL 1      0.0                       0.0    0.0      0.0
  SNOW DEPTH       0

DEGREE DAYS
 HEATING
  YESTERDAY        4                         5     -1        0
  MONTH TO DATE   25                        60    -35        8
  SINCE SEP 1     25                        60    -35        8
  SINCE JUL 1     26                        63    -37       10

 COOLING
  YESTERDAY        0                         2     -2       10
  MONTH TO DATE  220                       155     65      298
  SINCE SEP 1    220                       155     65      298
  SINCE JAN 1   1502                      1321    181     1337
..................................................................


WIND (MPH)
  HIGHEST WIND SPEED    20   HIGHEST WIND DIRECTION     N (10)
  HIGHEST GUST SPEED    23   HIGHEST GUST DIRECTION     N (20)
  AVERAGE WIND SPEED     8.4


SKY COVER
  AVERAGE SKY COVER 0.0


WEATHER CONDITIONS
 THE FOLLOWING WEATHER WAS RECORDED YESTERDAY.
  FOG
  HAZE


RELATIVE HUMIDITY (PERCENT)
 HIGHEST    89           400 AM
 LOWEST     37          1100 AM
 AVERAGE    63

..........................................................


THE CONCORDIA KS CLIMATE NORMALS FOR TODAY
                         NORMAL    RECORD    YEAR
 MAXIMUM TEMPERATURE (F)   74        96      1994
 MINIMUM TEMPERATURE (F)   50        29      1984


SUNRISE AND SUNSET
SEPTEMBER 29 2016.....SUNRISE   725 AM CDT   SUNSET   715 PM CDT
SEPTEMBER 30 2016.....SUNRISE   726 AM CDT   SUNSET   714 PM CDT


-  INDICATES NEGATIVE NUMBERS.
R  INDICATES RECORD WAS SET OR TIED.
MM INDICATES DATA IS MISSING.
T  INDICATES TRACE AMOUNT.




$$
