254
CDUS43 KICT 170719
CLICNU

CLIMATE REPORT
NATIONAL WEATHER SERVICE WICHITA KS
117 AM CST SUN DEC 17 2017

...................................

...THE CHANUTE KS CLIMATE SUMMARY FOR DECEMBER 16 2017...

CLIMATE NORMAL PERIOD 1981 TO 2010
CLIMATE RECORD PERIOD 1894 TO 2017


WEATHER ITEM   OBSERVED TIME   RECORD YEAR NORMAL DEPARTURE LAST
                VALUE   (LST)  VALUE       VALUE  FROM      YEAR
                                                  NORMAL
..................................................................
TEMPERATURE (F)
 YESTERDAY
  MAXIMUM         61    240 PM  69    2006  43     18       50
  MINIMUM         35    525 AM  -9    1989  25     10       32
  AVERAGE         48                        34     14       41

PRECIPITATION (IN)
  YESTERDAY        T             0.90 1928   0.06  -0.06      T
  MONTH TO DATE    T                         0.98  -0.98     0.37
  SINCE DEC 1      T                         0.98  -0.98     0.37
  SINCE JAN 1     46.05                     41.30   4.75    36.49

DEGREE DAYS
 HEATING
  YESTERDAY       17                        31    -14       24
  MONTH TO DATE  366                       460    -94      497
  SINCE DEC 1    366                       460    -94      497
  SINCE JUL 1   1067                      1312   -245      975

 COOLING
  YESTERDAY        0                         0      0        0
  MONTH TO DATE    0                         0      0        0
  SINCE DEC 1      0                         0      0        0
  SINCE JAN 1   1619                      1532     87     1846
..................................................................


WIND (MPH)
  HIGHEST WIND SPEED    29   HIGHEST WIND DIRECTION     S (200)
  HIGHEST GUST SPEED    35   HIGHEST GUST DIRECTION     S (200)
  AVERAGE WIND SPEED    14.7


SKY COVER
  AVERAGE SKY COVER 0.0


WEATHER CONDITIONS
 THE FOLLOWING WEATHER WAS RECORDED YESTERDAY.
  LIGHT RAIN


RELATIVE HUMIDITY (PERCENT)
 HIGHEST    59           400 AM
 LOWEST     25           300 PM
 AVERAGE    42

..........................................................


THE CHANUTE KS CLIMATE NORMALS FOR TODAY
                         NORMAL    RECORD    YEAR
 MAXIMUM TEMPERATURE (F)   43        73      1939
 MINIMUM TEMPERATURE (F)   25        -6      2016


SUNRISE AND SUNSET
DECEMBER 17 2017......SUNRISE   731 AM CST   SUNSET   505 PM CST
DECEMBER 18 2017......SUNRISE   732 AM CST   SUNSET   506 PM CST


-  INDICATES NEGATIVE NUMBERS.
R  INDICATES RECORD WAS SET OR TIED.
MM INDICATES DATA IS MISSING.
T  INDICATES TRACE AMOUNT.

$$
