367
CDUS43 KICT 280710
CLICNU


CLIMATE REPORT
NATIONAL WEATHER SERVICE WICHITA KS
110 AM CST TUE FEB 28 2017


...................................

...THE CHANUTE KS CLIMATE SUMMARY FOR FEBRUARY 27 2017...

CLIMATE NORMAL PERIOD 1981 TO 2010
CLIMATE RECORD PERIOD 1894 TO 2017


WEATHER ITEM   OBSERVED TIME   RECORD YEAR NORMAL DEPARTURE LAST
                VALUE   (LST)  VALUE       VALUE  FROM      YEAR
                                                  NORMAL
..................................................................
TEMPERATURE (F)
 YESTERDAY
  MAXIMUM         68    405 PM  80    1976  52     16       74
  MINIMUM         22    333 AM  -1    1934  31     -9       26
  AVERAGE         45                        41      4       50

PRECIPITATION (IN)
  YESTERDAY        0.00          1.20 1915   0.08  -0.08     0.00
  MONTH TO DATE    0.03                      1.82  -1.79     0.30
  SINCE DEC 1      2.65                      4.83  -2.18     4.63
  SINCE JAN 1      1.87                      3.08  -1.21     1.08

DEGREE DAYS
 HEATING
  YESTERDAY       20                        24     -4       15
  MONTH TO DATE  503                       750   -247      611
  SINCE DEC 1   2287                      2697   -410     2297
  SINCE JUL 1   2765                      3549   -784     2940

 COOLING
  YESTERDAY        0                         0      0        0
  MONTH TO DATE    3                         0      3        0
  SINCE DEC 1      3                         0      3        0
  SINCE JAN 1      3                         0      3        0
..................................................................


WIND (MPH)
  HIGHEST WIND SPEED    25   HIGHEST WIND DIRECTION     S (180)
  HIGHEST GUST SPEED    32   HIGHEST GUST DIRECTION     S (180)
  AVERAGE WIND SPEED    11.5


SKY COVER
  POSSIBLE SUNSHINE  MM
  AVERAGE SKY COVER 0.4


WEATHER CONDITIONS
 THE FOLLOWING WEATHER WAS RECORDED YESTERDAY.
  FOG


RELATIVE HUMIDITY (PERCENT)
 HIGHEST   100           200 AM
 LOWEST     39          1200 PM
 AVERAGE    70

..........................................................


THE CHANUTE KS CLIMATE NORMALS FOR TODAY
                         NORMAL    RECORD    YEAR
 MAXIMUM TEMPERATURE (F)   52        81      1932
 MINIMUM TEMPERATURE (F)   31         0      1962


SUNRISE AND SUNSET
FEBRUARY 28 2017......SUNRISE   654 AM CST   SUNSET   615 PM CST
MARCH  1 2017.........SUNRISE   653 AM CST   SUNSET   616 PM CST


-  INDICATES NEGATIVE NUMBERS.
R  INDICATES RECORD WAS SET OR TIED.
MM INDICATES DATA IS MISSING.
T  INDICATES TRACE AMOUNT.




$$
