000
CDUS45 KGJT 190755
CLICNY


CLIMATE REPORT
NATIONAL WEATHER SERVICE GRAND JUNCTION CO
130 AM MDT FRI SEP 19 2014


...................................

...THE CANYONLANDS AIRPORT UT CLIMATE SUMMARY FOR SEPTEMBER 18 2014...

CLIMATE NORMAL PERIOD 1981 TO 2010
CLIMATE RECORD PERIOD 9999 TO 9999


WEATHER ITEM   OBSERVED TIME   RECORD YEAR NORMAL DEPARTURE LAST
                VALUE   (LST)  VALUE       VALUE  FROM      YEAR
                                                  NORMAL
..................................................................
TEMPERATURE (F)
 YESTERDAY
  MAXIMUM         91    451 PM  MM      MM  81     10       88
  MINIMUM         61    558 AM  MM      MM  51     10       63
  AVERAGE         76                        66     10       76

PRECIPITATION (IN)
  YESTERDAY        0.00         MM      MM   0.03  -0.03     0.00
  MONTH TO DATE    0.60                      0.55   0.05     0.77
  SINCE SEP 1      0.60                      0.55   0.05     0.77
  SINCE JAN 1      5.91                      5.93  -0.02     4.67

SNOWFALL (IN)
  YESTERDAY       MM            MM      MM  MM     MM       MM
  MONTH TO DATE   MM                        MM     MM       MM
  SINCE SEP 1     MM                        MM     MM       MM
  SINCE JUL 1     MM                        MM     MM       MM
  SNOW DEPTH      MM

DEGREE DAYS
 HEATING
  YESTERDAY        0                         2     -2        0
  MONTH TO DATE    0                        15    -15        1
  SINCE SEP 1      0                        15    -15        1
  SINCE JUL 1      0                        16    -16        1

 COOLING
  YESTERDAY       11                         3      8       11
  MONTH TO DATE  142                        96     46      162
  SINCE SEP 1    142                        96     46      162
  SINCE JAN 1   1375                      1262    113     1629
..................................................................


WIND (MPH)
  HIGHEST WIND SPEED    12   HIGHEST WIND DIRECTION     W (270)
  HIGHEST GUST SPEED    15   HIGHEST GUST DIRECTION    SE (140)
  AVERAGE WIND SPEED     3.9


SKY COVER
  POSSIBLE SUNSHINE  MM
  AVERAGE SKY COVER 0.0


WEATHER CONDITIONS
 THE FOLLOWING WEATHER WAS RECORDED YESTERDAY.
  NO SIGNIFICANT WEATHER WAS OBSERVED.


RELATIVE HUMIDITY (PERCENT)
 HIGHEST    55           600 AM
 LOWEST     18           600 PM
 AVERAGE    37

..........................................................


THE CANYONLANDS AIRPORT UT CLIMATE NORMALS FOR TODAY
                         NORMAL    RECORD    YEAR
 MAXIMUM TEMPERATURE (F)   81        MM        MM
 MINIMUM TEMPERATURE (F)   51        MM        MM


SUNRISE AND SUNSET
SEPTEMBER 19 2014.....SUNRISE   704 AM MDT   SUNSET   721 PM MDT
SEPTEMBER 20 2014.....SUNRISE   705 AM MDT   SUNSET   719 PM MDT


-  INDICATES NEGATIVE NUMBERS.
R  INDICATES RECORD WAS SET OR TIED.
MM INDICATES DATA IS MISSING.
T  INDICATES TRACE AMOUNT.




$$
