000
CDUS45 KGJT 170857
CLICNY


CLIMATE REPORT
NATIONAL WEATHER SERVICE GRAND JUNCTION CO
146 AM MST TUE JAN 17 2017


...................................

...THE CANYONLANDS AIRPORT UT CLIMATE SUMMARY FOR JANUARY 16 2017...

CLIMATE NORMAL PERIOD 1981 TO 2010
CLIMATE RECORD PERIOD 9999 TO 9999


WEATHER ITEM   OBSERVED TIME   RECORD YEAR NORMAL DEPARTURE LAST
                VALUE   (LST)  VALUE       VALUE  FROM      YEAR
                                                  NORMAL
..................................................................
TEMPERATURE (F)
 YESTERDAY
  MAXIMUM         46    323 PM  MM      MM  38      8       39
  MINIMUM         31   1152 PM  MM      MM  15     16       13
  AVERAGE         39                        27     12       26

PRECIPITATION (IN)
  YESTERDAY        0.00         MM      MM   0.02  -0.02     0.00
  MONTH TO DATE    0.42                      0.38   0.04     0.35
  SINCE DEC 1      0.69                      0.98  -0.29     0.54
  SINCE JAN 1      0.42                      0.38   0.04     0.35

SNOWFALL (IN)
  YESTERDAY       MM            MM      MM  MM     MM       MM
  MONTH TO DATE   MM                        MM     MM       MM
  SINCE DEC 1     MM                        MM     MM       MM
  SINCE JUL 1     MM                        MM     MM       MM
  SNOW DEPTH      MM

DEGREE DAYS
 HEATING
  YESTERDAY       26                        38    -12       39
  MONTH TO DATE  539                       632    -93      665
  SINCE DEC 1   1591                      1820   -229     1863
  SINCE JUL 1   2360                      3029   -669     2792

 COOLING
  YESTERDAY        0                         0      0        0
  MONTH TO DATE    0                         0      0        0
  SINCE DEC 1      0                         0      0        0
  SINCE JAN 1      0                         0      0        0
..................................................................


WIND (MPH)
  HIGHEST WIND SPEED    16   HIGHEST WIND DIRECTION     E (70)
  HIGHEST GUST SPEED    19   HIGHEST GUST DIRECTION     E (90)
  AVERAGE WIND SPEED     4.1


SKY COVER
  POSSIBLE SUNSHINE  MM
  AVERAGE SKY COVER 0.3


WEATHER CONDITIONS
 THE FOLLOWING WEATHER WAS RECORDED YESTERDAY.
  NO SIGNIFICANT WEATHER WAS OBSERVED.


RELATIVE HUMIDITY (PERCENT)
 HIGHEST   100          1200 AM
 LOWEST     42           300 PM
 AVERAGE    71

..........................................................


THE CANYONLANDS AIRPORT UT CLIMATE NORMALS FOR TODAY
                         NORMAL    RECORD    YEAR
 MAXIMUM TEMPERATURE (F)   38        MM        MM
 MINIMUM TEMPERATURE (F)   16        MM        MM


SUNRISE AND SUNSET
JANUARY 17 2017.......SUNRISE   735 AM MST   SUNSET   524 PM MST
JANUARY 18 2017.......SUNRISE   734 AM MST   SUNSET   525 PM MST


-  INDICATES NEGATIVE NUMBERS.
R  INDICATES RECORD WAS SET OR TIED.
MM INDICATES DATA IS MISSING.
T  INDICATES TRACE AMOUNT.




$$
