000
CDUS41 KGYX 270904
CLICON


CLIMATE REPORT
NATIONAL WEATHER SERVICE GRAY ME
404 AM EST MON FEB 27 2017


...................................

...THE CONCORD NH CLIMATE SUMMARY FOR FEBRUARY 26 2017...

CLIMATE NORMAL PERIOD 1981 TO 2010
CLIMATE RECORD PERIOD 1868 TO 2017


WEATHER ITEM   OBSERVED TIME   RECORD YEAR NORMAL DEPARTURE LAST
                VALUE   (LST)  VALUE       VALUE  FROM      YEAR
                                                  NORMAL
..................................................................
TEMPERATURE (F)
 YESTERDAY
  MAXIMUM         42   1219 AM  66    1957  38      4       37
  MINIMUM         24   1156 PM -15    1993  17      7       20
                                      1950
  AVERAGE         33                        27      6       29

PRECIPITATION (IN)
  YESTERDAY        0.00          1.15 1979   0.11  -0.11     0.01
  MONTH TO DATE    2.71                      2.42   0.29     4.38
  SINCE DEC 1      8.27                      8.32  -0.05    10.52
  SINCE JAN 1      4.95                      5.12  -0.17     5.74

SNOWFALL (IN)
  YESTERDAY        0.0          10.6  1934   0.4   -0.4       T
  MONTH TO DATE   24.2                      11.5   12.7     12.7
  SINCE DEC 1     56.3                      44.1   12.2     24.7
  SINCE JUL 1     57.0                      46.7   10.3     24.7
  SNOW DEPTH      10

DEGREE DAYS
 HEATING
  YESTERDAY       32                        38     -6       36
  MONTH TO DATE  919                      1063   -144      979
  SINCE DEC 1   3194                      3625   -431     2987
  SINCE JUL 1   4446                      5185   -739     4267

 COOLING
  YESTERDAY        0                         0      0        0
  MONTH TO DATE    0                         0      0        0
  SINCE DEC 1      0                         0      0        0
  SINCE JAN 1      0                         0      0        0
..................................................................


WIND (MPH)
  RESULTANT WIND SPEED  13   RESULTANT WIND DIRECTION   W (290)
  HIGHEST WIND SPEED    28   HIGHEST WIND DIRECTION    NW (300)
  HIGHEST GUST SPEED    37   HIGHEST GUST DIRECTION     W (270)
  AVERAGE WIND SPEED    13.1


SKY COVER
  AVERAGE SKY COVER 0.3


WEATHER CONDITIONS
 THE FOLLOWING WEATHER WAS RECORDED YESTERDAY.
  NO SIGNIFICANT WEATHER WAS OBSERVED.


RELATIVE HUMIDITY (PERCENT)
 HIGHEST    79           100 AM
 LOWEST     33           200 PM
 AVERAGE    56

..........................................................


THE CONCORD NH CLIMATE NORMALS FOR TODAY
                         NORMAL    RECORD    YEAR
 MAXIMUM TEMPERATURE (F)   38        68      1880
 MINIMUM TEMPERATURE (F)   17       -16      1993
                                             1963


SUNRISE AND SUNSET
FEBRUARY 27 2017......SUNRISE   625 AM EST   SUNSET   533 PM EST
FEBRUARY 28 2017......SUNRISE   623 AM EST   SUNSET   534 PM EST


-  INDICATES NEGATIVE NUMBERS.
R  INDICATES RECORD WAS SET OR TIED.
MM INDICATES DATA IS MISSING.
T  INDICATES TRACE AMOUNT.




$$
