000
CDUS41 KGYX 212140
CLICON


CLIMATE REPORT
NATIONAL WEATHER SERVICE GRAY ME
440 PM EST FRI NOV 21 2014


...................................

...THE CONCORD NH CLIMATE SUMMARY FOR NOVEMBER 21 2014...
VALID TODAY AS OF 0400 PM LOCAL TIME.

CLIMATE NORMAL PERIOD 1981 TO 2010
CLIMATE RECORD PERIOD 1868 TO 2014


WEATHER ITEM   OBSERVED TIME   RECORD YEAR NORMAL DEPARTURE LAST
                VALUE   (LST)  VALUE       VALUE  FROM      YEAR
                                                  NORMAL
..................................................................
TEMPERATURE (F)
 TODAY
  MAXIMUM         31    248 PM  70    1931  46    -15       47
  MINIMUM         22    602 AM   4    1873  27     -5       12
  AVERAGE         27                        36     -9       30

PRECIPITATION (IN)
  TODAY            0.00          1.19 1986   0.13  -0.13     0.00
  MONTH TO DATE    1.42                      2.65  -1.23     0.82
  SINCE SEP 1      6.30                     10.07  -3.77     6.91
  SINCE JAN 1     39.18                     36.34   2.84    35.20

SNOWFALL (IN)
  TODAY            0.0           2.8  1978   0.1   -0.1      0.0
  MONTH TO DATE    0.3                       1.1   -0.8       T
  SINCE SEP 1      0.3                       1.1   -0.8       T
  SINCE JUL 1      0.3                       1.1   -0.8       T
  SNOW DEPTH       0

DEGREE DAYS
 HEATING
  TODAY           38                        29      9       35
  MONTH TO DATE  592                       527     65      550
  SINCE SEP 1   1190                      1238    -48     1235
  SINCE JUL 1   1222                      1286    -64     1265

 COOLING
  TODAY            0                         0      0        0
  MONTH TO DATE    0                         0      0        0
  SINCE SEP 1     56                        39     17       46
  SINCE JAN 1    387                       452    -65      537
..................................................................


WIND (MPH)
  HIGHEST WIND SPEED    23   HIGHEST WIND DIRECTION    NW (300)
  HIGHEST GUST SPEED    31   HIGHEST GUST DIRECTION    NW (300)
  AVERAGE WIND SPEED    12.5


SKY COVER
  POSSIBLE SUNSHINE  MM
  AVERAGE SKY COVER 0.2


WEATHER CONDITIONS
 THE FOLLOWING WEATHER WAS RECORDED TODAY.
  NO SIGNIFICANT WEATHER WAS OBSERVED.


RELATIVE HUMIDITY (PERCENT)
 HIGHEST    65           500 AM
 LOWEST     34           400 PM
 AVERAGE    50

..........................................................


THE CONCORD NH CLIMATE NORMALS FOR TOMORROW
                         NORMAL    RECORD    YEAR
 MAXIMUM TEMPERATURE (F)   46        72      1931
 MINIMUM TEMPERATURE (F)   27         5      1972


SUNRISE AND SUNSET
NOVEMBER 21 2014......SUNRISE   646 AM EST   SUNSET   417 PM EST
NOVEMBER 22 2014......SUNRISE   648 AM EST   SUNSET   416 PM EST


-  INDICATES NEGATIVE NUMBERS.
R  INDICATES RECORD WAS SET OR TIED.
MM INDICATES DATA IS MISSING.
T  INDICATES TRACE AMOUNT.




$$
