000
CDUS41 KGYX 252040
CLICON


CLIMATE REPORT
NATIONAL WEATHER SERVICE GRAY ME
440 PM EDT SAT OCT 25 2014


...................................

...THE CONCORD NH CLIMATE SUMMARY FOR OCTOBER 25 2014...
VALID TODAY AS OF 0400 PM LOCAL TIME.

CLIMATE NORMAL PERIOD 1981 TO 2010
CLIMATE RECORD PERIOD 1868 TO 2014


WEATHER ITEM   OBSERVED TIME   RECORD YEAR NORMAL DEPARTURE LAST
                VALUE   (LST)  VALUE       VALUE  FROM      YEAR
                                                  NORMAL
..................................................................
TEMPERATURE (F)
 TODAY
  MAXIMUM         66    151 PM  83    1963  57      9       49
  MINIMUM         34    605 AM  16    1947  33      1       23
  AVERAGE         50                        45      5       36

PRECIPITATION (IN)
  TODAY            0.00          2.07 2005   0.13  -0.13     0.00
  MONTH TO DATE    4.37                      3.27   1.10     1.16
  SINCE SEP 1      4.79                      6.65  -1.86     5.97
  SINCE JAN 1     37.67                     32.92   4.75    34.26

SNOWFALL (IN)
  TODAY            0.0           0.2  1925   0.0    0.0      0.0
  MONTH TO DATE    0.0                       0.0    0.0      0.0
  SINCE SEP 1      0.0                       0.0    0.0      0.0
  SINCE JUL 1      0.0                       0.0    0.0      0.0
  SNOW DEPTH       0

DEGREE DAYS
 HEATING
  TODAY           15                        20     -5       29
  MONTH TO DATE  300                       399    -99      326
  SINCE SEP 1    489                       586    -97      525
  SINCE JUL 1    521                       634   -113      555

 COOLING
  TODAY            0                         0      0        0
  MONTH TO DATE    6                         0      6        0
  SINCE SEP 1     56                        37     19       46
  SINCE JAN 1    387                       450    -63      537
..................................................................


WIND (MPH)
  HIGHEST WIND SPEED    13   HIGHEST WIND DIRECTION     W (290)
  HIGHEST GUST SPEED    22   HIGHEST GUST DIRECTION     W (260)
  AVERAGE WIND SPEED     4.4


SKY COVER
  POSSIBLE SUNSHINE  MM
  AVERAGE SKY COVER 0.2


WEATHER CONDITIONS
 THE FOLLOWING WEATHER WAS RECORDED TODAY.
  NO SIGNIFICANT WEATHER WAS OBSERVED.


RELATIVE HUMIDITY (PERCENT)
 HIGHEST   100           600 AM
 LOWEST     32           200 PM
 AVERAGE    66

..........................................................


THE CONCORD NH CLIMATE NORMALS FOR TOMORROW
                         NORMAL    RECORD    YEAR
 MAXIMUM TEMPERATURE (F)   57        83      1874
 MINIMUM TEMPERATURE (F)   33        18      1941


SUNRISE AND SUNSET
OCTOBER 25 2014.......SUNRISE   712 AM EDT   SUNSET   548 PM EDT
OCTOBER 26 2014.......SUNRISE   713 AM EDT   SUNSET   546 PM EDT


-  INDICATES NEGATIVE NUMBERS.
R  INDICATES RECORD WAS SET OR TIED.
MM INDICATES DATA IS MISSING.
T  INDICATES TRACE AMOUNT.




$$
