000
CDUS41 KGYX 280834
CLICON


CLIMATE REPORT
NATIONAL WEATHER SERVICE GRAY ME
434 AM EDT SAT MAY 28 2016


...................................

...THE CONCORD NH CLIMATE SUMMARY FOR MAY 27 2016...

CLIMATE NORMAL PERIOD 1981 TO 2010
CLIMATE RECORD PERIOD 1868 TO 2016


WEATHER ITEM   OBSERVED TIME   RECORD YEAR NORMAL DEPARTURE LAST
                VALUE   (LST)  VALUE       VALUE  FROM      YEAR
                                                  NORMAL
..................................................................
TEMPERATURE (F)
 YESTERDAY
  MAXIMUM         85    435 PM  93    1944  72     13       92
                                      1914
  MINIMUM         58    556 AM  24    1969  46     12       66
  AVERAGE         72                        59     13       79

PRECIPITATION (IN)
  YESTERDAY        T             1.65 1906   0.13  -0.13     0.04
  MONTH TO DATE    2.50                      3.16  -0.66     0.14
  SINCE MAR 1      6.82                      9.84  -3.02     3.88
  SINCE JAN 1     12.57                     15.16  -2.59     9.94

SNOWFALL (IN)
  YESTERDAY        0.0           0.0  2002   0.0    0.0      0.0
                                      2001
                                      2000
  MONTH TO DATE    0.0                       0.2   -0.2      0.0
  SINCE MAR 1      5.0                      14.1   -9.1      7.9
  SINCE JUL 1     29.7                      61.6  -31.9     92.1
  SNOW DEPTH       0

DEGREE DAYS
 HEATING
  YESTERDAY        0                         7     -7        0
  MONTH TO DATE  259                       279    -20      151
  SINCE MAR 1   1667                      1866   -199     1908
  SINCE JUL 1   6016                      7126  -1110     7362

 COOLING
  YESTERDAY        7                         1      6       14
  MONTH TO DATE   20                        10     10       44
  SINCE MAR 1     20                        12      8       44
  SINCE JAN 1     20                        12      8       44
..................................................................


WIND (MPH)
  RESULTANT WIND SPEED   3   RESULTANT WIND DIRECTION  SE (120)
  HIGHEST WIND SPEED    13   HIGHEST WIND DIRECTION     S (170)
  HIGHEST GUST SPEED    17   HIGHEST GUST DIRECTION     S (180)
  AVERAGE WIND SPEED     4.9


SKY COVER
  AVERAGE SKY COVER 0.3


WEATHER CONDITIONS
 THE FOLLOWING WEATHER WAS RECORDED YESTERDAY.
  LIGHT RAIN


RELATIVE HUMIDITY (PERCENT)
 HIGHEST    84           100 AM
 LOWEST     47           300 PM
 AVERAGE    66

..........................................................


THE CONCORD NH CLIMATE NORMALS FOR TODAY
                         NORMAL    RECORD    YEAR
 MAXIMUM TEMPERATURE (F)   72        94      1978
 MINIMUM TEMPERATURE (F)   47        29      1994
                                             1980


SUNRISE AND SUNSET
MAY 28 2016...........SUNRISE   511 AM EDT   SUNSET   816 PM EDT
MAY 29 2016...........SUNRISE   510 AM EDT   SUNSET   817 PM EDT


-  INDICATES NEGATIVE NUMBERS.
R  INDICATES RECORD WAS SET OR TIED.
MM INDICATES DATA IS MISSING.
T  INDICATES TRACE AMOUNT.




$$
