000
CDUS41 KGYX 170801
CLICON


CLIMATE REPORT
NATIONAL WEATHER SERVICE GRAY ME
401 AM EDT THU AUG 17 2017


...................................

...THE CONCORD NH CLIMATE SUMMARY FOR AUGUST 16 2017...

CLIMATE NORMAL PERIOD 1981 TO 2010
CLIMATE RECORD PERIOD 1868 TO 2017


WEATHER ITEM   OBSERVED TIME   RECORD YEAR NORMAL DEPARTURE LAST
                VALUE   (LST)  VALUE       VALUE  FROM      YEAR
                                                  NORMAL
..................................................................
TEMPERATURE (F)
 YESTERDAY
  MAXIMUM         82    206 PM  98    1944  81      1       82
  MINIMUM         50   1154 PM  37    1972  56     -6       58
  AVERAGE         66                        69     -3       70

PRECIPITATION (IN)
  YESTERDAY        0.00          1.46 1900   0.10  -0.10     0.18
  MONTH TO DATE    0.92                      1.75  -0.83     0.95
  SINCE JUN 1      7.28                      9.18  -1.90     4.54
  SINCE JAN 1     26.35                     24.84   1.51    17.24

SNOWFALL (IN)
  YESTERDAY        0.0           0.0  2002   0.0    0.0      0.0
                                      2001
                                      2000
  MONTH TO DATE    0.0                       0.0    0.0      0.0
  SINCE JUN 1      0.0                       0.0    0.0      0.0
  SINCE JUL 1      0.0                       0.0    0.0      0.0
  SNOW DEPTH       0

DEGREE DAYS
 HEATING
  YESTERDAY        0                         1     -1        0
  MONTH TO DATE    0                        11    -11        0
  SINCE JUN 1     94                       113    -19       53
  SINCE JUL 1     15                        28    -13       11

 COOLING
  YESTERDAY        1                         5     -4        5
  MONTH TO DATE   81                        83     -2      149
  SINCE JUN 1    380                       339     41      481
  SINCE JAN 1    412                       357     55      521
..................................................................


WIND (MPH)
  RESULTANT WIND SPEED   6   RESULTANT WIND DIRECTION  NW (310)
  HIGHEST WIND SPEED    20   HIGHEST WIND DIRECTION    NW (320)
  HIGHEST GUST SPEED    27   HIGHEST GUST DIRECTION    NW (330)
  AVERAGE WIND SPEED     6.4


SKY COVER
  AVERAGE SKY COVER 0.1


WEATHER CONDITIONS
 THE FOLLOWING WEATHER WAS RECORDED YESTERDAY.
  FOG


RELATIVE HUMIDITY (PERCENT)
 HIGHEST   100           100 AM
 LOWEST     36           500 PM
 AVERAGE    68

..........................................................


THE CONCORD NH CLIMATE NORMALS FOR TODAY
                         NORMAL    RECORD    YEAR
 MAXIMUM TEMPERATURE (F)   81        98      1913
 MINIMUM TEMPERATURE (F)   56        40      1979
                                             1961
                                             1902


SUNRISE AND SUNSET
AUGUST 17 2017........SUNRISE   554 AM EDT   SUNSET   745 PM EDT
AUGUST 18 2017........SUNRISE   555 AM EDT   SUNSET   744 PM EDT


-  INDICATES NEGATIVE NUMBERS.
R  INDICATES RECORD WAS SET OR TIED.
MM INDICATES DATA IS MISSING.
T  INDICATES TRACE AMOUNT.




$$
