000
CDUS41 KGYX 060804
CLICON


CLIMATE REPORT
NATIONAL WEATHER SERVICE GRAY ME
404 AM EDT FRI MAY 6 2016


...................................

...THE CONCORD NH CLIMATE SUMMARY FOR MAY 5 2016...

CLIMATE NORMAL PERIOD 1981 TO 2010
CLIMATE RECORD PERIOD 1868 TO 2016


WEATHER ITEM   OBSERVED TIME   RECORD YEAR NORMAL DEPARTURE LAST
                VALUE   (LST)  VALUE       VALUE  FROM      YEAR
                                                  NORMAL
..................................................................
TEMPERATURE (F)
 YESTERDAY
  MAXIMUM         52        MM  91    1944  66    -14       77
  MINIMUM         42        MM  25    1966  39      3       46
  AVERAGE         47                        52     -5       62

PRECIPITATION (IN)
  YESTERDAY        T             2.47 1922   0.11  -0.11     0.00
  MONTH TO DATE    0.96                      0.57   0.39     0.00
  SINCE MAR 1      5.28                      7.25  -1.97     3.74
  SINCE JAN 1     11.03                     12.57  -1.54     9.80

SNOWFALL (IN)
  YESTERDAY        0.0           0.0  2002   0.0    0.0      0.0
                                      2001
                                      2000
  MONTH TO DATE    0.0                       0.1   -0.1      0.0
  SINCE MAR 1      5.0                      14.0   -9.0      7.9
  SINCE JUL 1     29.7                      61.5  -31.8     92.1
  SNOW DEPTH       0

DEGREE DAYS
 HEATING
  YESTERDAY       18                        13      5        3
  MONTH TO DATE   95                        68     27       37
  SINCE MAR 1   1503                      1655   -152     1794
  SINCE JUL 1   5852                      6915  -1063     7248

 COOLING
  YESTERDAY        0                         0      0        0
  MONTH TO DATE    0                         0      0        0
  SINCE MAR 1      0                         2     -2        0
  SINCE JAN 1      0                         2     -2        0
..................................................................


WIND (MPH)
  RESULTANT WIND SPEED   7   RESULTANT WIND DIRECTION  NE (30)
  HIGHEST WIND SPEED    15   HIGHEST WIND DIRECTION    NE (40)
  HIGHEST GUST SPEED    21   HIGHEST GUST DIRECTION    NE (40)
  AVERAGE WIND SPEED     8.1


SKY COVER
  AVERAGE SKY COVER 1.0


WEATHER CONDITIONS
 THE FOLLOWING WEATHER WAS RECORDED YESTERDAY.
  LIGHT RAIN
  FOG


RELATIVE HUMIDITY (PERCENT)
 HIGHEST    96           500 AM
 LOWEST     66           800 PM
 AVERAGE    81

..........................................................


THE CONCORD NH CLIMATE NORMALS FOR TODAY
                         NORMAL    RECORD    YEAR
 MAXIMUM TEMPERATURE (F)   66        88      1930
 MINIMUM TEMPERATURE (F)   39        26      1961


SUNRISE AND SUNSET
MAY  6 2016...........SUNRISE   532 AM EDT   SUNSET   754 PM EDT
MAY  7 2016...........SUNRISE   531 AM EDT   SUNSET   755 PM EDT


-  INDICATES NEGATIVE NUMBERS.
R  INDICATES RECORD WAS SET OR TIED.
MM INDICATES DATA IS MISSING.
T  INDICATES TRACE AMOUNT.




$$
