000
CDUS41 KGYX 190905
CLICON


CLIMATE REPORT
NATIONAL WEATHER SERVICE GRAY ME
405 AM EST FRI JAN 19 2018


...................................

...THE CONCORD NH CLIMATE SUMMARY FOR JANUARY 18 2018...

CLIMATE NORMAL PERIOD 1981 TO 2010
CLIMATE RECORD PERIOD 1868 TO 2018


WEATHER ITEM   OBSERVED TIME   RECORD YEAR NORMAL DEPARTURE LAST
                VALUE   (LST)  VALUE       VALUE  FROM      YEAR
                                                  NORMAL
..................................................................
TEMPERATURE (F)
 YESTERDAY
  MAXIMUM         28        MM  57    2006  30     -2       33
                                      1990
  MINIMUM          8        MM -30    1957  10     -2       28
  AVERAGE         18                        20     -2       31

PRECIPITATION (IN)
  YESTERDAY        0.00          1.08 1926   0.09  -0.09     0.16
  MONTH TO DATE    2.25                      1.56   0.69     1.64
  SINCE DEC 1      5.32                      4.76   0.56     4.96
  SINCE JAN 1      2.25                      1.56   0.69     1.64

SNOWFALL (IN)
  YESTERDAY        0.0          10.3  2009   0.5   -0.5      1.8
  MONTH TO DATE   16.2                      10.5    5.7      7.5
  SINCE DEC 1     36.3                      25.0   11.3     30.7
  SINCE JUL 1     36.9                      27.6    9.3     31.4
  SNOW DEPTH      10

DEGREE DAYS
 HEATING
  YESTERDAY       47                        45      2       34
  MONTH TO DATE  844                       800     44      700
  SINCE DEC 1   2165                      1986    179     1851
  SINCE JUL 1   3366                      3546   -180     3103

 COOLING
  YESTERDAY        0                         0      0        0
  MONTH TO DATE    0                         0      0        0
  SINCE DEC 1      0                         0      0        0
  SINCE JAN 1      0                         0      0        0
..................................................................


WIND (MPH)
  RESULTANT WIND SPEED   5   RESULTANT WIND DIRECTION  NW (310)
  HIGHEST WIND SPEED    15   HIGHEST WIND DIRECTION     W (290)
  HIGHEST GUST SPEED    MM   HIGHEST GUST DIRECTION    MM
  AVERAGE WIND SPEED     5.9


SKY COVER
  AVERAGE SKY COVER 0.1


WEATHER CONDITIONS
 THE FOLLOWING WEATHER WAS RECORDED YESTERDAY.
  FOG
  HAZE


RELATIVE HUMIDITY (PERCENT)
 HIGHEST   100           200 AM
 LOWEST     58           300 PM
 AVERAGE    79

..........................................................


THE CONCORD NH CLIMATE NORMALS FOR TODAY
                         NORMAL    RECORD    YEAR
 MAXIMUM TEMPERATURE (F)   30        58      1876
 MINIMUM TEMPERATURE (F)   10       -30      1976


SUNRISE AND SUNSET
JANUARY 19 2018.......SUNRISE   713 AM EST   SUNSET   441 PM EST
JANUARY 20 2018.......SUNRISE   712 AM EST   SUNSET   442 PM EST


-  INDICATES NEGATIVE NUMBERS.
R  INDICATES RECORD WAS SET OR TIED.
MM INDICATES DATA IS MISSING.
T  INDICATES TRACE AMOUNT.




$$
