000
CDUS41 KGYX 270905
CLICON


CLIMATE REPORT
NATIONAL WEATHER SERVICE GRAY ME
404 AM EST THU NOV 27 2014


...................................

...THE CONCORD NH CLIMATE SUMMARY FOR NOVEMBER 26 2014...

CLIMATE NORMAL PERIOD 1981 TO 2010
CLIMATE RECORD PERIOD 1868 TO 2014


WEATHER ITEM   OBSERVED TIME   RECORD YEAR NORMAL DEPARTURE LAST
                VALUE   (LST)  VALUE       VALUE  FROM      YEAR
                                                  NORMAL
..................................................................
TEMPERATURE (F)
 YESTERDAY
  MAXIMUM         40        MM  64    2001  44     -4       35
                                      1979
  MINIMUM         31        MM  -2    1938  25      6       26
  AVERAGE         36                        35      1       31

PRECIPITATION (IN)
  YESTERDAY        1.13          1.63 1950   0.12   1.01     0.11
  MONTH TO DATE    2.94                      3.26  -0.32     1.09
  SINCE SEP 1      7.82                     10.68  -2.86     7.18
  SINCE JAN 1     40.70                     36.95   3.75    35.47

SNOWFALL (IN)
  YESTERDAY       10.3 R         4.5  1956   0.1   10.2      0.1
  MONTH TO DATE   10.6                       1.8    8.8      0.2
  SINCE SEP 1     10.6                       1.8    8.8      0.2
  SINCE JUL 1     10.6                       1.8    8.8      0.2
  SNOW DEPTH       0

DEGREE DAYS
 HEATING
  YESTERDAY       29                        30     -1       34
  MONTH TO DATE  714                       675     39      646
  SINCE SEP 1   1312                      1386    -74     1331
  SINCE JUL 1   1344                      1434    -90     1361

 COOLING
  YESTERDAY        0                         0      0        0
  MONTH TO DATE    0                         0      0        0
  SINCE SEP 1     56                        39     17       46
  SINCE JAN 1    387                       452    -65      537
..................................................................


WIND (MPH)
  RESULTANT WIND SPEED   3   RESULTANT WIND DIRECTION   N (10)
  HIGHEST WIND SPEED    14   HIGHEST WIND DIRECTION     N (20)
  HIGHEST GUST SPEED    MM   HIGHEST GUST DIRECTION    MM
  AVERAGE WIND SPEED     4.7


SKY COVER
  AVERAGE SKY COVER 0.6


WEATHER CONDITIONS
 THE FOLLOWING WEATHER WAS RECORDED YESTERDAY.
  HEAVY SNOW
  SNOW
  LIGHT SNOW
  FOG
  FOG W/VISIBILITY <= 1/4 MILE


RELATIVE HUMIDITY (PERCENT)
 HIGHEST   100          1200 PM
 LOWEST     59          1000 AM
 AVERAGE    80

..........................................................


THE CONCORD NH CLIMATE NORMALS FOR TODAY
                         NORMAL    RECORD    YEAR
 MAXIMUM TEMPERATURE (F)   44        67      1896
 MINIMUM TEMPERATURE (F)   25         1      1873


SUNRISE AND SUNSET
NOVEMBER 27 2014......SUNRISE   654 AM EST   SUNSET   413 PM EST
NOVEMBER 28 2014......SUNRISE   655 AM EST   SUNSET   413 PM EST


-  INDICATES NEGATIVE NUMBERS.
R  INDICATES RECORD WAS SET OR TIED.
MM INDICATES DATA IS MISSING.
T  INDICATES TRACE AMOUNT.




$$
