000
CDUS41 KGYX 092040
CLICON


CLIMATE REPORT
NATIONAL WEATHER SERVICE GRAY ME
440 PM EDT WED JUL 9 2014


...................................

...THE CONCORD NH CLIMATE SUMMARY FOR JULY 9 2014...
VALID TODAY AS OF 0400 PM LOCAL TIME.

CLIMATE NORMAL PERIOD 1981 TO 2010
CLIMATE RECORD PERIOD 1868 TO 2014


WEATHER ITEM   OBSERVED TIME   RECORD YEAR NORMAL DEPARTURE LAST
                VALUE   (LST)  VALUE       VALUE  FROM      YEAR
                                                  NORMAL
..................................................................
TEMPERATURE (F)
 TODAY
  MAXIMUM         85    254 PM  96    1912  82      3       75
  MINIMUM         66    440 AM  41    1969  58      8       64
  AVERAGE         76                        70      6       70

PRECIPITATION (IN)
  TODAY            0.04          2.16 2007   0.11  -0.07      T
  MONTH TO DATE    4.02                      1.00   3.02     2.07
  SINCE JUN 1      7.85                      4.69   3.16     8.85
  SINCE JAN 1     25.59                     20.35   5.24    21.61

SNOWFALL (IN)
  TODAY            0.0           0.0  2002   0.0    0.0      0.0
                                      2001
                                      2000
  MONTH TO DATE    0.0                       0.0    0.0      0.0
  SINCE JUN 1      0.0                       0.0    0.0      0.0
  SINCE JUL 1      0.0                       0.0    0.0      0.0
  SNOW DEPTH       0

DEGREE DAYS
 HEATING
  TODAY            0                         1     -1        0
  MONTH TO DATE    0                         9     -9        0
  SINCE JUN 1     56                        94    -38       72
  SINCE JUL 1      0                         9     -9        0

 COOLING
  TODAY           11                         5      6        5
  MONTH TO DATE   77                        45     32       93
  SINCE JUN 1    150                       129     21      202
  SINCE JAN 1    152                       147      5      223
..................................................................


WIND (MPH)
  HIGHEST WIND SPEED    16   HIGHEST WIND DIRECTION     W (250)
  HIGHEST GUST SPEED    24   HIGHEST GUST DIRECTION    SW (230)
  AVERAGE WIND SPEED     9.3


SKY COVER
  POSSIBLE SUNSHINE  MM
  AVERAGE SKY COVER 0.1


WEATHER CONDITIONS
 THE FOLLOWING WEATHER WAS RECORDED TODAY.
  RAIN


RELATIVE HUMIDITY (PERCENT)
 HIGHEST    93           300 AM
 LOWEST     40           300 PM
 AVERAGE    67

..........................................................


THE CONCORD NH CLIMATE NORMALS FOR TOMORROW
                         NORMAL    RECORD    YEAR
 MAXIMUM TEMPERATURE (F)   82       101      1911
 MINIMUM TEMPERATURE (F)   58        42      1983


SUNRISE AND SUNSET
JULY  9 2014..........SUNRISE   515 AM EDT   SUNSET   827 PM EDT
JULY 10 2014..........SUNRISE   516 AM EDT   SUNSET   827 PM EDT


-  INDICATES NEGATIVE NUMBERS.
R  INDICATES RECORD WAS SET OR TIED.
MM INDICATES DATA IS MISSING.
T  INDICATES TRACE AMOUNT.




$$
