000
CDUS45 KPUB 041037
CLICOS


CLIMATE REPORT
NATIONAL WEATHER SERVICE PUEBLO
437 AM MDT FRI SEP 4 2015


...................................

...THE COLORADO SPRINGS CO CLIMATE SUMMARY FOR SEPTEMBER 3 2015...

CLIMATE NORMAL PERIOD 1981 TO 2010
CLIMATE RECORD PERIOD 1872 TO 2015


WEATHER ITEM   OBSERVED TIME   RECORD YEAR NORMAL DEPARTURE LAST
                VALUE   (LST)  VALUE       VALUE  FROM      YEAR
                                                  NORMAL
..................................................................
TEMPERATURE (F)
 YESTERDAY
  MAXIMUM         84   1258 PM  92    2014  79      5       92
  MINIMUM         59   1144 PM  32    1961  52      7       54
  AVERAGE         72                        66      6       73

PRECIPITATION (IN)
  YESTERDAY        0.03          2.51 1938   0.06  -0.03     0.00
  MONTH TO DATE    0.19                      0.19   0.00     0.00
  SINCE SEP 1      0.19                      0.19   0.00     0.00
  SINCE JAN 1     23.01                     13.98   9.03    13.05

SNOWFALL (IN)
  YESTERDAY        0.0           4.2  1961   0.0    0.0      0.0
  MONTH TO DATE    0.0                       0.0    0.0      0.0
  SINCE SEP 1      0.0                       0.0    0.0      0.0
  SINCE JUL 1      T                         0.0    0.0       T
  SNOW DEPTH       0

DEGREE DAYS
 HEATING
  YESTERDAY        0                         2     -2        0
  MONTH TO DATE    0                         6     -6        0
  SINCE SEP 1      0                         6     -6        0
  SINCE JUL 1     19                        37    -18       30

 COOLING
  YESTERDAY        7                         2      5        8
  MONTH TO DATE   21                         8     13       11
  SINCE SEP 1     21                         8     13       11
  SINCE JAN 1    536                       426    110      438
..................................................................


WIND (MPH)
  HIGHEST WIND SPEED    25   HIGHEST WIND DIRECTION    NW (320)
  HIGHEST GUST SPEED    32   HIGHEST GUST DIRECTION    NW (320)
  AVERAGE WIND SPEED    10.1


SKY COVER
  POSSIBLE SUNSHINE  MM
  AVERAGE SKY COVER 0.7


WEATHER CONDITIONS
 THE FOLLOWING WEATHER WAS RECORDED YESTERDAY.
  THUNDERSTORM
  RAIN
  LIGHT RAIN


RELATIVE HUMIDITY (PERCENT)
 HIGHEST    73           500 PM
 LOWEST     23          1200 PM
 AVERAGE    48

..........................................................


THE COLORADO SPRINGS CO CLIMATE NORMALS FOR TODAY
                         NORMAL    RECORD    YEAR
 MAXIMUM TEMPERATURE (F)   79        93      1899
 MINIMUM TEMPERATURE (F)   52        33      1961


SUNRISE AND SUNSET
SEPTEMBER  4 2015.....SUNRISE   630 AM MDT   SUNSET   725 PM MDT
SEPTEMBER  5 2015.....SUNRISE   631 AM MDT   SUNSET   723 PM MDT


-  INDICATES NEGATIVE NUMBERS.
R  INDICATES RECORD WAS SET OR TIED.
MM INDICATES DATA IS MISSING.
T  INDICATES TRACE AMOUNT.




$$
