648
CDUS45 KPUB 290030
CLICOS


CLIMATE REPORT
NATIONAL WEATHER SERVICE PUEBLO
630 PM MDT TUE MAR 28 2017


...................................

...THE COLORADO SPRINGS CO CLIMATE SUMMARY FOR MARCH 28 2017...
VALID TODAY AS OF 0500 PM LOCAL TIME.

CLIMATE NORMAL PERIOD 1981 TO 2010
CLIMATE RECORD PERIOD 1872 TO 2017


WEATHER ITEM   OBSERVED TIME   RECORD YEAR NORMAL DEPARTURE LAST
                VALUE   (LST)  VALUE       VALUE  FROM      YEAR
                                                  NORMAL
..................................................................
TEMPERATURE (F)
 TODAY
  MAXIMUM         51   1114 AM  80    1963  55     -4       65
  MINIMUM         35    547 AM  -3    1899  29      6       29
  AVERAGE         43                        42      1       47

PRECIPITATION (IN)
  TODAY            0.01          0.56 1985   0.04  -0.03     0.00
  MONTH TO DATE    0.25                      0.90  -0.65     0.73
  SINCE MAR 1      0.25                      0.90  -0.65     0.73
  SINCE JAN 1      0.64                      1.56  -0.92     2.27

SNOWFALL (IN)
  TODAY            0.0           7.2  1985   0.2   -0.2      0.0
  MONTH TO DATE    1.7                       7.3   -5.6     10.4
  SINCE MAR 1      1.7                       7.3   -5.6     10.4
  SINCE JUL 1     15.1                      31.3  -16.2     37.5
  SNOW DEPTH       0

DEGREE DAYS
 HEATING
  TODAY           22                        23     -1       18
  MONTH TO DATE  494                       737   -243      641
  SINCE MAR 1    494                       737   -243      641
  SINCE JUL 1   4247                      5300  -1053     4544

 COOLING
  TODAY            0                         0      0        0
  MONTH TO DATE    0                         0      0        0
  SINCE MAR 1      0                         0      0        0
  SINCE JAN 1      0                         0      0        0
..................................................................


WIND (MPH)
  HIGHEST WIND SPEED    26   HIGHEST WIND DIRECTION     N (10)
  HIGHEST GUST SPEED    31   HIGHEST GUST DIRECTION     N (10)
  AVERAGE WIND SPEED    10.8


SKY COVER
  POSSIBLE SUNSHINE  MM
  AVERAGE SKY COVER 0.7


WEATHER CONDITIONS
 THE FOLLOWING WEATHER WAS RECORDED TODAY.
  LIGHT RAIN


RELATIVE HUMIDITY (PERCENT)
 HIGHEST    89           100 AM
 LOWEST     56          1100 AM
 AVERAGE    73

..........................................................


THE COLORADO SPRINGS CO CLIMATE NORMALS FOR TOMORROW
                         NORMAL    RECORD    YEAR
 MAXIMUM TEMPERATURE (F)   55        75      1967
 MINIMUM TEMPERATURE (F)   29         3      1975


SUNRISE AND SUNSET
MARCH 28 2017.........SUNRISE   649 AM MDT   SUNSET   719 PM MDT
MARCH 29 2017.........SUNRISE   648 AM MDT   SUNSET   720 PM MDT


-  INDICATES NEGATIVE NUMBERS.
R  INDICATES RECORD WAS SET OR TIED.
MM INDICATES DATA IS MISSING.
T  INDICATES TRACE AMOUNT.




$$
