000
CDUS45 KPUB 281054
CLICOS


CLIMATE REPORT
NATIONAL WEATHER SERVICE PUEBLO
454 AM MDT SUN MAY 28 2017


...................................

...THE COLORADO SPRINGS CO CLIMATE SUMMARY FOR MAY 27 2017...

CLIMATE NORMAL PERIOD 1981 TO 2010
CLIMATE RECORD PERIOD 1872 TO 2017


WEATHER ITEM   OBSERVED TIME   RECORD YEAR NORMAL DEPARTURE LAST
                VALUE   (LST)  VALUE       VALUE  FROM      YEAR
                                                  NORMAL
..................................................................
TEMPERATURE (F)
 YESTERDAY
  MAXIMUM         61    916 AM  89    2010  72    -11       60
  MINIMUM         44   1159 PM  34    1917  46     -2       41
  AVERAGE         53                        59     -6       51

PRECIPITATION (IN)
  YESTERDAY        0.15          1.42 1902   0.08   0.07     0.25
  MONTH TO DATE    3.13                      1.71   1.42     1.89
  SINCE MAR 1      5.71                      4.13   1.58     4.90
  SINCE JAN 1      6.10                      4.79   1.31     6.44

SNOWFALL (IN)
  YESTERDAY        0.0           T    1967   0.0    0.0      0.0
  MONTH TO DATE    0.1                       0.7   -0.6       T
  SINCE MAR 1     11.8                      13.7   -1.9     23.6
  SINCE JUL 1     25.2                      37.7  -12.5     50.7
  SNOW DEPTH       0

DEGREE DAYS
 HEATING
  YESTERDAY       12                         6      6       14
  MONTH TO DATE  257                       267    -10      294
  SINCE MAR 1   1298                      1626   -328     1547
  SINCE JUL 1   5051                      6189  -1138     5450

 COOLING
  YESTERDAY        0                         1     -1        0
  MONTH TO DATE    2                         3     -1        2
  SINCE MAR 1      2                         4     -2        2
  SINCE JAN 1      2                         4     -2        2
..................................................................


WIND (MPH)
  HIGHEST WIND SPEED    29   HIGHEST WIND DIRECTION     N (350)
  HIGHEST GUST SPEED    36   HIGHEST GUST DIRECTION     N (340)
  AVERAGE WIND SPEED    12.3


SKY COVER
  POSSIBLE SUNSHINE  MM
  AVERAGE SKY COVER 0.5


WEATHER CONDITIONS
 THE FOLLOWING WEATHER WAS RECORDED YESTERDAY.
  THUNDERSTORM
  RAIN
  LIGHT RAIN
  HAIL


RELATIVE HUMIDITY (PERCENT)
 HIGHEST    77           400 AM
 LOWEST     44           900 AM
 AVERAGE    61

..........................................................


THE COLORADO SPRINGS CO CLIMATE NORMALS FOR TODAY
                         NORMAL    RECORD    YEAR
 MAXIMUM TEMPERATURE (F)   73        91      1974
 MINIMUM TEMPERATURE (F)   46        31      1947


SUNRISE AND SUNSET
MAY 28 2017...........SUNRISE   537 AM MDT   SUNSET   815 PM MDT
MAY 29 2017...........SUNRISE   537 AM MDT   SUNSET   816 PM MDT


-  INDICATES NEGATIVE NUMBERS.
R  INDICATES RECORD WAS SET OR TIED.
MM INDICATES DATA IS MISSING.
T  INDICATES TRACE AMOUNT.




$$
