000
CDUS45 KPUB 251058
CLICOS


CLIMATE REPORT
NATIONAL WEATHER SERVICE PUEBLO
457 AM MDT MON SEP 25 2017


...................................

...THE COLORADO SPRINGS CO CLIMATE SUMMARY FOR SEPTEMBER 24 2017...

CLIMATE NORMAL PERIOD 1981 TO 2010
CLIMATE RECORD PERIOD 1872 TO 2017


WEATHER ITEM   OBSERVED TIME   RECORD YEAR NORMAL DEPARTURE LAST
                VALUE   (LST)  VALUE       VALUE  FROM      YEAR
                                                  NORMAL
..................................................................
TEMPERATURE (F)
 YESTERDAY
  MAXIMUM         57   1237 PM  88    1992  71    -14       71
  MINIMUM         45    551 AM  31    2000  44      1       41
  AVERAGE         51                        58     -7       56

PRECIPITATION (IN)
  YESTERDAY        0.05          1.02 1955   0.03   0.02     0.00
  MONTH TO DATE    1.31                      1.05   0.26     0.05
  SINCE SEP 1      1.31                      1.05   0.26     0.05
  SINCE JAN 1     16.59                     14.84   1.75    13.49

SNOWFALL (IN)
  YESTERDAY        0.0           1.0  2000   0.0    0.0      0.0
  MONTH TO DATE    0.0                       0.1   -0.1      0.0
  SINCE SEP 1      0.0                       0.1   -0.1      0.0
  SINCE JUL 1      T                         0.1   -0.1       T
  SNOW DEPTH       0

DEGREE DAYS
 HEATING
  YESTERDAY       14                         8      6        9
  MONTH TO DATE   48                       105    -57       36
  SINCE SEP 1     48                       105    -57       36
  SINCE JUL 1     57                       136    -79       57

 COOLING
  YESTERDAY        0                         0      0        0
  MONTH TO DATE   91                        35     56       74
  SINCE SEP 1     91                        35     56       74
  SINCE JAN 1    639                       453    186      700
..................................................................


WIND (MPH)
  HIGHEST WIND SPEED    16   HIGHEST WIND DIRECTION    NW (330)
  HIGHEST GUST SPEED    20   HIGHEST GUST DIRECTION    NW (330)
  AVERAGE WIND SPEED     7.0


SKY COVER
  POSSIBLE SUNSHINE  MM
  AVERAGE SKY COVER 0.9


WEATHER CONDITIONS
 THE FOLLOWING WEATHER WAS RECORDED YESTERDAY.
  LIGHT RAIN
  FOG


RELATIVE HUMIDITY (PERCENT)
 HIGHEST    93           800 PM
 LOWEST     72           100 PM
 AVERAGE    83

..........................................................


THE COLORADO SPRINGS CO CLIMATE NORMALS FOR TODAY
                         NORMAL    RECORD    YEAR
 MAXIMUM TEMPERATURE (F)   71        87      1998
 MINIMUM TEMPERATURE (F)   43        23      1926


SUNRISE AND SUNSET
SEPTEMBER 25 2017.....SUNRISE   650 AM MDT   SUNSET   651 PM MDT
SEPTEMBER 26 2017.....SUNRISE   650 AM MDT   SUNSET   649 PM MDT


-  INDICATES NEGATIVE NUMBERS.
R  INDICATES RECORD WAS SET OR TIED.
MM INDICATES DATA IS MISSING.
T  INDICATES TRACE AMOUNT.




$$
