000
CDUS45 KPUB 220020
CLICOS


CLIMATE REPORT
NATIONAL WEATHER SERVICE PUEBLO
520 PM MST TUE NOV 21 2017


...................................

...THE COLORADO SPRINGS CO CLIMATE SUMMARY FOR NOVEMBER 21 2017...
VALID TODAY AS OF 0500 PM LOCAL TIME.

CLIMATE NORMAL PERIOD 1981 TO 2010
CLIMATE RECORD PERIOD 1872 TO 2017


WEATHER ITEM   OBSERVED TIME   RECORD YEAR NORMAL DEPARTURE LAST
                VALUE   (LST)  VALUE       VALUE  FROM      YEAR
                                                  NORMAL
..................................................................
TEMPERATURE (F)
 TODAY
  MAXIMUM         52    101 PM  73    1989  48      4       65
  MINIMUM         43    853 AM  -1    1957  23     20       36
  AVERAGE         48                        36     12       51

PRECIPITATION (IN)
  TODAY            T             0.67 1999   0.01  -0.01      T
  MONTH TO DATE    0.15                      0.29  -0.14     0.01
  SINCE SEP 1      3.15                      2.30   0.85     0.17
  SINCE JAN 1     18.43                     16.09   2.34    13.61

SNOWFALL (IN)
  TODAY            0.0           5.0  1999   0.1   -0.1      0.0
  MONTH TO DATE    0.7                       3.0   -2.3       T
  SINCE SEP 1      1.6                       6.1   -4.5       T
  SINCE JUL 1      1.6                       6.1   -4.5       T
  SNOW DEPTH       0

DEGREE DAYS
 HEATING
  TODAY           17                        29    -12       14
  MONTH TO DATE  430                       524    -94      339
  SINCE SEP 1   1012                      1167   -155      622
  SINCE JUL 1   1021                      1198   -177      643

 COOLING
  TODAY            0                         0      0        0
  MONTH TO DATE    0                         0      0        0
  SINCE SEP 1     91                        37     54       84
  SINCE JAN 1    639                       455    184      710
..................................................................


WIND (MPH)
  HIGHEST WIND SPEED    29   HIGHEST WIND DIRECTION     N (20)
  HIGHEST GUST SPEED    35   HIGHEST GUST DIRECTION    NE (40)
  AVERAGE WIND SPEED    10.0


SKY COVER
  POSSIBLE SUNSHINE  MM
  AVERAGE SKY COVER 0.7


WEATHER CONDITIONS
 THE FOLLOWING WEATHER WAS RECORDED TODAY.
  LIGHT RAIN


RELATIVE HUMIDITY (PERCENT)
 HIGHEST    65          1000 AM
 LOWEST     24          1200 AM
 AVERAGE    45

..........................................................


THE COLORADO SPRINGS CO CLIMATE NORMALS FOR TOMORROW
                         NORMAL    RECORD    YEAR
 MAXIMUM TEMPERATURE (F)   48        74      1998
 MINIMUM TEMPERATURE (F)   23        -6      1929


SUNRISE AND SUNSET
NOVEMBER 21 2017......SUNRISE   648 AM MST   SUNSET   441 PM MST
NOVEMBER 22 2017......SUNRISE   649 AM MST   SUNSET   441 PM MST


-  INDICATES NEGATIVE NUMBERS.
R  INDICATES RECORD WAS SET OR TIED.
MM INDICATES DATA IS MISSING.
T  INDICATES TRACE AMOUNT.




$$
