000
CDUS45 KPUB 311135
CLICOS


CLIMATE REPORT
NATIONAL WEATHER SERVICE PUEBLO
435 AM MST SAT JAN 31 2015


...................................

...THE COLORADO SPRINGS CO CLIMATE SUMMARY FOR JANUARY 30 2015...

CLIMATE NORMAL PERIOD 1981 TO 2010
CLIMATE RECORD PERIOD 1872 TO 2015


WEATHER ITEM   OBSERVED TIME   RECORD YEAR NORMAL DEPARTURE LAST
                VALUE   (LST)  VALUE       VALUE  FROM      YEAR
                                                  NORMAL
..................................................................
TEMPERATURE (F)
 YESTERDAY
  MAXIMUM         42    734 PM  71    1986  43     -1       53
  MINIMUM         27    618 AM -11    1956  18      9       26
                                      1951
  AVERAGE         35                        30      5       40

PRECIPITATION (IN)
  YESTERDAY        0.00          0.10 2005   0.01  -0.01     0.04
  MONTH TO DATE    0.80                      0.31   0.49     0.50
  SINCE DEC 1      0.96                      0.65   0.31     0.57
  SINCE JAN 1      0.80                      0.31   0.49     0.50

SNOWFALL (IN)
  YESTERDAY        0.0           1.8  1899   0.1   -0.1      0.3
  MONTH TO DATE   14.5                       5.4    9.1     10.5
  SINCE DEC 1     18.2                      11.1    7.1     13.4
  SINCE JUL 1     25.3                      18.9    6.4     17.6
  SNOW DEPTH       0

DEGREE DAYS
 HEATING
  YESTERDAY       30                        34     -4       25
  MONTH TO DATE  959                      1033    -74     1029
  SINCE DEC 1   1989                      2124   -135     2132
  SINCE JUL 1   3314                      3605   -291     3493

 COOLING
  YESTERDAY        0                         0      0        0
  MONTH TO DATE    0                         0      0        0
  SINCE DEC 1      0                         0      0        0
  SINCE JAN 1      0                         0      0        0
..................................................................


WIND (MPH)
  HIGHEST WIND SPEED    20   HIGHEST WIND DIRECTION     N (340)
  HIGHEST GUST SPEED    25   HIGHEST GUST DIRECTION     N (340)
  AVERAGE WIND SPEED     5.7


SKY COVER
  POSSIBLE SUNSHINE  MM
  AVERAGE SKY COVER 1.0


WEATHER CONDITIONS
 THE FOLLOWING WEATHER WAS RECORDED YESTERDAY.
  NO SIGNIFICANT WEATHER WAS OBSERVED.


RELATIVE HUMIDITY (PERCENT)
 HIGHEST    85           700 AM
 LOWEST     54          1200 PM
 AVERAGE    70

..........................................................


THE COLORADO SPRINGS CO CLIMATE NORMALS FOR TODAY
                         NORMAL    RECORD    YEAR
 MAXIMUM TEMPERATURE (F)   43        70      1989
 MINIMUM TEMPERATURE (F)   18       -26      1951


SUNRISE AND SUNSET
JANUARY 31 2015.......SUNRISE   706 AM MST   SUNSET   519 PM MST
FEBRUARY  1 2015......SUNRISE   705 AM MST   SUNSET   520 PM MST


-  INDICATES NEGATIVE NUMBERS.
R  INDICATES RECORD WAS SET OR TIED.
MM INDICATES DATA IS MISSING.
T  INDICATES TRACE AMOUNT.




$$
