000
CDUS45 KPUB 051142
CLICOS


CLIMATE REPORT
NATIONAL WEATHER SERVICE PUEBLO
442 AM MST THU MAR 5 2015


...................................

...THE COLORADO SPRINGS CO CLIMATE SUMMARY FOR MARCH 4 2015...

CLIMATE NORMAL PERIOD 1981 TO 2010
CLIMATE RECORD PERIOD 1872 TO 2015


WEATHER ITEM   OBSERVED TIME   RECORD YEAR NORMAL DEPARTURE LAST
                VALUE   (LST)  VALUE       VALUE  FROM      YEAR
                                                  NORMAL
..................................................................
TEMPERATURE (F)
 YESTERDAY
  MAXIMUM         21    206 AM  70    2009  49    -28       56
  MINIMUM          8   1039 PM  -7    1917  23    -15       30
  AVERAGE         15                        36    -21       43

PRECIPITATION (IN)
  YESTERDAY        0.08          0.98 1992   0.03   0.05      T
  MONTH TO DATE    0.13                      0.10   0.03     0.03
  SINCE MAR 1      0.13                      0.10   0.03     0.03
  SINCE JAN 1      2.45                      0.76   1.69     0.92

SNOWFALL (IN)
  YESTERDAY        3.1           6.6  1982   0.2    2.9       T
  MONTH TO DATE    3.7                       0.9    2.8      0.3
  SINCE MAR 1      3.7                       0.9    2.8      0.3
  SINCE JUL 1     44.6                      24.9   19.7     24.4
  SNOW DEPTH       4

DEGREE DAYS
 HEATING
  YESTERDAY       50                        29     21       22
  MONTH TO DATE  162                       118     44      146
  SINCE MAR 1    162                       118     44      146
  SINCE JUL 1   4383                      4681   -298     4633

 COOLING
  YESTERDAY        0                         0      0        0
  MONTH TO DATE    0                         0      0        0
  SINCE MAR 1      0                         0      0        0
  SINCE JAN 1      0                         0      0        0
..................................................................


WIND (MPH)
  HIGHEST WIND SPEED    17   HIGHEST WIND DIRECTION     N (20)
  HIGHEST GUST SPEED    20   HIGHEST GUST DIRECTION    SE (120)
  AVERAGE WIND SPEED     8.0


SKY COVER
  POSSIBLE SUNSHINE  MM
  AVERAGE SKY COVER 1.0


WEATHER CONDITIONS
 THE FOLLOWING WEATHER WAS RECORDED YESTERDAY.
  LIGHT SNOW
  FOG


RELATIVE HUMIDITY (PERCENT)
 HIGHEST    92          1200 AM
 LOWEST     73           700 AM
 AVERAGE    83

..........................................................


THE COLORADO SPRINGS CO CLIMATE NORMALS FOR TODAY
                         NORMAL    RECORD    YEAR
 MAXIMUM TEMPERATURE (F)   49        70      1925
                                             1910
 MINIMUM TEMPERATURE (F)   23         3      1969


SUNRISE AND SUNSET
MARCH  5 2015.........SUNRISE   626 AM MST   SUNSET   556 PM MST
MARCH  6 2015.........SUNRISE   624 AM MST   SUNSET   557 PM MST


-  INDICATES NEGATIVE NUMBERS.
R  INDICATES RECORD WAS SET OR TIED.
MM INDICATES DATA IS MISSING.
T  INDICATES TRACE AMOUNT.




$$
