000
CDUS45 KPUB 221126
CLICOS


CLIMATE REPORT
NATIONAL WEATHER SERVICE PUEBLO
426 AM MST MON DEC 22 2014


...................................

...THE COLORADO SPRINGS CO CLIMATE SUMMARY FOR DECEMBER 21 2014...

CLIMATE NORMAL PERIOD 1981 TO 2010
CLIMATE RECORD PERIOD 1872 TO 2014


WEATHER ITEM   OBSERVED TIME   RECORD YEAR NORMAL DEPARTURE LAST
                VALUE   (LST)  VALUE       VALUE  FROM      YEAR
                                                  NORMAL
..................................................................
TEMPERATURE (F)
 YESTERDAY
  MAXIMUM         52    216 PM  66    1955  42     10       42
  MINIMUM         23    115 AM -23    1990  17      6       18
  AVERAGE         38                        29      9       30

PRECIPITATION (IN)
  YESTERDAY        0.02          0.66 1981   0.02   0.00      T
  MONTH TO DATE    0.06                      0.25  -0.19     0.07
  SINCE DEC 1      0.06                      0.25  -0.19     0.07
  SINCE JAN 1     16.94                     16.45   0.49    19.22

SNOWFALL (IN)
  YESTERDAY        T             7.4  1981   0.2   -0.2       T
  MONTH TO DATE    0.3                       4.0   -3.7      2.9
  SINCE DEC 1      0.3                       4.0   -3.7      2.9
  SINCE JUL 1      7.4                      11.8   -4.4      7.1
  SNOW DEPTH       0

DEGREE DAYS
 HEATING
  YESTERDAY       27                        36     -9       35
  MONTH TO DATE  587                       738   -151      775
  SINCE DEC 1    587                       738   -151      775
  SINCE JUL 1   1912                      2219   -307     2136

 COOLING
  YESTERDAY        0                         0      0        0
  MONTH TO DATE    0                         0      0        0
  SINCE DEC 1      0                         0      0        0
  SINCE JAN 1    487                       455     32      694
..................................................................


WIND (MPH)
  HIGHEST WIND SPEED    32   HIGHEST WIND DIRECTION    NW (300)
  HIGHEST GUST SPEED    39   HIGHEST GUST DIRECTION    NW (300)
  AVERAGE WIND SPEED    11.0


SKY COVER
  POSSIBLE SUNSHINE  MM
  AVERAGE SKY COVER 0.7


WEATHER CONDITIONS
 THE FOLLOWING WEATHER WAS RECORDED YESTERDAY.
  LIGHT RAIN
  SNOW
  FOG


RELATIVE HUMIDITY (PERCENT)
 HIGHEST    74           200 AM
 LOWEST     29           200 PM
 AVERAGE    52

..........................................................


THE COLORADO SPRINGS CO CLIMATE NORMALS FOR TODAY
                         NORMAL    RECORD    YEAR
 MAXIMUM TEMPERATURE (F)   42        69      1955
 MINIMUM TEMPERATURE (F)   17       -24      1990


SUNRISE AND SUNSET
DECEMBER 22 2014......SUNRISE   714 AM MST   SUNSET   441 PM MST
DECEMBER 23 2014......SUNRISE   715 AM MST   SUNSET   442 PM MST


-  INDICATES NEGATIVE NUMBERS.
R  INDICATES RECORD WAS SET OR TIED.
MM INDICATES DATA IS MISSING.
T  INDICATES TRACE AMOUNT.




$$
