895
CDUS43 KLSX 280730
CLICOU


CLIMATE REPORT
NATIONAL WEATHER SERVICE ST LOUIS MO
230 AM CDT THU JUL 28 2016


...................................

...THE COLUMBIA ASOS CLIMATE SUMMARY FOR JULY 27 2016...

CLIMATE NORMAL PERIOD 1981 TO 2010
CLIMATE RECORD PERIOD 1890 TO 2016


WEATHER ITEM   OBSERVED TIME   RECORD YEAR NORMAL DEPARTURE LAST
                VALUE   (LST)  VALUE       VALUE  FROM      YEAR
                                                  NORMAL
..................................................................
TEMPERATURE (F)
 YESTERDAY
  MAXIMUM         90    533 PM 106    1936  88      2       92
  MINIMUM         71    537 AM  50    1962  67      4       73
  AVERAGE         81                        77      4       83

PRECIPITATION (IN)
  YESTERDAY        0.00          3.86 1957   0.12  -0.12     0.00
  MONTH TO DATE   10.13                      3.87   6.26     8.40
  SINCE JUN 1     11.59                      8.34   3.25    15.96
  SINCE JAN 1     21.72                     24.89  -3.17    28.82

SNOWFALL (IN)
  YESTERDAY        0.0           0.0  2015   0.0    0.0      0.0
  MONTH TO DATE    0.0                       0.0    0.0      0.0
  SINCE JUN 1      0.0                       0.0    0.0      0.0
  SINCE JUL 1      0.0                       0.0    0.0      0.0
  SNOW DEPTH       0

DEGREE DAYS
 HEATING
  YESTERDAY        0                         0      0        0
  MONTH TO DATE    0                         0      0        1
  SINCE JUN 1      0                        11    -11        8
  SINCE JUL 1      0                         0      0        1

 COOLING
  YESTERDAY       16                        12      4       18
  MONTH TO DATE  377                       330     47      342
  SINCE JUN 1    771                       578    193      653
  SINCE JAN 1    895                       681    214      772
..................................................................


WIND (MPH)
  HIGHEST WIND SPEED     8   HIGHEST WIND DIRECTION    SE (130)
  HIGHEST GUST SPEED    10   HIGHEST GUST DIRECTION    SE (140)
  AVERAGE WIND SPEED     3.2


SKY COVER
  AVERAGE SKY COVER 0.2


WEATHER CONDITIONS
 THE FOLLOWING WEATHER WAS RECORDED YESTERDAY.
  FOG


RELATIVE HUMIDITY (PERCENT)
 HIGHEST   100
 LOWEST     59
 AVERAGE    80

..........................................................


THE COLUMBIA ASOS CLIMATE NORMALS FOR TODAY
                         NORMAL    RECORD    YEAR
 MAXIMUM TEMPERATURE (F)   88       108      1930
 MINIMUM TEMPERATURE (F)   67        52      2013


SUNRISE AND SUNSET
JULY 28 2016..........SUNRISE   607 AM CDT   SUNSET   823 PM CDT
JULY 29 2016..........SUNRISE   608 AM CDT   SUNSET   822 PM CDT


-  INDICATES NEGATIVE NUMBERS.
R  INDICATES RECORD WAS SET OR TIED.
MM INDICATES DATA IS MISSING.
T  INDICATES TRACE AMOUNT.




$$
