000
CDUS45 KRIW 160735
CLICPR


CLIMATE REPORT
NATIONAL WEATHER SERVICE RIVERTON WY
133 AM MDT WED APR 16 2014


...................................

...THE CASPER WY CLIMATE SUMMARY FOR APRIL 15 2014...

CLIMATE NORMAL PERIOD 1981 TO 2010
CLIMATE RECORD PERIOD 1939 TO 2014


WEATHER ITEM   OBSERVED TIME   RECORD YEAR NORMAL DEPARTURE LAST
                VALUE   (LST)  VALUE       VALUE  FROM      YEAR
                                                  NORMAL
..................................................................
TEMPERATURE (F)
 YESTERDAY
  MAXIMUM         60    108 PM  79    1962  57      3       29
  MINIMUM         32   1159 PM  -3    1945  28      4       19
  AVERAGE         46                        42      4       24

PRECIPITATION (IN)
  YESTERDAY        0.10          0.47 1940   0.04   0.06      T
  MONTH TO DATE    0.62                      0.56   0.06     1.35
  SINCE MAR 1      2.26                      1.38   0.88     2.20
  SINCE JAN 1      3.74                      2.46   1.28     2.97

SNOWFALL (IN)
  YESTERDAY        T                         0.5   -0.5       T
  MONTH TO DATE    5.1                       6.5   -1.4     20.0
  SINCE MAR 1     23.8                      17.4    6.4     30.5
  SINCE JUL 1     90.0                      66.8   23.2     63.2
  SNOW DEPTH       0

DEGREE DAYS
 HEATING
  YESTERDAY       19                        23     -4       41
  MONTH TO DATE  371                       365      6      435
  SINCE MAR 1   1283                      1290     -7     1396
  SINCE JUL 1   7047                      6738    309     6446

 COOLING
  YESTERDAY        0                         0      0        0
  MONTH TO DATE    0                         0      0        0
  SINCE MAR 1      0                         0      0        0
  SINCE JAN 1      0                         0      0        0
..................................................................


WIND (MPH)
  HIGHEST WIND SPEED    32   HIGHEST WIND DIRECTION    NW (300)
  HIGHEST GUST SPEED    39   HIGHEST GUST DIRECTION    NW (310)
  AVERAGE WIND SPEED    18.5


SKY COVER
  POSSIBLE SUNSHINE  MM
  AVERAGE SKY COVER 0.2


WEATHER CONDITIONS
 THE FOLLOWING WEATHER WAS RECORDED YESTERDAY.
  LIGHT RAIN
  LIGHT SNOW
  FOG


RELATIVE HUMIDITY (PERCENT)
 HIGHEST    56          1200 AM
 LOWEST     17           200 PM
 AVERAGE    37

..........................................................


THE CASPER WY CLIMATE NORMALS FOR TODAY
                         NORMAL    RECORD    YEAR
 MAXIMUM TEMPERATURE (F)   57        80      1994
 MINIMUM TEMPERATURE (F)   29        14      1951


SUNRISE AND SUNSET
APRIL 16 2014.........SUNRISE   622 AM MDT   SUNSET   750 PM MDT
APRIL 17 2014.........SUNRISE   621 AM MDT   SUNSET   751 PM MDT


-  INDICATES NEGATIVE NUMBERS.
R  INDICATES RECORD WAS SET OR TIED.
MM INDICATES DATA IS MISSING.
T  INDICATES TRACE AMOUNT.




$$
