000
CDUS45 KRIW 230734
CLICPR


CLIMATE REPORT
NATIONAL WEATHER SERVICE RIVERTON WY
128 AM MDT WED JUL 23 2014


...................................

...THE CASPER WY CLIMATE SUMMARY FOR JULY 22 2014...

CLIMATE NORMAL PERIOD 1981 TO 2010
CLIMATE RECORD PERIOD 1939 TO 2014


WEATHER ITEM   OBSERVED TIME   RECORD YEAR NORMAL DEPARTURE LAST
                VALUE   (LST)  VALUE       VALUE  FROM      YEAR
                                                  NORMAL
..................................................................
TEMPERATURE (F)
 YESTERDAY
  MAXIMUM         96    300 PM 103    2005  89      7       98
  MINIMUM         54    532 AM  44    1978  54      0       53
  AVERAGE         75                        72      3       76

PRECIPITATION (IN)
  YESTERDAY        0.02          1.78 1983   0.05  -0.03     0.00
  MONTH TO DATE    1.11                      1.00   0.11     1.32
  SINCE JUN 1      2.46                      2.61  -0.15     2.19
  SINCE JAN 1      7.22                      7.82  -0.60     8.16

SNOWFALL (IN)
  YESTERDAY        0.0                       0.0    0.0      0.0
  MONTH TO DATE    T                         0.0    0.0      0.0
  SINCE JUN 1      T                         0.1   -0.1      0.0
  SINCE JUL 1      T                         0.0    0.0      0.0
  SNOW DEPTH       0

DEGREE DAYS
 HEATING
  YESTERDAY        0                         0      0        0
  MONTH TO DATE   16                        11      5        0
  SINCE JUN 1    174                       147     27       72
  SINCE JUL 1     16                        11      5        0

 COOLING
  YESTERDAY       10                         7      3       11
  MONTH TO DATE  139                       127     12      182
  SINCE JUN 1    156                       180    -24      265
  SINCE JAN 1    162                       184    -22      275
..................................................................


WIND (MPH)
  HIGHEST WIND SPEED    22   HIGHEST WIND DIRECTION    SW (240)
  HIGHEST GUST SPEED    27   HIGHEST GUST DIRECTION    SW (230)
  AVERAGE WIND SPEED     6.4


SKY COVER
  POSSIBLE SUNSHINE  MM
  AVERAGE SKY COVER 0.0


WEATHER CONDITIONS
 THE FOLLOWING WEATHER WAS RECORDED YESTERDAY.
  HAZE


RELATIVE HUMIDITY (PERCENT)
 HIGHEST    93           500 AM
 LOWEST     12           300 PM
 AVERAGE    53

..........................................................


THE CASPER WY CLIMATE NORMALS FOR TODAY
                         NORMAL    RECORD    YEAR
 MAXIMUM TEMPERATURE (F)   89       100      2006
                                             2000
                                             1940
 MINIMUM TEMPERATURE (F)   54        43      1972


SUNRISE AND SUNSET
JULY 23 2014..........SUNRISE   548 AM MDT   SUNSET   836 PM MDT
JULY 24 2014..........SUNRISE   549 AM MDT   SUNSET   835 PM MDT


-  INDICATES NEGATIVE NUMBERS.
R  INDICATES RECORD WAS SET OR TIED.
MM INDICATES DATA IS MISSING.
T  INDICATES TRACE AMOUNT.




$$
