741
CDUS45 KRIW 250733
CLICPR


CLIMATE REPORT
NATIONAL WEATHER SERVICE RIVERTON WY
1233 AM MST SAT NOV 25 2017


...................................

...THE CASPER WY CLIMATE SUMMARY FOR NOVEMBER 24 2017...

CLIMATE NORMAL PERIOD 1981 TO 2010
CLIMATE RECORD PERIOD 1939 TO 2017


WEATHER ITEM   OBSERVED TIME   RECORD YEAR NORMAL DEPARTURE LAST
                VALUE   (LST)  VALUE       VALUE  FROM      YEAR
                                                  NORMAL
..................................................................
TEMPERATURE (F)
 YESTERDAY
  MAXIMUM         53   1248 AM  61    1995  40     13       42
  MINIMUM         30    621 PM -19    1993  18     12       24
  AVERAGE         42                        29     13       33

PRECIPITATION (IN)
  YESTERDAY        T             0.50 1942   0.02  -0.02     0.05
  MONTH TO DATE    0.30                      0.64  -0.34     0.38
  SINCE SEP 1      2.80                      2.83  -0.03     2.09
  SINCE JAN 1     12.72                     11.91   0.81    14.26

SNOWFALL (IN)
  YESTERDAY        0.0                       0.4   -0.4      0.6
  MONTH TO DATE    3.6                       8.2   -4.6      3.2
  SINCE SEP 1      9.2                      17.4   -8.2      3.2
  SINCE JUL 1      9.2                      17.4   -8.2      3.2
  SNOW DEPTH       0

DEGREE DAYS
 HEATING
  YESTERDAY       23                        36    -13       32
  MONTH TO DATE  641                       733    -92      526
  SINCE SEP 1   1572                      1586    -14     1173
  SINCE JUL 1   1593                      1632    -39     1233

 COOLING
  YESTERDAY        0                         0      0        0
  MONTH TO DATE    0                         0      0        0
  SINCE SEP 1     54                        25     29       29
  SINCE JAN 1    448                       422     26      451
..................................................................


WIND (MPH)
  HIGHEST WIND SPEED    31   HIGHEST WIND DIRECTION    SW (220)
  HIGHEST GUST SPEED    38   HIGHEST GUST DIRECTION    SW (220)
  AVERAGE WIND SPEED    11.8


SKY COVER
  POSSIBLE SUNSHINE  MM
  AVERAGE SKY COVER 0.2


WEATHER CONDITIONS
 THE FOLLOWING WEATHER WAS RECORDED YESTERDAY.
  LIGHT RAIN


RELATIVE HUMIDITY (PERCENT)
 HIGHEST    92           600 PM
 LOWEST     50          1200 AM
 AVERAGE    71

..........................................................


THE CASPER WY CLIMATE NORMALS FOR TODAY
                         NORMAL    RECORD    YEAR
 MAXIMUM TEMPERATURE (F)   39        61      1995
                                             1949
 MINIMUM TEMPERATURE (F)   18       -12      1993


SUNRISE AND SUNSET
NOVEMBER 25 2017......SUNRISE   711 AM MST   SUNSET   435 PM MST
NOVEMBER 26 2017......SUNRISE   712 AM MST   SUNSET   434 PM MST


-  INDICATES NEGATIVE NUMBERS.
R  INDICATES RECORD WAS SET OR TIED.
MM INDICATES DATA IS MISSING.
T  INDICATES TRACE AMOUNT.




$$
