000
CDUS45 KRIW 260730
CLICPR


CLIMATE REPORT
NATIONAL WEATHER SERVICE RIVERTON WY
129 AM MDT WED JUL 26 2017


...................................

...THE CASPER WY CLIMATE SUMMARY FOR JULY 25 2017...

CLIMATE NORMAL PERIOD 1981 TO 2010
CLIMATE RECORD PERIOD 1939 TO 2017


WEATHER ITEM   OBSERVED TIME   RECORD YEAR NORMAL DEPARTURE LAST
                VALUE   (LST)  VALUE       VALUE  FROM      YEAR
                                                  NORMAL
..................................................................
TEMPERATURE (F)
 YESTERDAY
  MAXIMUM         81    108 PM  98    2011  89     -8       97
  MINIMUM         56    408 AM  46    2004  54      2       47
  AVERAGE         69                        72     -3       72

PRECIPITATION (IN)
  YESTERDAY        0.02          1.62 2007   0.05  -0.03     0.00
  MONTH TO DATE    0.08                      1.14  -1.06     0.08
  SINCE JUN 1      1.09                      2.75  -1.66     1.25
  SINCE JAN 1      8.69                      7.96   0.73    10.71

SNOWFALL (IN)
  YESTERDAY        0.0                       0.0    0.0      0.0
  MONTH TO DATE    0.0                       0.0    0.0      0.0
  SINCE JUN 1      0.0                       0.1   -0.1      0.0
  SINCE JUL 1      0.0                       0.0    0.0      0.0
  SNOW DEPTH       0

DEGREE DAYS
 HEATING
  YESTERDAY        0                         0      0        0
  MONTH TO DATE    1                        11    -10        5
  SINCE JUN 1     92                       147    -55       42
  SINCE JUL 1      1                        11    -10        5

 COOLING
  YESTERDAY        4                         7     -3        7
  MONTH TO DATE  220                       148     72      157
  SINCE JUN 1    256                       201     55      260
  SINCE JAN 1    256                       205     51      260
..................................................................


WIND (MPH)
  HIGHEST WIND SPEED    18   HIGHEST WIND DIRECTION     N (10)
  HIGHEST GUST SPEED    20   HIGHEST GUST DIRECTION     N (20)
  AVERAGE WIND SPEED     6.9


SKY COVER
  POSSIBLE SUNSHINE  MM
  AVERAGE SKY COVER 0.5


WEATHER CONDITIONS
 THE FOLLOWING WEATHER WAS RECORDED YESTERDAY.
  LIGHT RAIN


RELATIVE HUMIDITY (PERCENT)
 HIGHEST    84           800 PM
 LOWEST     30           100 PM
 AVERAGE    57

..........................................................


THE CASPER WY CLIMATE NORMALS FOR TODAY
                         NORMAL    RECORD    YEAR
 MAXIMUM TEMPERATURE (F)   89        98      2010
                                             2008
 MINIMUM TEMPERATURE (F)   54        40      1971


SUNRISE AND SUNSET
JULY 26 2017..........SUNRISE   551 AM MDT   SUNSET   833 PM MDT
JULY 27 2017..........SUNRISE   552 AM MDT   SUNSET   832 PM MDT


-  INDICATES NEGATIVE NUMBERS.
R  INDICATES RECORD WAS SET OR TIED.
MM INDICATES DATA IS MISSING.
T  INDICATES TRACE AMOUNT.




$$
