000
CDUS45 KRIW 120739
CLICPR


CLIMATE REPORT
NATIONAL WEATHER SERVICE RIVERTON WY
1228 AM MST FRI FEB 12 2016


...................................

...THE CASPER WY CLIMATE SUMMARY FOR FEBRUARY 11 2016...

CLIMATE NORMAL PERIOD 1981 TO 2010
CLIMATE RECORD PERIOD 1939 TO 2016


WEATHER ITEM   OBSERVED TIME   RECORD YEAR NORMAL DEPARTURE LAST
                VALUE   (LST)  VALUE       VALUE  FROM      YEAR
                                                  NORMAL
..................................................................
TEMPERATURE (F)
 YESTERDAY
  MAXIMUM         45    152 PM  65    1962  37      8       52
  MINIMUM         32   1131 PM -17    1986  15     17       25
  AVERAGE         39                        26     13       39

PRECIPITATION (IN)
  YESTERDAY        0.00          0.21 1978   0.02  -0.02     0.00
  MONTH TO DATE    0.34                      0.21   0.13     0.30
  SINCE DEC 1      2.39                      1.21   1.18     2.07
  SINCE JAN 1      1.33                      0.72   0.61     0.82

SNOWFALL (IN)
  YESTERDAY        0.0                       0.4   -0.4      0.0
  MONTH TO DATE   14.6                       3.8   10.8      3.0
  SINCE DEC 1     44.8                      23.9   20.9     27.2
  SINCE JUL 1     58.1                      43.4   14.7     42.0
  SNOW DEPTH       4

DEGREE DAYS
 HEATING
  YESTERDAY       26                        39    -13       26
  MONTH TO DATE  467                       438     29      288
  SINCE DEC 1   2917                      2961    -44     2595
  SINCE JUL 1   4439                      4815   -376     4370

 COOLING
  YESTERDAY        0                         0      0        0
  MONTH TO DATE    0                         0      0        0
  SINCE DEC 1      0                         0      0        0
  SINCE JAN 1      0                         0      0        0
..................................................................


WIND (MPH)
  HIGHEST WIND SPEED    31   HIGHEST WIND DIRECTION    SW (210)
  HIGHEST GUST SPEED    43   HIGHEST GUST DIRECTION    SW (210)
  AVERAGE WIND SPEED    15.5


SKY COVER
  POSSIBLE SUNSHINE  MM
  AVERAGE SKY COVER 0.0


WEATHER CONDITIONS
 THE FOLLOWING WEATHER WAS RECORDED YESTERDAY.
  NO SIGNIFICANT WEATHER WAS OBSERVED.


RELATIVE HUMIDITY (PERCENT)
 HIGHEST    72          1000 PM
 LOWEST     45          1100 AM
 AVERAGE    59

..........................................................


THE CASPER WY CLIMATE NORMALS FOR TODAY
                         NORMAL    RECORD    YEAR
 MAXIMUM TEMPERATURE (F)   37        61      1962
 MINIMUM TEMPERATURE (F)   15       -18      1949
                                             1948


SUNRISE AND SUNSET
FEBRUARY 12 2016......SUNRISE   708 AM MST   SUNSET   533 PM MST
FEBRUARY 13 2016......SUNRISE   707 AM MST   SUNSET   534 PM MST


-  INDICATES NEGATIVE NUMBERS.
R  INDICATES RECORD WAS SET OR TIED.
MM INDICATES DATA IS MISSING.
T  INDICATES TRACE AMOUNT.




$$
