000
CDUS45 KRIW 050735
CLICPR


CLIMATE REPORT
NATIONAL WEATHER SERVICE RIVERTON WY
134 AM MDT SAT SEP 5 2015


...................................

...THE CASPER WY CLIMATE SUMMARY FOR SEPTEMBER 4 2015...

CLIMATE NORMAL PERIOD 1981 TO 2010
CLIMATE RECORD PERIOD 1939 TO 2015


WEATHER ITEM   OBSERVED TIME   RECORD YEAR NORMAL DEPARTURE LAST
                VALUE   (LST)  VALUE       VALUE  FROM      YEAR
                                                  NORMAL
..................................................................
TEMPERATURE (F)
 YESTERDAY
  MAXIMUM         89    318 PM  96    1998  81      8       68
  MINIMUM         56    919 PM  34    2006  46     10       44
  AVERAGE         73                        63     10       56

PRECIPITATION (IN)
  YESTERDAY        0.04          0.43 2004   0.02   0.02      T
  MONTH TO DATE    0.04                      0.10  -0.06      T
  SINCE SEP 1      0.04                      0.10  -0.06      T
  SINCE JAN 1     10.44                      9.18   1.26     8.38

SNOWFALL (IN)
  YESTERDAY        0.0                       0.0    0.0      0.0
  MONTH TO DATE    0.0                       0.0    0.0      0.0
  SINCE SEP 1      0.0                       0.0    0.0      0.0
  SINCE JUL 1      0.0                       0.0    0.0       T
  SNOW DEPTH       0

DEGREE DAYS
 HEATING
  YESTERDAY        0                         4     -4        9
  MONTH TO DATE    0                        13    -13       22
  SINCE SEP 1      0                        13    -13       22
  SINCE JUL 1     60                        59      1       69

 COOLING
  YESTERDAY        8                         2      6        0
  MONTH TO DATE   39                         8     31        6
  SINCE SEP 1     39                         8     31        6
  SINCE JAN 1    397                       405     -8      334
..................................................................


WIND (MPH)
  HIGHEST WIND SPEED    24   HIGHEST WIND DIRECTION     S (190)
  HIGHEST GUST SPEED    31   HIGHEST GUST DIRECTION     S (190)
  AVERAGE WIND SPEED    10.6


SKY COVER
  POSSIBLE SUNSHINE  MM
  AVERAGE SKY COVER 0.1


WEATHER CONDITIONS
 THE FOLLOWING WEATHER WAS RECORDED YESTERDAY.
  THUNDERSTORM
  LIGHT RAIN


RELATIVE HUMIDITY (PERCENT)
 HIGHEST    80           800 PM
 LOWEST     12           300 PM
 AVERAGE    46

..........................................................


THE CASPER WY CLIMATE NORMALS FOR TODAY
                         NORMAL    RECORD    YEAR
 MAXIMUM TEMPERATURE (F)   80        95      1978
 MINIMUM TEMPERATURE (F)   46        34      1965


SUNRISE AND SUNSET
SEPTEMBER  5 2015.....SUNRISE   634 AM MDT   SUNSET   734 PM MDT
SEPTEMBER  6 2015.....SUNRISE   636 AM MDT   SUNSET   732 PM MDT


-  INDICATES NEGATIVE NUMBERS.
R  INDICATES RECORD WAS SET OR TIED.
MM INDICATES DATA IS MISSING.
T  INDICATES TRACE AMOUNT.




$$
