000
CDUS45 KRIW 050733
CLICPR


CLIMATE REPORT
NATIONAL WEATHER SERVICE RIVERTON WY
1231 AM MST MON DEC 5 2016


...................................

...THE CASPER WY CLIMATE SUMMARY FOR DECEMBER 4 2016...

CLIMATE NORMAL PERIOD 1981 TO 2010
CLIMATE RECORD PERIOD 1939 TO 2016


WEATHER ITEM   OBSERVED TIME   RECORD YEAR NORMAL DEPARTURE LAST
                VALUE   (LST)  VALUE       VALUE  FROM      YEAR
                                                  NORMAL
..................................................................
TEMPERATURE (F)
 YESTERDAY
  MAXIMUM         41    312 PM  59    1965  35      6       48
  MINIMUM         19    537 AM -22    2013  15      4       31
  AVERAGE         30                        25      5       40

PRECIPITATION (IN)
  YESTERDAY        0.00          0.19 1983   0.02  -0.02     0.00
  MONTH TO DATE    0.01                      0.07  -0.06     0.00
  SINCE DEC 1      0.01                      0.07  -0.06     0.00
  SINCE JAN 1     14.27                     12.10   2.17    12.23

SNOWFALL (IN)
  YESTERDAY        0.0                       0.3   -0.3      0.0
  MONTH TO DATE    0.3                       1.4   -1.1      0.0
  SINCE DEC 1      0.3                       1.4   -1.1      0.0
  SINCE JUL 1      3.5                      20.9  -17.4     13.3
  SNOW DEPTH       0

DEGREE DAYS
 HEATING
  YESTERDAY       35                        40     -5       25
  MONTH TO DATE  152                       158     -6      139
  SINCE DEC 1    152                       158     -6      139
  SINCE JUL 1   1578                      2012   -434     1661

 COOLING
  YESTERDAY        0                         0      0        0
  MONTH TO DATE    0                         0      0        0
  SINCE DEC 1      0                         0      0        0
  SINCE JAN 1    451                       422     29      427
..................................................................


WIND (MPH)
  HIGHEST WIND SPEED    43   HIGHEST WIND DIRECTION    SW (210)
  HIGHEST GUST SPEED    52   HIGHEST GUST DIRECTION    SW (220)
  AVERAGE WIND SPEED    23.2


SKY COVER
  POSSIBLE SUNSHINE  MM
  AVERAGE SKY COVER 0.0


WEATHER CONDITIONS
 THE FOLLOWING WEATHER WAS RECORDED YESTERDAY.
  LIGHT RAIN
  LIGHT SNOW


RELATIVE HUMIDITY (PERCENT)
 HIGHEST    73           600 AM
 LOWEST     44          1100 AM
 AVERAGE    59

..........................................................


THE CASPER WY CLIMATE NORMALS FOR TODAY
                         NORMAL    RECORD    YEAR
 MAXIMUM TEMPERATURE (F)   35        65      1939
 MINIMUM TEMPERATURE (F)   15       -27      1972


SUNRISE AND SUNSET
DECEMBER  5 2016......SUNRISE   722 AM MST   SUNSET   432 PM MST
DECEMBER  6 2016......SUNRISE   723 AM MST   SUNSET   431 PM MST


-  INDICATES NEGATIVE NUMBERS.
R  INDICATES RECORD WAS SET OR TIED.
MM INDICATES DATA IS MISSING.
T  INDICATES TRACE AMOUNT.




$$
