000
CDUS46 KLOX 230125
CLICQT


CLIMATE REPORT
NATIONAL WEATHER SERVICE LOS ANGELES/OXNARD CA
625 PM PDT WED MAR 22 2017


...................................

...THE DOWNTOWN LOS ANGELES (USC) CA CLIMATE SUMMARY FOR MARCH 22 2017...
VALID TODAY AS OF 0600 PM LOCAL TIME.

CLIMATE NORMAL PERIOD 1981 TO 2010
CLIMATE RECORD PERIOD 1877 TO 2017


WEATHER ITEM   OBSERVED TIME   RECORD YEAR NORMAL DEPARTURE LAST
                VALUE   (LST)  VALUE       VALUE  FROM      YEAR
                                                  NORMAL
..................................................................
TEMPERATURE (F)
 TODAY
  MAXIMUM         69   1057 AM  88    1986  71     -2       71
  MINIMUM         59    617 AM  37    1894  51      8       53
  AVERAGE         64                        61      3       62

PRECIPITATION (IN)
  TODAY            0.03          1.11 1975   0.06  -0.03     0.00
  MONTH TO DATE    0.09                      1.93  -1.84     1.58
  SINCE OCT 1     18.59                     12.88   5.71     6.57
  SINCE JAN 1     12.64                      8.85   3.79     5.54

SNOWFALL (IN)
  TODAY            0.0
  MONTH TO DATE    0.0
  SINCE MAR 1      0.0
  SINCE JUL 1      0.0

DEGREE DAYS
 HEATING
  TODAY            1                         5     -4        3
  MONTH TO DATE   31                       114    -83       48
  SINCE MAR 1     31                       114    -83       48
  SINCE JUL 1    683                       889   -206      688

 COOLING
  TODAY            0                         1     -1        0
  MONTH TO DATE   53                        19     34       14
  SINCE MAR 1     53                        19     34       14
  SINCE JAN 1     61                        42     19       89
..................................................................


WIND (MPH)
  HIGHEST WIND SPEED    15   HIGHEST WIND DIRECTION     W (270)
  HIGHEST GUST SPEED    29   HIGHEST GUST DIRECTION     W (270)
  AVERAGE WIND SPEED     4.0


SKY COVER
  POSSIBLE SUNSHINE  MM
  AVERAGE SKY COVER 0.4


WEATHER CONDITIONS
 THE FOLLOWING WEATHER WAS RECORDED TODAY.
  HEAVY RAIN
  RAIN
  LIGHT RAIN
  FOG


RELATIVE HUMIDITY (PERCENT)
 HIGHEST    93          1200 AM
 LOWEST     49          1100 AM
 AVERAGE    71

..........................................................


THE DOWNTOWN LOS ANGELES (USC) CA CLIMATE NORMALS FOR TOMORROW
                         NORMAL    RECORD    YEAR
 MAXIMUM TEMPERATURE (F)   71        88      2008
                                             1926
 MINIMUM TEMPERATURE (F)   51        36      1898


SUNRISE AND SUNSET
MARCH 22 2017.........SUNRISE   654 AM PDT   SUNSET   707 PM PDT
MARCH 23 2017.........SUNRISE   652 AM PDT   SUNSET   707 PM PDT


-  INDICATES NEGATIVE NUMBERS.
R  INDICATES RECORD WAS SET OR TIED.
MM INDICATES DATA IS MISSING.
T  INDICATES TRACE AMOUNT.




$$
