000
CDUS46 KLOX 050906
CLICQT


CLIMATE REPORT
NATIONAL WEATHER SERVICE LOS ANGELES/OXNARD CA
206 AM PDT THU MAY 5 2016


...................................

...THE DOWNTOWN LOS ANGELES (USC) CA CLIMATE SUMMARY FOR MAY 4 2016...

CLIMATE NORMAL PERIOD 1981 TO 2010
CLIMATE RECORD PERIOD 1877 TO 2016


WEATHER ITEM   OBSERVED TIME   RECORD YEAR NORMAL DEPARTURE LAST
                VALUE   (LST)  VALUE       VALUE  FROM      YEAR
                                                  NORMAL
..................................................................
TEMPERATURE (F)
 YESTERDAY
  MAXIMUM         69   1235 PM  93    1987  74     -5       69
                                      1928
  MINIMUM         56    216 AM  44    1899  56      0       56
                                      1883
  AVERAGE         63                        65     -2       63

PRECIPITATION (IN)
  YESTERDAY        0.00          0.66 1900   0.01  -0.01     0.00
  MONTH TO DATE    0.00                      0.06  -0.06     0.00
  SINCE OCT 1      6.83                     14.35  -7.52     7.53
  SINCE JAN 1      5.80                     10.32  -4.52     2.92

SNOWFALL (IN)
  YESTERDAY        0.0
  MONTH TO DATE    0.0
  SINCE MAR 1      0.0
  SINCE JUL 1      0.0

DEGREE DAYS
 HEATING
  YESTERDAY        2                         2      0        2
  MONTH TO DATE    3                         8     -5        2
  SINCE MAR 1    101                       266   -165       68
  SINCE JUL 1    741                      1041   -300      431

 COOLING
  YESTERDAY        0                         2     -2        0
  MONTH TO DATE    3                         8     -5       12
  SINCE MAR 1    107                        72     35      220
  SINCE JAN 1    182                        95     87      277
..................................................................


WIND (MPH)
  HIGHEST WIND SPEED     9   HIGHEST WIND DIRECTION     W (280)
  HIGHEST GUST SPEED    16   HIGHEST GUST DIRECTION     W (270)
  AVERAGE WIND SPEED     2.3


SKY COVER
  POSSIBLE SUNSHINE  MM
  AVERAGE SKY COVER 0.7


WEATHER CONDITIONS
 THE FOLLOWING WEATHER WAS RECORDED YESTERDAY.
  FOG
  HAZE


RELATIVE HUMIDITY (PERCENT)
 HIGHEST    93           500 AM
 LOWEST     61          1200 PM
 AVERAGE    77

..........................................................


THE DOWNTOWN LOS ANGELES (USC) CA CLIMATE NORMALS FOR TODAY
                         NORMAL    RECORD    YEAR
 MAXIMUM TEMPERATURE (F)   74       101      1990
 MINIMUM TEMPERATURE (F)   56        46      1920
                                             1905


SUNRISE AND SUNSET
MAY  5 2016...........SUNRISE   559 AM PDT   SUNSET   741 PM PDT
MAY  6 2016...........SUNRISE   559 AM PDT   SUNSET   741 PM PDT


-  INDICATES NEGATIVE NUMBERS.
R  INDICATES RECORD WAS SET OR TIED.
MM INDICATES DATA IS MISSING.
T  INDICATES TRACE AMOUNT.




$$
