538
CDUS46 KLOX 210856
CLICQT


CLIMATE REPORT
NATIONAL WEATHER SERVICE LOS ANGELES/OXNARD CA
1256 AM PST TUE FEB 21 2017


...................................

...THE DOWNTOWN LOS ANGELES (USC) CA CLIMATE SUMMARY FOR FEBRUARY 20 2017...

CLIMATE NORMAL PERIOD 1981 TO 2010
CLIMATE RECORD PERIOD 1877 TO 2017


WEATHER ITEM   OBSERVED TIME   RECORD YEAR NORMAL DEPARTURE LAST
                VALUE   (LST)  VALUE       VALUE  FROM      YEAR
                                                  NORMAL
..................................................................
TEMPERATURE (F)
 YESTERDAY
  MAXIMUM         64    340 PM  95    1995  69     -5       72
  MINIMUM         54    834 AM  34    1882  50      4       50
  AVERAGE         59                        59      0       61

PRECIPITATION (IN)
  YESTERDAY        0.03          3.60 1944   0.15  -0.12     0.00
  MONTH TO DATE    4.08                      2.71   1.37     0.79
  SINCE OCT 1     18.41                      9.86   8.55     4.99
  SINCE JAN 1     12.46                      5.83   6.63     3.96

SNOWFALL (IN)
  YESTERDAY        0.0
  MONTH TO DATE    0.0
  SINCE DEC 1      0.0
  SINCE JUL 1      0.0

DEGREE DAYS
 HEATING
  YESTERDAY        6                         6      0        4
  MONTH TO DATE   79                       138    -59       65
  SINCE DEC 1    516                       598    -82      532
  SINCE JUL 1    587                       729   -142      636

 COOLING
  YESTERDAY        0                         1     -1        0
  MONTH TO DATE    5                         7     -2       58
  SINCE DEC 1     14                        20     -6       68
  SINCE JAN 1      8                        16     -8       58
..................................................................


WIND (MPH)
  HIGHEST WIND SPEED     8   HIGHEST WIND DIRECTION    SE (130)
  HIGHEST GUST SPEED    13   HIGHEST GUST DIRECTION    SE (130)
  AVERAGE WIND SPEED     2.1


SKY COVER
  POSSIBLE SUNSHINE  MM
  AVERAGE SKY COVER 1.0


WEATHER CONDITIONS
 THE FOLLOWING WEATHER WAS RECORDED YESTERDAY.
  LIGHT RAIN
  FOG
  HAZE


RELATIVE HUMIDITY (PERCENT)
 HIGHEST    93           600 AM
 LOWEST     67           300 PM
 AVERAGE    80

..........................................................


THE DOWNTOWN LOS ANGELES (USC) CA CLIMATE NORMALS FOR TODAY
                         NORMAL    RECORD    YEAR
 MAXIMUM TEMPERATURE (F)   69        88      2002
 MINIMUM TEMPERATURE (F)   50        35      1897


SUNRISE AND SUNSET
FEBRUARY 21 2017......SUNRISE   631 AM PST   SUNSET   543 PM PST
FEBRUARY 22 2017......SUNRISE   630 AM PST   SUNSET   544 PM PST


-  INDICATES NEGATIVE NUMBERS.
R  INDICATES RECORD WAS SET OR TIED.
MM INDICATES DATA IS MISSING.
T  INDICATES TRACE AMOUNT.




$$
