000
CDUS46 KLOX 080113
CLICQT


CLIMATE REPORT
NATIONAL WEATHER SERVICE LOS ANGELES/OXNARD CA
512 PM PST SUN FEB 7 2016


...................................

...THE DOWNTOWN LOS ANGELES (USC) CA CLIMATE SUMMARY FOR FEBRUARY 7 2016...
VALID TODAY AS OF 0500 PM LOCAL TIME.

CLIMATE NORMAL PERIOD 1981 TO 2010
CLIMATE RECORD PERIOD 1877 TO 2016


WEATHER ITEM   OBSERVED TIME   RECORD YEAR NORMAL DEPARTURE LAST
                VALUE   (LST)  VALUE       VALUE  FROM      YEAR
                                                  NORMAL
..................................................................
TEMPERATURE (F)
 TODAY
  MAXIMUM         84    143 PM  89    1996  68     16       69
  MINIMUM         51    645 AM  32    1883  49      2       54
  AVERAGE         68                        58     10       62

PRECIPITATION (IN)
  TODAY            0.00          1.60 1993   0.13  -0.13     0.02
  MONTH TO DATE    0.00                      0.86  -0.86     0.02
  SINCE OCT 1      4.20                      8.01  -3.81     5.72
  SINCE JAN 1      3.17                      3.98  -0.81     1.11

SNOWFALL (IN)
  TODAY            0.0
  MONTH TO DATE    0.0
  SINCE DEC 1      0.0
  SINCE JUL 1      0.0

DEGREE DAYS
 HEATING
  TODAY            0                         7     -7        3
  MONTH TO DATE   50                        49      1        9
  SINCE DEC 1    517                       509      8      298
  SINCE JUL 1    621                       640    -19      321

 COOLING
  TODAY            3                         0      3        0
  MONTH TO DATE    3                         0      3        3
  SINCE DEC 1     13                        13      0       29
  SINCE JAN 1      3                         9     -6       25
..................................................................


WIND (MPH)
  HIGHEST WIND SPEED     7   HIGHEST WIND DIRECTION     W (270)
  HIGHEST GUST SPEED    10   HIGHEST GUST DIRECTION     W (270)
  AVERAGE WIND SPEED     1.2


SKY COVER
  POSSIBLE SUNSHINE  MM
  AVERAGE SKY COVER 0.0


WEATHER CONDITIONS
 THE FOLLOWING WEATHER WAS RECORDED TODAY.
  NO SIGNIFICANT WEATHER WAS OBSERVED.


RELATIVE HUMIDITY (PERCENT)
 HIGHEST    44           300 AM
 LOWEST     10           200 PM
 AVERAGE    27

..........................................................


THE DOWNTOWN LOS ANGELES (USC) CA CLIMATE NORMALS FOR TOMORROW
                         NORMAL    RECORD    YEAR
 MAXIMUM TEMPERATURE (F)   68        85      1996
                                             1954
 MINIMUM TEMPERATURE (F)   49        36      1899
                                             1896
                                             1883


SUNRISE AND SUNSET
FEBRUARY  7 2016......SUNRISE   646 AM PST   SUNSET   529 PM PST
FEBRUARY  8 2016......SUNRISE   645 AM PST   SUNSET   530 PM PST


-  INDICATES NEGATIVE NUMBERS.
R  INDICATES RECORD WAS SET OR TIED.
MM INDICATES DATA IS MISSING.
T  INDICATES TRACE AMOUNT.




$$
