000
CDUS46 KLOX 290114
CLICQT


CLIMATE REPORT
NATIONAL WEATHER SERVICE LOS ANGELES/OXNARD CA
514 PM PST FRI NOV 28 2014


...................................

...THE DOWNTOWN LOS ANGELES (USC) CA CLIMATE SUMMARY FOR NOVEMBER 28 2014...
VALID TODAY AS OF 0500 PM LOCAL TIME.

CLIMATE NORMAL PERIOD 1981 TO 2010
CLIMATE RECORD PERIOD 1877 TO 2014


WEATHER ITEM   OBSERVED TIME   RECORD YEAR NORMAL DEPARTURE LAST
                VALUE   (LST)  VALUE       VALUE  FROM      YEAR
                                                  NORMAL
..................................................................
TEMPERATURE (F)
 TODAY
  MAXIMUM         81    242 PM  90    1924  70     11       70
  MINIMUM         53    719 AM  36    1906  49      4       51
  AVERAGE         67                        59      8       61

PRECIPITATION (IN)
  TODAY            0.00          3.51 1892   0.04  -0.04     0.00
  MONTH TO DATE    0.18                      0.95  -0.77     0.39
  SINCE JUL 1      0.48                      1.90  -1.42     0.54
  SINCE JAN 1      5.59                     12.51  -6.92     3.17

SNOWFALL (IN)
  TODAY            0.0
  MONTH TO DATE    0.0
  SINCE SEP 1      0.0
  SINCE JUL 1      0.0

DEGREE DAYS
 HEATING
  TODAY            0                         6     -6        4
  MONTH TO DATE   19                       100    -81       49
  SINCE SEP 1     19                       120   -101       73
  SINCE JUL 1     19                       120   -101       73

 COOLING
  TODAY            2                         0      2        0
  MONTH TO DATE   63                        32     31       45
  SINCE SEP 1    668                       405    263      404
  SINCE JAN 1   1745                      1239    506     1209
..................................................................


WIND (MPH)
  HIGHEST WIND SPEED     7   HIGHEST WIND DIRECTION     W (280)
  HIGHEST GUST SPEED    11   HIGHEST GUST DIRECTION     W (270)
  AVERAGE WIND SPEED     0.3


SKY COVER
  POSSIBLE SUNSHINE  MM
  AVERAGE SKY COVER 0.0


WEATHER CONDITIONS
 THE FOLLOWING WEATHER WAS RECORDED TODAY.
  NO SIGNIFICANT WEATHER WAS OBSERVED.


RELATIVE HUMIDITY (PERCENT)
 HIGHEST    51           300 AM
 LOWEST     18          1200 PM
 AVERAGE    35

..........................................................


THE DOWNTOWN LOS ANGELES (USC) CA CLIMATE NORMALS FOR TOMORROW
                         NORMAL    RECORD    YEAR
 MAXIMUM TEMPERATURE (F)   69        87      1995
 MINIMUM TEMPERATURE (F)   49        37      1878


SUNRISE AND SUNSET
NOVEMBER 28 2014......SUNRISE   638 AM PST   SUNSET   444 PM PST
NOVEMBER 29 2014......SUNRISE   639 AM PST   SUNSET   444 PM PST


-  INDICATES NEGATIVE NUMBERS.
R  INDICATES RECORD WAS SET OR TIED.
MM INDICATES DATA IS MISSING.
T  INDICATES TRACE AMOUNT.




$$
