000
CDUS42 KILM 212102
CLICRE


CLIMATE REPORT
NATIONAL WEATHER SERVICE WILMINGTON NC
501 PM EDT THU SEP 21 2017


...................................

...THE N.MYRTLE BEACH SOUTH CAROLINA CLIMATE SUMMARY FOR SEPTEMBER 21 2017...
VALID TODAY AS OF 0400 PM LOCAL TIME.

CLIMATE NORMAL PERIOD 1981 TO 2010
CLIMATE RECORD PERIOD 1949 TO 2017


WEATHER ITEM   OBSERVED TIME   RECORD YEAR NORMAL DEPARTURE LAST
                VALUE   (LST)  VALUE       VALUE  FROM      YEAR
                                                  NORMAL
..................................................................
TEMPERATURE (F)
 TODAY
  MAXIMUM         89   1112 AM  92    1954  83      6       79
  MINIMUM         72    621 AM  54    1991  66      6       71
  AVERAGE         81                        74      7       75

PRECIPITATION (IN)
  TODAY            0.01          1.30 1999   0.16  -0.15      T
  MONTH TO DATE    4.27                      4.59  -0.32    15.19
  SINCE SEP 1      4.27                      4.59  -0.32    15.19
  SINCE JAN 1     39.88                     39.94  -0.06    40.83

DEGREE DAYS
 HEATING
  TODAY            0                         0      0        0
  MONTH TO DATE    0                         0      0        0
  SINCE SEP 1      0                         0      0        0
  SINCE JUL 1      0                         0      0        0

 COOLING
  TODAY           16                         9      7       10
  MONTH TO DATE  235                       238     -3      266
  SINCE SEP 1    235                       238     -3      266
  SINCE JAN 1   1900                      1714    186     2122
..................................................................


WIND (MPH)
  HIGHEST WIND SPEED    13   HIGHEST WIND DIRECTION    SW (220)
  HIGHEST GUST SPEED    15   HIGHEST GUST DIRECTION    SW (220)
  AVERAGE WIND SPEED     3.7


SKY COVER
  POSSIBLE SUNSHINE  MM
  AVERAGE SKY COVER 0.1


WEATHER CONDITIONS
 THE FOLLOWING WEATHER WAS RECORDED TODAY.
  THUNDERSTORM
  RAIN
  LIGHT RAIN
  FOG


RELATIVE HUMIDITY (PERCENT)
 HIGHEST    94           100 AM
 LOWEST     59          1100 AM
 AVERAGE    77

..........................................................


THE N.MYRTLE BEACH SOUTH CAROLINA CLIMATE NORMALS FOR TOMORROW
                         NORMAL    RECORD    YEAR
 MAXIMUM TEMPERATURE (F)   82        90      1950
 MINIMUM TEMPERATURE (F)   65        50      1999


SUNRISE AND SUNSET
SEPTEMBER 21 2017.....SUNRISE   702 AM EDT   SUNSET   713 PM EDT
SEPTEMBER 22 2017.....SUNRISE   703 AM EDT   SUNSET   711 PM EDT


-  INDICATES NEGATIVE NUMBERS.
R  INDICATES RECORD WAS SET OR TIED.
MM INDICATES DATA IS MISSING.
T  INDICATES TRACE AMOUNT.




$$
