000
CDUS42 KILM 210842
CLICRE


CLIMATE REPORT
NATIONAL WEATHER SERVICE WILMINGTON NC
442 AM EDT THU AUG 21 2014


...................................

...THE NORTH MYRTLE BEACH SC CLIMATE SUMMARY FOR AUGUST 20 2014...

CLIMATE NORMAL PERIOD 1981 TO 2010
CLIMATE RECORD PERIOD 1949 TO 2014


WEATHER ITEM   OBSERVED TIME   RECORD YEAR NORMAL DEPARTURE LAST
                VALUE   (LST)  VALUE       VALUE  FROM      YEAR
                                                  NORMAL
..................................................................
TEMPERATURE (F)
 YESTERDAY
  MAXIMUM         86    320 PM  95    2005  86      0       86
  MINIMUM         75    636 AM  64    1998  72      3       73
  AVERAGE         81                        79      2       80

PRECIPITATION (IN)
  YESTERDAY        0.06                      0.28  -0.22      T
  MONTH TO DATE    4.92                      4.46   0.46     4.18
  SINCE JUN 1     13.99                     15.00  -1.01    23.31
  SINCE JAN 1     26.97                     32.40  -5.43    40.75

DEGREE DAYS
 HEATING
  YESTERDAY        0                         0      0        0
  MONTH TO DATE    0                         0      0        0
  SINCE JUN 1      0                         0      0        0
  SINCE JUL 1      0                         0      0        0

 COOLING
  YESTERDAY       16                        14      2       15
  MONTH TO DATE  283                       285     -2      273
  SINCE JUN 1   1149                      1118     31     1129
  SINCE JAN 1   1431                      1330    101     1309
..................................................................


WIND (MPH)
  HIGHEST WIND SPEED    16   HIGHEST WIND DIRECTION     E (90)
  HIGHEST GUST SPEED    21   HIGHEST GUST DIRECTION     E (80)
  AVERAGE WIND SPEED     4.5


SKY COVER
  POSSIBLE SUNSHINE  MM
  AVERAGE SKY COVER 0.1


WEATHER CONDITIONS
 THE FOLLOWING WEATHER WAS RECORDED YESTERDAY.
  THUNDERSTORM
  RAIN
  LIGHT RAIN
  FOG


RELATIVE HUMIDITY (PERCENT)
 HIGHEST    94           100 AM
 LOWEST     70          1100 AM
 AVERAGE    82

..........................................................


THE NORTH MYRTLE BEACH SC CLIMATE NORMALS FOR TODAY
                         NORMAL    RECORD    YEAR
 MAXIMUM TEMPERATURE (F)   86        95      2007
                                             2005
 MINIMUM TEMPERATURE (F)   71        61      1953


SUNRISE AND SUNSET
AUGUST 21 2014........SUNRISE   641 AM EDT   SUNSET   754 PM EDT
AUGUST 22 2014........SUNRISE   642 AM EDT   SUNSET   753 PM EDT


-  INDICATES NEGATIVE NUMBERS.
R  INDICATES RECORD WAS SET OR TIED.
MM INDICATES DATA IS MISSING.
T  INDICATES TRACE AMOUNT.




$$
