000
CDUS42 KILM 312100
CLICRE


CLIMATE REPORT
NATIONAL WEATHER SERVICE WILMINGTON NC
500 PM EDT TUE MAY 31 2016


...................................

...THE NORTH MYRTLE BEACH SC CLIMATE SUMMARY FOR MAY 31 2016...
VALID TODAY AS OF 0400 PM LOCAL TIME.

CLIMATE NORMAL PERIOD 1981 TO 2010
CLIMATE RECORD PERIOD 1949 TO 2016


WEATHER ITEM   OBSERVED TIME   RECORD YEAR NORMAL DEPARTURE LAST
                VALUE   (LST)  VALUE       VALUE  FROM      YEAR
                                                  NORMAL
..................................................................
TEMPERATURE (F)
 TODAY
  MAXIMUM         80   1122 AM  98    1953  82     -2       82
  MINIMUM         70    259 AM  54    1951  65      5       66
  AVERAGE         75                        73      2       74

PRECIPITATION (IN)
  TODAY            0.07                      0.16  -0.09     0.00
  MONTH TO DATE    5.21                      3.41   1.80     6.80
  SINCE MAR 1      7.67                     10.29  -2.62    12.87
  SINCE JAN 1     15.74                     17.40  -1.66    20.06

DEGREE DAYS
 HEATING
  TODAY            0                         0      0        0
  MONTH TO DATE   12                        23    -11        8
  SINCE MAR 1    306                       503   -197      363
  SINCE JUL 1   1781                      2447   -666     2450

 COOLING
  TODAY           10                         8      2        9
  MONTH TO DATE  196                       170     26      206
  SINCE MAR 1    296                       212     84      258
  SINCE JAN 1    296                       212     84      259
..................................................................


WIND (MPH)
  HIGHEST WIND SPEED    21   HIGHEST WIND DIRECTION    NE (50)
  HIGHEST GUST SPEED    28   HIGHEST GUST DIRECTION    NE (50)
  AVERAGE WIND SPEED     5.5


SKY COVER
  POSSIBLE SUNSHINE  MM
  AVERAGE SKY COVER 0.9


WEATHER CONDITIONS
 THE FOLLOWING WEATHER WAS RECORDED TODAY.
  THUNDERSTORM
  HEAVY RAIN
  RAIN
  LIGHT RAIN
  FOG


RELATIVE HUMIDITY (PERCENT)
 HIGHEST    93           200 AM
 LOWEST     79          1000 AM
 AVERAGE    86

..........................................................


THE NORTH MYRTLE BEACH SC CLIMATE NORMALS FOR TOMORROW
                         NORMAL    RECORD    YEAR
 MAXIMUM TEMPERATURE (F)   82        96      1953
 MINIMUM TEMPERATURE (F)   66        54      1996


SUNRISE AND SUNSET
MAY 31 2016...........SUNRISE   605 AM EDT   SUNSET   820 PM EDT
JUNE  1 2016..........SUNRISE   605 AM EDT   SUNSET   821 PM EDT


-  INDICATES NEGATIVE NUMBERS.
R  INDICATES RECORD WAS SET OR TIED.
MM INDICATES DATA IS MISSING.
T  INDICATES TRACE AMOUNT.




$$
