000
CDUS42 KILM 282042
CLICRE


CLIMATE REPORT
NATIONAL WEATHER SERVICE WILMINGTON NC
441 PM EDT THU APR 28 2016


...................................

...THE NORTH MYRTLE BEACH SC CLIMATE SUMMARY FOR APRIL 28 2016...
VALID TODAY AS OF 0400 PM LOCAL TIME.

CLIMATE NORMAL PERIOD 1981 TO 2010
CLIMATE RECORD PERIOD 1949 TO 2016


WEATHER ITEM   OBSERVED TIME   RECORD YEAR NORMAL DEPARTURE LAST
                VALUE   (LST)  VALUE       VALUE  FROM      YEAR
                                                  NORMAL
..................................................................
TEMPERATURE (F)
 TODAY
  MAXIMUM         78    242 PM  90    1954  75      3       70
  MINIMUM         69    603 AM  41    1993  55     14       49
  AVERAGE         74                        65      9       60

PRECIPITATION (IN)
  TODAY            0.09                      0.09   0.00     0.00
  MONTH TO DATE    0.99                      2.78  -1.79     3.28
  SINCE MAR 1      2.46                      6.70  -4.24     5.71
  SINCE JAN 1     10.53                     13.81  -3.28    12.90

SNOWFALL (IN)
  TODAY           MM
  MONTH TO DATE   MM
  SINCE MAR 1     MM
  SINCE JUL 1     MM
  SNOW DEPTH      MM

DEGREE DAYS
 HEATING
  TODAY            0                         2     -2        5
  MONTH TO DATE  123                       136    -13       48
  SINCE MAR 1    294                       474   -180      348
  SINCE JUL 1   1769                      2418   -649     2435

 COOLING
  TODAY            9                         2      7        0
  MONTH TO DATE   49                        33     16       45
  SINCE MAR 1     85                        36     49       52
  SINCE JAN 1     85                        36     49       53
..................................................................


WIND (MPH)
  HIGHEST WIND SPEED    16   HIGHEST WIND DIRECTION     W (260)
  HIGHEST GUST SPEED    27   HIGHEST GUST DIRECTION     W (270)
  AVERAGE WIND SPEED    10.9


SKY COVER
  POSSIBLE SUNSHINE  MM
  AVERAGE SKY COVER 0.4


WEATHER CONDITIONS
 THE FOLLOWING WEATHER WAS RECORDED TODAY.
  HEAVY RAIN
  RAIN
  LIGHT RAIN
  FOG


RELATIVE HUMIDITY (PERCENT)
 HIGHEST    97           700 AM
 LOWEST     74           100 PM
 AVERAGE    86

..........................................................


THE NORTH MYRTLE BEACH SC CLIMATE NORMALS FOR TOMORROW
                         NORMAL    RECORD    YEAR
 MAXIMUM TEMPERATURE (F)   75        90      2002
 MINIMUM TEMPERATURE (F)   56        42      1992


SUNRISE AND SUNSET
APRIL 28 2016.........SUNRISE   629 AM EDT   SUNSET   756 PM EDT
APRIL 29 2016.........SUNRISE   628 AM EDT   SUNSET   757 PM EDT


-  INDICATES NEGATIVE NUMBERS.
R  INDICATES RECORD WAS SET OR TIED.
MM INDICATES DATA IS MISSING.
T  INDICATES TRACE AMOUNT.




$$
