000
CDUS42 KILM 290843
CLICRE


CLIMATE REPORT
NATIONAL WEATHER SERVICE WILMINGTON NC
442 AM EDT MON MAY 29 2017


...................................

...THE NORTH MYRTLE BEACH SC CLIMATE SUMMARY FOR MAY 28 2017...

CLIMATE NORMAL PERIOD 1981 TO 2010
CLIMATE RECORD PERIOD 1949 TO 2017


WEATHER ITEM   OBSERVED TIME   RECORD YEAR NORMAL DEPARTURE LAST
                VALUE   (LST)  VALUE       VALUE  FROM      YEAR
                                                  NORMAL
..................................................................
TEMPERATURE (F)
 YESTERDAY
  MAXIMUM         88   1116 AM  91    2000  81      7       82
  MINIMUM         70    459 AM  54    1997  64      6       67
  AVERAGE         79                        73      6       75

PRECIPITATION (IN)
  YESTERDAY        0.02                      0.12  -0.10     0.13
  MONTH TO DATE    4.26                      2.97   1.29     4.36
  SINCE MAR 1      9.64                      9.85  -0.21     6.82
  SINCE JAN 1     13.17                     16.96  -3.79    14.89

DEGREE DAYS
 HEATING
  YESTERDAY        0                         0      0        0
  MONTH TO DATE   10                        23    -13       12
  SINCE MAR 1    402                       502   -100      306
  SINCE JUL 1   1806                      2446   -640     1781

 COOLING
  YESTERDAY       14                         8      6       10
  MONTH TO DATE  206                       145     61      162
  SINCE MAR 1    321                       187    134      262
  SINCE JAN 1    322                       187    135      262
..................................................................


WIND (MPH)
  HIGHEST WIND SPEED    24   HIGHEST WIND DIRECTION    SW (240)
  HIGHEST GUST SPEED    35   HIGHEST GUST DIRECTION    SW (240)
  AVERAGE WIND SPEED    10.6


SKY COVER
  POSSIBLE SUNSHINE  MM
  AVERAGE SKY COVER 0.0


WEATHER CONDITIONS
 THE FOLLOWING WEATHER WAS RECORDED YESTERDAY.
  THUNDERSTORM
  LIGHT RAIN


RELATIVE HUMIDITY (PERCENT)
 HIGHEST    93          1200 AM
 LOWEST     55          1100 AM
 AVERAGE    74

..........................................................


THE NORTH MYRTLE BEACH SC CLIMATE NORMALS FOR TODAY
                         NORMAL    RECORD    YEAR
 MAXIMUM TEMPERATURE (F)   81        92      1991
 MINIMUM TEMPERATURE (F)   65        50      1951


SUNRISE AND SUNSET
MAY 29 2017...........SUNRISE   606 AM EDT   SUNSET   819 PM EDT
MAY 30 2017...........SUNRISE   606 AM EDT   SUNSET   820 PM EDT


-  INDICATES NEGATIVE NUMBERS.
R  INDICATES RECORD WAS SET OR TIED.
MM INDICATES DATA IS MISSING.
T  INDICATES TRACE AMOUNT.




$$
