000
CDUS42 KILM 312048
CLICRE


CLIMATE REPORT
NATIONAL WEATHER SERVICE WILMINGTON NC
447 PM EDT FRI OCT 31 2014


...................................

...THE NORTH MYRTLE BEACH SC CLIMATE SUMMARY FOR OCTOBER 31 2014...
VALID TODAY AS OF 0400 PM LOCAL TIME.

CLIMATE NORMAL PERIOD 1981 TO 2010
CLIMATE RECORD PERIOD 1949 TO 2014


WEATHER ITEM   OBSERVED TIME   RECORD YEAR NORMAL DEPARTURE LAST
                VALUE   (LST)  VALUE       VALUE  FROM      YEAR
                                                  NORMAL
..................................................................
TEMPERATURE (F)
 TODAY
  MAXIMUM         68    256 PM  85    2004  71     -3       75
                                      1950
  MINIMUM         49    703 AM  32    2008  50     -1       53
                                      1952
  AVERAGE         59                        61     -2       64

PRECIPITATION (IN)
  TODAY            0.00                      0.11  -0.11      T
  MONTH TO DATE    0.71                      3.88  -3.17     1.37
  SINCE SEP 1      5.28                     10.16  -4.88     2.73
  SINCE JAN 1     33.93                     45.51 -11.58    43.49

DEGREE DAYS
 HEATING
  TODAY            6                         6      0        1
  MONTH TO DATE   58                        87    -29       77
  SINCE SEP 1     59                        90    -31       77
  SINCE JUL 1     59                        90    -31       77

 COOLING
  TODAY            0                         1     -1        0
  MONTH TO DATE  116                        99     17       89
  SINCE SEP 1    437                       407     30      366
  SINCE JAN 1   2025                      1883    142     1817
..................................................................


WIND (MPH)
  HIGHEST WIND SPEED    16   HIGHEST WIND DIRECTION    NE (50)
  HIGHEST GUST SPEED    20   HIGHEST GUST DIRECTION    NE (50)
  AVERAGE WIND SPEED     8.1


SKY COVER
  POSSIBLE SUNSHINE  MM
  AVERAGE SKY COVER 0.2


WEATHER CONDITIONS
 THE FOLLOWING WEATHER WAS RECORDED TODAY.
  FOG


RELATIVE HUMIDITY (PERCENT)
 HIGHEST    93          1200 AM
 LOWEST     39           300 PM
 AVERAGE    66

..........................................................


THE NORTH MYRTLE BEACH SC CLIMATE NORMALS FOR TOMORROW
                         NORMAL    RECORD    YEAR
 MAXIMUM TEMPERATURE (F)   71        83      1950
 MINIMUM TEMPERATURE (F)   50        28      1954


SUNRISE AND SUNSET
OCTOBER 31 2014.......SUNRISE   733 AM EDT   SUNSET   623 PM EDT
NOVEMBER  1 2014......SUNRISE   734 AM EDT   SUNSET   622 PM EDT


-  INDICATES NEGATIVE NUMBERS.
R  INDICATES RECORD WAS SET OR TIED.
MM INDICATES DATA IS MISSING.
T  INDICATES TRACE AMOUNT.




$$
