000
CDUS42 KILM 302042
CLICRE


CLIMATE REPORT
NATIONAL WEATHER SERVICE WILMINGTON NC
441 PM EDT SAT MAY 30 2015


...................................

...THE NORTH MYRTLE BEACH SC CLIMATE SUMMARY FOR MAY 30 2015...
VALID TODAY AS OF 0400 PM LOCAL TIME.

CLIMATE NORMAL PERIOD 1981 TO 2010
CLIMATE RECORD PERIOD 1949 TO 2015


WEATHER ITEM   OBSERVED TIME   RECORD YEAR NORMAL DEPARTURE LAST
                VALUE   (LST)  VALUE       VALUE  FROM      YEAR
                                                  NORMAL
..................................................................
TEMPERATURE (F)
 TODAY
  MAXIMUM         82   1258 PM  90    1953  81      1       79
  MINIMUM         69    616 AM  50    1951  65      4       69
  AVERAGE         76                        73      3       74

PRECIPITATION (IN)
  TODAY            0.00                      0.14  -0.14     0.01
  MONTH TO DATE    6.80                      3.25   3.55     1.59
  SINCE MAR 1     12.87                     10.13   2.74     8.86
  SINCE JAN 1     20.06                     17.24   2.82    12.98

DEGREE DAYS
 HEATING
  TODAY            0                         0      0        0
  MONTH TO DATE    8                        23    -15        9
  SINCE MAR 1    363                       502   -139      562
  SINCE JUL 1   2418                      2446    -28     2586

 COOLING
  TODAY           11                         8      3        9
  MONTH TO DATE  197                       161     36      230
  SINCE MAR 1    249                       203     46      272
  SINCE JAN 1    250                       203     47      272
..................................................................


WIND (MPH)
  HIGHEST WIND SPEED    12   HIGHEST WIND DIRECTION     S (170)
  HIGHEST GUST SPEED    17   HIGHEST GUST DIRECTION    SE (150)
  AVERAGE WIND SPEED     6.5


SKY COVER
  POSSIBLE SUNSHINE  MM
  AVERAGE SKY COVER 0.2


WEATHER CONDITIONS
 THE FOLLOWING WEATHER WAS RECORDED TODAY.
  NO SIGNIFICANT WEATHER WAS OBSERVED.


RELATIVE HUMIDITY (PERCENT)
 HIGHEST    90           600 AM
 LOWEST     62          1000 AM
 AVERAGE    76

..........................................................


THE NORTH MYRTLE BEACH SC CLIMATE NORMALS FOR TOMORROW
                         NORMAL    RECORD    YEAR
 MAXIMUM TEMPERATURE (F)   82        98      1953
 MINIMUM TEMPERATURE (F)   65        54      1951


SUNRISE AND SUNSET
MAY 30 2015...........SUNRISE   606 AM EDT   SUNSET   819 PM EDT
MAY 31 2015...........SUNRISE   606 AM EDT   SUNSET   820 PM EDT


-  INDICATES NEGATIVE NUMBERS.
R  INDICATES RECORD WAS SET OR TIED.
MM INDICATES DATA IS MISSING.
T  INDICATES TRACE AMOUNT.




$$
