000
CDUS44 KCRP 220659
CLICRP

CLIMATE REPORT
NATIONAL WEATHER SERVICE CORPUS CHRISTI TX
1247 AM CST WED NOV 22 2017


...................................

...THE CORPUS CHRISTI CLIMATE SUMMARY FOR NOVEMBER 21 2017...

CLIMATE NORMAL PERIOD 1981 TO 2010
CLIMATE RECORD PERIOD 1887 TO 2017


WEATHER ITEM   OBSERVED TIME   RECORD YEAR NORMAL DEPARTURE LAST
                VALUE   (LST)  VALUE       VALUE  FROM      YEAR
                                                  NORMAL
..................................................................
TEMPERATURE (F)
 YESTERDAY
  MAXIMUM         81    149 PM  91    1996  74      7       79
  MINIMUM         54    641 AM  32    1969  54      0       49
  AVERAGE         68                        64      4       64

PRECIPITATION (IN)
  YESTERDAY        0.00          2.07 1982   0.05  -0.05     0.00
  MONTH TO DATE    0.23                      1.52  -1.29     1.25
  SINCE SEP 1      4.16                     10.14  -5.98     5.24
  SINCE JAN 1     26.52                     29.48  -2.96    30.53

SNOWFALL (IN)
  YESTERDAY        0.0
  MONTH TO DATE    0.0
  SINCE SEP 1      0.0
  SINCE JUL 1      0.0
  SNOW DEPTH       0

DEGREE DAYS
 HEATING
  YESTERDAY        0                         4     -4        1
  MONTH TO DATE   26                        47    -21       18
  SINCE SEP 1     47                        57    -10       18
  SINCE JUL 1     47                        57    -10       18

 COOLING
  YESTERDAY        3                         3      0        0
  MONTH TO DATE  182                        99     83      162
  SINCE SEP 1    988                       889     99     1195
  SINCE JAN 1   3969                      3450    519     4112
..................................................................


WIND (MPH)
  HIGHEST WIND SPEED    17   HIGHEST WIND DIRECTION    SW (210)
  HIGHEST GUST SPEED    22   HIGHEST GUST DIRECTION    SW (220)
  AVERAGE WIND SPEED     5.4


SKY COVER
  POSSIBLE SUNSHINE  MM
  AVERAGE SKY COVER 0.7


WEATHER CONDITIONS
 THE FOLLOWING WEATHER WAS RECORDED YESTERDAY.
  NO SIGNIFICANT WEATHER WAS OBSERVED.


RELATIVE HUMIDITY (PERCENT)
 HIGHEST   100           600 AM
 LOWEST     51           200 PM
 AVERAGE    76

..........................................................


THE CORPUS CHRISTI CLIMATE NORMALS FOR TODAY
                         NORMAL    RECORD    YEAR
 MAXIMUM TEMPERATURE (F)   74        89      1909
 MINIMUM TEMPERATURE (F)   54        36      1937


SUNRISE AND SUNSET
NOVEMBER 22 2017......SUNRISE   657 AM CST   SUNSET   535 PM CST
NOVEMBER 23 2017......SUNRISE   658 AM CST   SUNSET   535 PM CST


-  INDICATES NEGATIVE NUMBERS.
R  INDICATES RECORD WAS SET OR TIED.
MM INDICATES DATA IS MISSING.
T  INDICATES TRACE AMOUNT.




$$

GW
