000
CDUS44 KCRP 131013
CLICRP

CLIMATE REPORT
NATIONAL WEATHER SERVICE CORPUS CHRISTI TX
411 AM CST SAT FEB 13 2016


...................................

...THE CORPUS CHRISTI CLIMATE SUMMARY FOR FEBRUARY 12 2016...

CLIMATE NORMAL PERIOD 1981 TO 2010
CLIMATE RECORD PERIOD 1887 TO 2016


WEATHER ITEM   OBSERVED TIME   RECORD YEAR NORMAL DEPARTURE LAST
                VALUE   (LST)  VALUE       VALUE  FROM      YEAR
                                                  NORMAL
..................................................................
TEMPERATURE (F)
 YESTERDAY
  MAXIMUM         84    256 PM  86    1950  70     14       71
  MINIMUM         51    704 AM  11    1899  50      1       54
  AVERAGE         68                        60      8       63

PRECIPITATION (IN)
  YESTERDAY        0.00          1.75 1950   0.07  -0.07     0.00
  MONTH TO DATE    T                         0.73  -0.73     0.79
  SINCE DEC 1      2.97                      4.10  -1.13     3.87
  SINCE JAN 1      2.08                      2.27  -0.19     2.83

SNOWFALL (IN)
  YESTERDAY        0.0
  MONTH TO DATE    0.0
  SINCE DEC 1      0.0
  SINCE JUL 1      0.0
  SNOW DEPTH       0

DEGREE DAYS
 HEATING
  YESTERDAY        0                         7     -7        2
  MONTH TO DATE   80                        88     -8       78
  SINCE DEC 1    512                       614   -102      623
  SINCE JUL 1    586                       715   -129      784

 COOLING
  YESTERDAY        3                         2      1        0
  MONTH TO DATE    9                        17     -8       11
  SINCE DEC 1    100                        96      4       73
  SINCE JAN 1     22                        47    -25       14
..................................................................


WIND (MPH)
  HIGHEST WIND SPEED    21   HIGHEST WIND DIRECTION    SE (140)
  HIGHEST GUST SPEED    24   HIGHEST GUST DIRECTION     S (180)
  AVERAGE WIND SPEED    10.8


SKY COVER
  POSSIBLE SUNSHINE  MM
  AVERAGE SKY COVER 0.2


WEATHER CONDITIONS
 THE FOLLOWING WEATHER WAS RECORDED YESTERDAY.
  FOG
  FOG W/VISIBILITY <= 1/4 MILE


RELATIVE HUMIDITY (PERCENT)
 HIGHEST   100           300 AM
 LOWEST     37           200 PM
 AVERAGE    69

..........................................................


THE CORPUS CHRISTI CLIMATE NORMALS FOR TODAY
                         NORMAL    RECORD    YEAR
 MAXIMUM TEMPERATURE (F)   70        87      1945
 MINIMUM TEMPERATURE (F)   50        16      1899


SUNRISE AND SUNSET
FEBRUARY 13 2016......SUNRISE   709 AM CST   SUNSET   620 PM CST
FEBRUARY 14 2016......SUNRISE   708 AM CST   SUNSET   620 PM CST


-  INDICATES NEGATIVE NUMBERS.
R  INDICATES RECORD WAS SET OR TIED.
MM INDICATES DATA IS MISSING.
T  INDICATES TRACE AMOUNT.




$$
