000
CDUS44 KCRP 280843
CLICRP

CLIMATE REPORT
NATIONAL WEATHER SERVICE CORPUS CHRISTI TX
341 AM CDT SUN MAY 28 2017


...................................

...THE CORPUS CHRISTI CLIMATE SUMMARY FOR MAY 27 2017...

CLIMATE NORMAL PERIOD 1981 TO 2010
CLIMATE RECORD PERIOD 1887 TO 2017


WEATHER ITEM   OBSERVED TIME   RECORD YEAR NORMAL DEPARTURE LAST
                VALUE   (LST)  VALUE       VALUE  FROM      YEAR
                                                  NORMAL
..................................................................
TEMPERATURE (F)
 YESTERDAY
  MAXIMUM         90   1227 PM  99    1973  89      1       89
  MINIMUM         79    625 AM  60    1901  72      7       75
  AVERAGE         85                        80      5       82

PRECIPITATION (IN)
  YESTERDAY        0.00          1.74 1957   0.12  -0.12     0.00
  MONTH TO DATE    0.93                      2.64  -1.71     5.81
  SINCE MAR 1      8.14                      6.37   1.77    15.75
  SINCE JAN 1     10.98                      9.84   1.14    18.04

SNOWFALL (IN)
  YESTERDAY        0.0
  MONTH TO DATE    0.0
  SINCE MAR 1      0.0
  SINCE JUL 1      0.0
  SNOW DEPTH       0

DEGREE DAYS
 HEATING
  YESTERDAY        0                         0      0        0
  MONTH TO DATE    0                         0      0        0
  SINCE MAR 1     16                        98    -82       21
  SINCE JUL 1    368                       898   -530      640

 COOLING
  YESTERDAY       20                        15      5       17
  MONTH TO DATE  353                       351      2      392
  SINCE MAR 1    859                       703    156      890
  SINCE JAN 1   1128                       779    349      967
..................................................................


WIND (MPH)
  HIGHEST WIND SPEED    24   HIGHEST WIND DIRECTION    SE (140)
  HIGHEST GUST SPEED    31   HIGHEST GUST DIRECTION    SE (140)
  AVERAGE WIND SPEED    16.1


SKY COVER
  POSSIBLE SUNSHINE  MM
  AVERAGE SKY COVER 0.9


WEATHER CONDITIONS
 THE FOLLOWING WEATHER WAS RECORDED YESTERDAY.
  FOG
  HAZE


RELATIVE HUMIDITY (PERCENT)
 HIGHEST    97           600 AM
 LOWEST     70           100 PM
 AVERAGE    84

..........................................................


THE CORPUS CHRISTI CLIMATE NORMALS FOR TODAY
                         NORMAL    RECORD    YEAR
 MAXIMUM TEMPERATURE (F)   89        94      2010
                                             1974
 MINIMUM TEMPERATURE (F)   72        62      1901


SUNRISE AND SUNSET
MAY 28 2017...........SUNRISE   635 AM CDT   SUNSET   820 PM CDT
MAY 29 2017...........SUNRISE   635 AM CDT   SUNSET   820 PM CDT


-  INDICATES NEGATIVE NUMBERS.
R  INDICATES RECORD WAS SET OR TIED.
MM INDICATES DATA IS MISSING.
T  INDICATES TRACE AMOUNT.




$$
