000
CDUS44 KCRP 300833
CLICRP

CLIMATE REPORT
NATIONAL WEATHER SERVICE CORPUS CHRISTI TX
332 AM CDT SAT APR 30 2016

...................................

...THE CORPUS CHRISTI CLIMATE SUMMARY FOR APRIL 29 2016...

CLIMATE NORMAL PERIOD 1981 TO 2010
CLIMATE RECORD PERIOD 1887 TO 2016

WEATHER ITEM   OBSERVED TIME   RECORD YEAR NORMAL DEPARTURE LAST
                VALUE   (LST)  VALUE       VALUE  FROM      YEAR
                                                  NORMAL
..................................................................
TEMPERATURE (F)
 YESTERDAY
  MAXIMUM         86    322 PM  99    2014  84      2       75
  MINIMUM         79   1159 PM  50    1996  66     13       54
  AVERAGE         83                        75      8       65

PRECIPITATION (IN)
  YESTERDAY        0.00          4.22 1904   0.07  -0.07     0.00
  MONTH TO DATE    3.40                      1.76   1.64     6.36
  SINCE MAR 1      9.94                      3.65   6.29    12.49
  SINCE JAN 1     12.23                      7.12   5.11    15.94

SNOWFALL (IN)
  YESTERDAY        0.0
  MONTH TO DATE    0.0
  SINCE MAR 1      0.0
  SINCE JUL 1      0.0
  SNOW DEPTH       0

DEGREE DAYS
 HEATING
  YESTERDAY        0                         0      0        0
  MONTH TO DATE    0                        15    -15        0
  SINCE MAR 1     21                        96    -75      116
  SINCE JUL 1    640                       896   -256     1053

 COOLING
  YESTERDAY       18                        10      8        0
  MONTH TO DATE  277                       227     50      278
  SINCE MAR 1    477                       342    135      353
  SINCE JAN 1    554                       418    136      381
..................................................................

WIND (MPH)
  HIGHEST WIND SPEED    32   HIGHEST WIND DIRECTION     S (160)
  HIGHEST GUST SPEED    39   HIGHEST GUST DIRECTION     S (160)
  AVERAGE WIND SPEED    21.2

SKY COVER
  POSSIBLE SUNSHINE  MM
  AVERAGE SKY COVER 1.0

WEATHER CONDITIONS
 THE FOLLOWING WEATHER WAS RECORDED YESTERDAY.
  FOG
  HAZE

RELATIVE HUMIDITY (PERCENT)
 HIGHEST    91          1200 AM
 LOWEST     74          1100 AM
 AVERAGE    83

..........................................................

THE CORPUS CHRISTI CLIMATE NORMALS FOR TODAY
                         NORMAL    RECORD    YEAR
 MAXIMUM TEMPERATURE (F)   84       100      1953
 MINIMUM TEMPERATURE (F)   67        45      1996

SUNRISE AND SUNSET
APRIL 30 2016.........SUNRISE   651 AM CDT   SUNSET   804 PM CDT
MAY  1 2016...........SUNRISE   650 AM CDT   SUNSET   804 PM CDT

-  INDICATES NEGATIVE NUMBERS.
R  INDICATES RECORD WAS SET OR TIED.
MM INDICATES DATA IS MISSING.
T  INDICATES TRACE AMOUNT.

$$
