000
CDUS44 KCRP 300935
CLICRP

CLIMATE REPORT
NATIONAL WEATHER SERVICE CORPUS CHRISTI TX
432 AM CDT THU MAR 30 2017

...THE CORPUS CHRISTI CLIMATE SUMMARY FOR MARCH 29 2017...

CLIMATE NORMAL PERIOD 1981 TO 2010
CLIMATE RECORD PERIOD 1887 TO 2017


WEATHER ITEM   OBSERVED TIME   RECORD YEAR NORMAL DEPARTURE LAST
                VALUE   (LST)  VALUE       VALUE  FROM      YEAR
                                                  NORMAL
..................................................................
TEMPERATURE (F)
 YESTERDAY
  MAXIMUM         88    351 PM  92    2000  79      9       77
                                      1974
  MINIMUM         63   1156 PM  40    1894  59      4       65
  AVERAGE         76                        69      7       71

PRECIPITATION (IN)
  YESTERDAY        0.10          1.57 1990   0.06   0.04     0.00
  MONTH TO DATE    4.99                      1.80   3.19     6.54
  SINCE MAR 1      4.99                      1.80   3.19     6.54
  SINCE JAN 1      7.83                      5.27   2.56     8.83

SNOWFALL (IN)
  YESTERDAY        0.0
  MONTH TO DATE    0.0
  SINCE MAR 1      0.0
  SINCE JUL 1      0.0
  SNOW DEPTH       0

DEGREE DAYS
 HEATING
  YESTERDAY        0                         1     -1        0
  MONTH TO DATE   16                        79    -63       21
  SINCE MAR 1     16                        79    -63       21
  SINCE JUL 1    368                       879   -511      640

 COOLING
  YESTERDAY       11                         5      6        6
  MONTH TO DATE  189                       105     84      172
  SINCE MAR 1    189                       105     84      172
  SINCE JAN 1    458                       181    277      249
..................................................................


WIND (MPH)
  HIGHEST WIND SPEED    35   HIGHEST WIND DIRECTION     S (160)
  HIGHEST GUST SPEED    42   HIGHEST GUST DIRECTION     S (160)
  AVERAGE WIND SPEED    10.4


SKY COVER
  POSSIBLE SUNSHINE  MM
  AVERAGE SKY COVER 0.6


WEATHER CONDITIONS
 THE FOLLOWING WEATHER WAS RECORDED YESTERDAY.
  RAIN
  LIGHT RAIN
  FOG


RELATIVE HUMIDITY (PERCENT)
 HIGHEST    93           800 AM
 LOWEST     26           300 PM
 AVERAGE    60

..........................................................


THE CORPUS CHRISTI CLIMATE NORMALS FOR TODAY
                         NORMAL    RECORD    YEAR
 MAXIMUM TEMPERATURE (F)   79       102      1989
 MINIMUM TEMPERATURE (F)   59        36      2003
                                             1987


SUNRISE AND SUNSET
MARCH 30 2017.........SUNRISE   722 AM CDT   SUNSET   747 PM CDT
MARCH 31 2017.........SUNRISE   721 AM CDT   SUNSET   747 PM CDT


-  INDICATES NEGATIVE NUMBERS.
R  INDICATES RECORD WAS SET OR TIED.
MM INDICATES DATA IS MISSING.
T  INDICATES TRACE AMOUNT.

$$

87
