000
CDUS44 KCRP 191009
CLICRP

CLIMATE REPORT
NATIONAL WEATHER SERVICE CORPUS CHRISTI TX
406 AM CST MON FEB 19 2018

...THE CORPUS CHRISTI CLIMATE SUMMARY FOR FEBRUARY 18 2018...

CLIMATE NORMAL PERIOD 1981 TO 2010
CLIMATE RECORD PERIOD 1887 TO 2018


WEATHER ITEM   OBSERVED TIME   RECORD YEAR NORMAL DEPARTURE LAST
                VALUE   (LST)  VALUE       VALUE  FROM      YEAR
                                                  NORMAL
..................................................................
TEMPERATURE (F)
 YESTERDAY
  MAXIMUM         82    227 PM  94    1986  71     11       88
  MINIMUM         69    758 AM  25    1936  51     18       60
  AVERAGE         76                        61     15       74

PRECIPITATION (IN)
  YESTERDAY        T             1.59 1905   0.07  -0.07     0.00
  MONTH TO DATE    0.19                      1.20  -1.01     1.03
  SINCE DEC 1      5.84                      4.57   1.27     3.50
  SINCE JAN 1      1.46                      2.74  -1.28     1.30

SNOWFALL (IN)
  YESTERDAY        0.0
  MONTH TO DATE    0.0
  SINCE DEC 1      1.0
  SINCE JUL 1      1.0
  SNOW DEPTH       0

DEGREE DAYS
 HEATING
  YESTERDAY        0                         6     -6        0
  MONTH TO DATE   93                       124    -31       26
  SINCE DEC 1    749                       650     99      330
  SINCE JUL 1    813                       751     62      348

 COOLING
  YESTERDAY       11                         2      9        9
  MONTH TO DATE   53                        29     24      105
  SINCE DEC 1     98                       108    -10      285
  SINCE JAN 1     60                        59      1      197
..................................................................


WIND (MPH)
  HIGHEST WIND SPEED    35   HIGHEST WIND DIRECTION     S (160)
  HIGHEST GUST SPEED    41   HIGHEST GUST DIRECTION     S (160)
  AVERAGE WIND SPEED    17.8


SKY COVER
  POSSIBLE SUNSHINE  MM
  AVERAGE SKY COVER 0.7


WEATHER CONDITIONS
 THE FOLLOWING WEATHER WAS RECORDED YESTERDAY.
  LIGHT RAIN
  FOG


RELATIVE HUMIDITY (PERCENT)
 HIGHEST   100          1200 AM
 LOWEST     62           300 PM
 AVERAGE    81

..........................................................


THE CORPUS CHRISTI CLIMATE NORMALS FOR TODAY
                         NORMAL    RECORD    YEAR
 MAXIMUM TEMPERATURE (F)   71        97      1986
 MINIMUM TEMPERATURE (F)   51        31      1964


SUNRISE AND SUNSET
FEBRUARY 19 2018......SUNRISE   704 AM CST   SUNSET   624 PM CST
FEBRUARY 20 2018......SUNRISE   703 AM CST   SUNSET   625 PM CST


-  INDICATES NEGATIVE NUMBERS.
R  INDICATES RECORD WAS SET OR TIED.
MM INDICATES DATA IS MISSING.
T  INDICATES TRACE AMOUNT.

$$

87
