000
CDUS44 KCRP 010839
CLICRP

CLIMATE REPORT
NATIONAL WEATHER SERVICE CORPUS CHRISTI TX
337 AM CDT WED JUL 1 2015

...................................

...THE CORPUS CHRISTI CLIMATE SUMMARY FOR JUNE 30 2015...

CLIMATE NORMAL PERIOD 1981 TO 2010
CLIMATE RECORD PERIOD 1887 TO 2015


WEATHER ITEM   OBSERVED TIME   RECORD YEAR NORMAL DEPARTURE LAST
                VALUE   (LST)  VALUE       VALUE  FROM      YEAR
                                                  NORMAL
..................................................................
TEMPERATURE (F)
 YESTERDAY
  MAXIMUM         89   1031 AM  98    2009  92     -3       94
  MINIMUM         76   1159 PM  63    1985  75      1       79
  AVERAGE         83                        83      0       87

PRECIPITATION (IN)
  YESTERDAY        0.05          3.38 2010   0.12  -0.07     0.00
  MONTH TO DATE    1.63                      3.36  -1.73     1.41
  SINCE JUN 1      1.63                      3.36  -1.73     1.41
  SINCE JAN 1     31.89                     13.63  18.26     8.51

SNOWFALL (IN)
  YESTERDAY        0.0
  MONTH TO DATE    0.0
  SINCE JUN 1      0.0
  SINCE JUL 1      0.0
  SNOW DEPTH       0

DEGREE DAYS
 HEATING
  YESTERDAY        0                         0      0        0
  MONTH TO DATE    0                         0      0        0
  SINCE JUN 1      0                         0      0        0
  SINCE JUL 1   1053                       898    155     1145

 COOLING
  YESTERDAY       18                        18      0       22
  MONTH TO DATE  539                       522     17      607
  SINCE JUN 1    539                       522     17      607
  SINCE JAN 1   1369                      1363      6     1413
..................................................................


WIND (MPH)
  HIGHEST WIND SPEED    37   HIGHEST WIND DIRECTION     S (170)
  HIGHEST GUST SPEED    47   HIGHEST GUST DIRECTION    SE (140)
  AVERAGE WIND SPEED     9.6


SKY COVER
  POSSIBLE SUNSHINE  MM
  AVERAGE SKY COVER 0.7


WEATHER CONDITIONS
 THE FOLLOWING WEATHER WAS RECORDED YESTERDAY.
  THUNDERSTORM
  HEAVY RAIN
  LIGHT RAIN
  FOG
  HAZE


RELATIVE HUMIDITY (PERCENT)
 HIGHEST    97           200 AM
 LOWEST     65           300 PM
 AVERAGE    81

..........................................................


THE CORPUS CHRISTI CLIMATE NORMALS FOR TODAY
                         NORMAL    RECORD    YEAR
 MAXIMUM TEMPERATURE (F)   92       100      1964
 MINIMUM TEMPERATURE (F)   75        67      1985


SUNRISE AND SUNSET
JULY  1 2015..........SUNRISE   638 AM CDT   SUNSET   830 PM CDT
JULY  2 2015..........SUNRISE   638 AM CDT   SUNSET   830 PM CDT


-  INDICATES NEGATIVE NUMBERS.
R  INDICATES RECORD WAS SET OR TIED.
MM INDICATES DATA IS MISSING.
T  INDICATES TRACE AMOUNT.

$$
