000
CDUS41 KRLX 240724
CLICRW


CLIMATE REPORT
NATIONAL WEATHER SERVICE CHARLESTON WV
322 AM EDT TUE OCT 24 2017


...................................

...THE CHARLESTON WV CLIMATE SUMMARY FOR OCTOBER 23 2017...

CLIMATE NORMAL PERIOD 1981 TO 2010
CLIMATE RECORD PERIOD 1901 TO 2017


WEATHER ITEM   OBSERVED TIME   RECORD YEAR NORMAL DEPARTURE LAST
                VALUE   (LST)  VALUE       VALUE  FROM      YEAR
                                                  NORMAL
..................................................................
TEMPERATURE (F)
 YESTERDAY
  MAXIMUM         69    653 AM  85    1947  66      3       68
                                      1931
                                      1920
  MINIMUM         55    745 PM  24    1997  43     12       37
                                      1976
                                      1930
  AVERAGE         62                        54      8       53

PRECIPITATION (IN)
  YESTERDAY        1.85R         0.98 2007   0.09   1.76      T
  MONTH TO DATE    3.51                      1.92   1.59     4.07
  SINCE JAN 1     41.34                     36.28   5.06    35.42

SNOWFALL (IN)
  YESTERDAY        0.0           T    2006   0.0    0.0      0.0
  MONTH TO DATE    0.0                       0.0    0.0      0.0
  SINCE SEP 1      0.0                       0.0    0.0      0.0
  SNOW DEPTH       0

DEGREE DAYS
 HEATING
  YESTERDAY        3                        11     -8       12
  MONTH TO DATE   67                       185   -118       95
  SINCE SEP 1    104                       241   -137      102
  SINCE JUL 1    104                       243   -139      102

 COOLING
  YESTERDAY        0                         0      0        0
  MONTH TO DATE   68                        16     52       37
  SINCE SEP 1    199                       143     56      286
  SINCE JAN 1   1137                      1089     48     1467
..................................................................


WIND (MPH)
  HIGHEST WIND SPEED    28   HIGHEST WIND DIRECTION    SW (240)
  HIGHEST GUST SPEED    41   HIGHEST GUST DIRECTION    SW (230)
  AVERAGE WIND SPEED     8.1


SKY COVER
  POSSIBLE SUNSHINE  MM
  AVERAGE SKY COVER 0.8


WEATHER CONDITIONS
 THE FOLLOWING WEATHER WAS RECORDED YESTERDAY.
  HEAVY RAIN
  RAIN
  LIGHT RAIN
  FOG


RELATIVE HUMIDITY (PERCENT)
 HIGHEST    93           900 AM
 LOWEST     56          1200 AM
 AVERAGE    75

..........................................................


THE CHARLESTON WV CLIMATE NORMALS FOR TODAY
                         NORMAL    RECORD    YEAR
 MAXIMUM TEMPERATURE (F)   65        86      1931
                                             1920
 MINIMUM TEMPERATURE (F)   43        20      1969


SUNRISE AND SUNSET
OCTOBER 24 2017.......SUNRISE   745 AM EDT   SUNSET   636 PM EDT
OCTOBER 25 2017.......SUNRISE   746 AM EDT   SUNSET   635 PM EDT


-  INDICATES NEGATIVE NUMBERS.
R  INDICATES RECORD WAS SET OR TIED.
MM INDICATES DATA IS MISSING.
T  INDICATES TRACE AMOUNT.




$$
