207
CDUS41 KRLX 162222
CLICRW


CLIMATE REPORT
NATIONAL WEATHER SERVICE CHARLESTON WV
522 PM EST TUE JAN 16 2018


...................................

...THE CHARLESTON WV CLIMATE SUMMARY FOR JANUARY 16 2018...
VALID TODAY AS OF 0500 PM LOCAL TIME.

CLIMATE NORMAL PERIOD 1981 TO 2010
CLIMATE RECORD PERIOD 1901 TO 2018


WEATHER ITEM   OBSERVED TIME   RECORD YEAR NORMAL DEPARTURE LAST
                VALUE   (LST)  VALUE       VALUE  FROM      YEAR
                                                  NORMAL
..................................................................
TEMPERATURE (F)
 TODAY
  MAXIMUM         35   1233 AM  70    1949  42     -7       58
  MINIMUM         19    359 PM -12    1994  26     -7       40
  AVERAGE         27                        34     -7       49

PRECIPITATION (IN)
  TODAY            0.09          1.89 1935   0.10  -0.01     0.02
  MONTH TO DATE    2.30                      1.54   0.76     2.91
  SINCE DEC 1      4.59                      4.81  -0.22     6.74
  SINCE JAN 1      2.30                      1.54   0.76     2.91

DEGREE DAYS
 HEATING
  TODAY           38                        31      7       16
  MONTH TO DATE  620                       495    125      425
  SINCE DEC 1   1518                      1351    167     1217
  SINCE JUL 1   2304                      2235     69     1871

 COOLING
  TODAY            0                         0      0        0
  MONTH TO DATE    0                         0      0        0
  SINCE DEC 1      0                         1     -1        0
  SINCE JAN 1      0                         0      0        0
..................................................................


WIND (MPH)
  HIGHEST WIND SPEED    13   HIGHEST WIND DIRECTION    NW (330)
  HIGHEST GUST SPEED    19   HIGHEST GUST DIRECTION    NW (320)
  AVERAGE WIND SPEED     4.6


SKY COVER
  POSSIBLE SUNSHINE  MM
  AVERAGE SKY COVER 1.0


WEATHER CONDITIONS
 THE FOLLOWING WEATHER WAS RECORDED TODAY.
  LIGHT SNOW
  FOG
  HAZE


RELATIVE HUMIDITY (PERCENT)
 HIGHEST    92           800 AM
 LOWEST     69          1200 AM
 AVERAGE    81

..........................................................


THE CHARLESTON WV CLIMATE NORMALS FOR TOMORROW
                         NORMAL    RECORD    YEAR
 MAXIMUM TEMPERATURE (F)   42        66      2017
                                             1928
                                             1913
 MINIMUM TEMPERATURE (F)   26       -13      1982


SUNRISE AND SUNSET
JANUARY 16 2018.......SUNRISE   742 AM EST   SUNSET   531 PM EST
JANUARY 17 2018.......SUNRISE   741 AM EST   SUNSET   532 PM EST


-  INDICATES NEGATIVE NUMBERS.
R  INDICATES RECORD WAS SET OR TIED.
MM INDICATES DATA IS MISSING.
T  INDICATES TRACE AMOUNT.




$$
