000
CDUS41 KRLX 100820
CLICRW


CLIMATE REPORT
NATIONAL WEATHER SERVICE CHARLESTON WV
320 AM EST SAT DEC 10 2016


...................................

...THE CHARLESTON WV CLIMATE SUMMARY FOR DECEMBER 9 2016...

CLIMATE NORMAL PERIOD 1981 TO 2010
CLIMATE RECORD PERIOD 1901 TO 2016


WEATHER ITEM   OBSERVED TIME   RECORD YEAR NORMAL DEPARTURE LAST
                VALUE   (LST)  VALUE       VALUE  FROM      YEAR
                                                  NORMAL
..................................................................
TEMPERATURE (F)
 YESTERDAY
  MAXIMUM         28    218 PM  76    1966  47    -19       61
  MINIMUM         24   1159 PM   1    1917  31     -7       28
  AVERAGE         26                        39    -13       45

PRECIPITATION (IN)
  YESTERDAY        T             1.14 1986   0.11  -0.11      T
  MONTH TO DATE    0.39                      1.00  -0.61     2.08
  SINCE JAN 1     38.49                     41.76  -3.27    45.00

SNOWFALL (IN)
  YESTERDAY        0.2
  MONTH TO DATE    0.2
  SINCE SEP 1      0.3
  SNOW DEPTH       0

DEGREE DAYS
 HEATING
  YESTERDAY       39                        26     13       20
  MONTH TO DATE  232                       225      7      196
  SINCE DEC 1    232                       225      7      196
  SINCE JUL 1    886                      1109   -223      848

 COOLING
  YESTERDAY        0                         0      0        0
  MONTH TO DATE    0                         0      0        0
  SINCE DEC 1      0                         0      0        0
  SINCE JAN 1   1473                      1096    377     1266
..................................................................


WIND (MPH)
  HIGHEST WIND SPEED    16   HIGHEST WIND DIRECTION    NW (310)
  HIGHEST GUST SPEED    22   HIGHEST GUST DIRECTION    NW (300)
  AVERAGE WIND SPEED     8.0


SKY COVER
  POSSIBLE SUNSHINE  MM
  AVERAGE SKY COVER 1.0


WEATHER CONDITIONS
 THE FOLLOWING WEATHER WAS RECORDED YESTERDAY.
  LIGHT SNOW


RELATIVE HUMIDITY (PERCENT)
 HIGHEST    68           900 AM
 LOWEST     55          1100 AM
 AVERAGE    62

..........................................................


THE CHARLESTON WV CLIMATE NORMALS FOR TODAY
                         NORMAL    RECORD    YEAR
 MAXIMUM TEMPERATURE (F)   47        80      1971
 MINIMUM TEMPERATURE (F)   30         0      1917


SUNRISE AND SUNSET
DECEMBER 10 2016......SUNRISE   733 AM EST   SUNSET   506 PM EST
DECEMBER 11 2016......SUNRISE   734 AM EST   SUNSET   506 PM EST


-  INDICATES NEGATIVE NUMBERS.
R  INDICATES RECORD WAS SET OR TIED.
MM INDICATES DATA IS MISSING.
T  INDICATES TRACE AMOUNT.




$$
