000
CDUS41 KRLX 262216
CLICRW


CLIMATE REPORT
NATIONAL WEATHER SERVICE CHARLESTON WV
516 PM EST FRI DEC 26 2014


...................................

...THE CHARLESTON WV CLIMATE SUMMARY FOR DECEMBER 26 2014...
VALID TODAY AS OF 0500 PM LOCAL TIME.

CLIMATE NORMAL PERIOD 1981 TO 2010
CLIMATE RECORD PERIOD 1901 TO 2014


WEATHER ITEM   OBSERVED TIME   RECORD YEAR NORMAL DEPARTURE LAST
                VALUE   (LST)  VALUE       VALUE  FROM      YEAR
                                                  NORMAL
..................................................................
TEMPERATURE (F)
 TODAY
  MAXIMUM         52    344 PM  70    1942  43      9       43
  MINIMUM         25    737 AM   1    1983  27     -2       27
  AVERAGE         39                        35      4       35

PRECIPITATION (IN)
  TODAY            0.00          1.12 1913   0.10  -0.10      T
  MONTH TO DATE    2.62                      2.78  -0.16     5.33
  SINCE DEC 1      2.62                      2.78  -0.16     5.33
  SINCE JAN 1     45.98                     43.54   2.44    46.30

DEGREE DAYS
 HEATING
  TODAY           26                        30     -4       30
  MONTH TO DATE  634                       706    -72      649
  SINCE DEC 1    634                       706    -72      649
  SINCE JUL 1   1677                      1590     87     1606

 COOLING
  TODAY            0                         0      0        0
  MONTH TO DATE    0                         0      0        2
  SINCE DEC 1      0                         0      0        2
  SINCE JAN 1   1049                      1096    -47     1123
..................................................................


WIND (MPH)
  HIGHEST WIND SPEED    10   HIGHEST WIND DIRECTION     S (200)
  HIGHEST GUST SPEED    14   HIGHEST GUST DIRECTION     S (200)
  AVERAGE WIND SPEED     2.1


SKY COVER
  POSSIBLE SUNSHINE  MM
  AVERAGE SKY COVER 0.4


WEATHER CONDITIONS
 THE FOLLOWING WEATHER WAS RECORDED TODAY.
  FOG
  FOG W/VISIBILITY <= 1/4 MILE


RELATIVE HUMIDITY (PERCENT)
 HIGHEST   100          1200 AM
 LOWEST     42           500 PM
 AVERAGE    71

..........................................................


THE CHARLESTON WV CLIMATE NORMALS FOR TOMORROW
                         NORMAL    RECORD    YEAR
 MAXIMUM TEMPERATURE (F)   43        73      2008
 MINIMUM TEMPERATURE (F)   27         2      1925


SUNRISE AND SUNSET
DECEMBER 26 2014......SUNRISE   742 AM EST   SUNSET   512 PM EST
DECEMBER 27 2014......SUNRISE   742 AM EST   SUNSET   513 PM EST


-  INDICATES NEGATIVE NUMBERS.
R  INDICATES RECORD WAS SET OR TIED.
MM INDICATES DATA IS MISSING.
T  INDICATES TRACE AMOUNT.




$$
