000
CDUS41 KRLX 020727
CLICRW


CLIMATE REPORT
NATIONAL WEATHER SERVICE CHARLESTON WV
315 AM EDT MON MAY 2 2016


...................................

...THE CHARLESTON WV CLIMATE SUMMARY FOR MAY 1 2016...

CLIMATE NORMAL PERIOD 1981 TO 2010
CLIMATE RECORD PERIOD 1901 TO 2016


WEATHER ITEM   OBSERVED TIME   RECORD YEAR NORMAL DEPARTURE LAST
                VALUE   (LST)  VALUE       VALUE  FROM      YEAR
                                                  NORMAL
..................................................................
TEMPERATURE (F)
 YESTERDAY
  MAXIMUM         80    215 PM  94    1942  72      8       66
  MINIMUM         59    522 AM  31    1969  49     10       47
  AVERAGE         70                        60     10       57

PRECIPITATION (IN)
  YESTERDAY        1.32          1.45 1909   0.13   1.19     0.02
  MONTH TO DATE    1.32                      0.13   1.19     0.02
  SINCE JAN 1     13.09                     13.47  -0.38    17.28

SNOWFALL (IN)
  YESTERDAY        0.0
  MONTH TO DATE    0.0
  SINCE SEP 1     33.5
  SNOW DEPTH       0

DEGREE DAYS
 HEATING
  YESTERDAY        0                         6     -6        8
  MONTH TO DATE    0                         6     -6        8
  SINCE MAR 1    643                       900   -257      884
  SINCE JUL 1   3578                      4354   -776     4789

 COOLING
  YESTERDAY        5                         1      4        0
  MONTH TO DATE    5                         1      4        0
  SINCE MAR 1     51                        33     18       15
  SINCE JAN 1     51                        33     18       15
..................................................................


WIND (MPH)
  HIGHEST WIND SPEED    17   HIGHEST WIND DIRECTION     S (190)
  HIGHEST GUST SPEED    22   HIGHEST GUST DIRECTION    NW (320)
  AVERAGE WIND SPEED     4.3


SKY COVER
  POSSIBLE SUNSHINE  MM
  AVERAGE SKY COVER 0.7


WEATHER CONDITIONS
 THE FOLLOWING WEATHER WAS RECORDED YESTERDAY.
  THUNDERSTORM
  HEAVY RAIN
  RAIN
  LIGHT RAIN
  FOG


RELATIVE HUMIDITY (PERCENT)
 HIGHEST    97          1200 AM
 LOWEST     54           200 PM
 AVERAGE    76

..........................................................


THE CHARLESTON WV CLIMATE NORMALS FOR TODAY
                         NORMAL    RECORD    YEAR
 MAXIMUM TEMPERATURE (F)   72        91      1933
 MINIMUM TEMPERATURE (F)   49        28      1963


SUNRISE AND SUNSET
MAY  2 2016...........SUNRISE   628 AM EDT   SUNSET   819 PM EDT
MAY  3 2016...........SUNRISE   627 AM EDT   SUNSET   820 PM EDT


-  INDICATES NEGATIVE NUMBERS.
R  INDICATES RECORD WAS SET OR TIED.
MM INDICATES DATA IS MISSING.
T  INDICATES TRACE AMOUNT.




$$
