000
CDUS42 KFFC 290920
CLICSG


CLIMATE REPORT
NATIONAL WEATHER SERVICE PEACHTREE CITY GA
419 AM EST MON DEC 29 2014


...................................

...THE COLUMBUS CLIMATE SUMMARY FOR DECEMBER 28 2014...

CLIMATE NORMAL PERIOD 1981 TO 2010
CLIMATE RECORD PERIOD 1948 TO 2014


WEATHER ITEM   OBSERVED TIME   RECORD YEAR NORMAL DEPARTURE LAST
                VALUE   (LST)  VALUE       VALUE  FROM      YEAR
                                                  NORMAL
..................................................................
TEMPERATURE (F)
 YESTERDAY
  MAXIMUM         67    459 PM  80    1984  57     10       46
  MINIMUM         53    241 AM  23    2010  37     16       40
                                      1977
  AVERAGE         60                        47     13       43

PRECIPITATION (IN)
  YESTERDAY        0.57          2.60 1966   0.13   0.44     1.94
  MONTH TO DATE    4.59                      3.91   0.68     8.49
  SINCE DEC 1      4.59                      3.91   0.68     8.49
  SINCE JAN 1     52.10                     46.39   5.71    62.27

SNOWFALL (IN)
  YESTERDAY        0.0           0.0  2001   0.0    0.0      0.0
  MONTH TO DATE    0.0                       0.1   -0.1      0.0
  SINCE DEC 1      0.0                       0.1   -0.1      0.0
  SINCE JUL 1      0.0                       0.1   -0.1      0.0
  SNOW DEPTH       0

DEGREE DAYS
 HEATING
  YESTERDAY        5                        18    -13       22
  MONTH TO DATE  354                       442    -88      370
  SINCE DEC 1    354                       442    -88      370
  SINCE JUL 1    822                       774     48      718

 COOLING
  YESTERDAY        0                         0      0        0
  MONTH TO DATE    1                         0      1       17
  SINCE DEC 1      1                         0      1       17
  SINCE JAN 1   2314                      2364    -50     2364
..................................................................


WIND (MPH)
  HIGHEST WIND SPEED     8   HIGHEST WIND DIRECTION    NW (330)
  HIGHEST GUST SPEED    17   HIGHEST GUST DIRECTION    SE (150)
  AVERAGE WIND SPEED     1.3


SKY COVER
  AVERAGE SKY COVER 0.9


WEATHER CONDITIONS
 THE FOLLOWING WEATHER WAS RECORDED YESTERDAY.
  HEAVY RAIN
  RAIN
  LIGHT RAIN
  FOG
  FOG W/VISIBILITY <= 1/4 MILE


RELATIVE HUMIDITY (PERCENT)
 HIGHEST   100           300 AM
 LOWEST     93          1200 AM
 AVERAGE    97

..........................................................


THE COLUMBUS CLIMATE NORMALS FOR TODAY
                         NORMAL    RECORD    YEAR
 MAXIMUM TEMPERATURE (F)   57        79      1984
 MINIMUM TEMPERATURE (F)   37        22      1977
                                             1961
                                             1952


SUNRISE AND SUNSET
DECEMBER 29 2014......SUNRISE   741 AM EST   SUNSET   543 PM EST
DECEMBER 30 2014......SUNRISE   741 AM EST   SUNSET   544 PM EST


-  INDICATES NEGATIVE NUMBERS.
R  INDICATES RECORD WAS SET OR TIED.
MM INDICATES DATA IS MISSING.
T  INDICATES TRACE AMOUNT.




$$
