000
CDUS42 KFFC 012040
CLICSG


CLIMATE REPORT
NATIONAL WEATHER SERVICE PEACHTREE CITY GA
440 PM EDT SUN MAY 1 2016


...................................

...THE COLUMBUS CLIMATE SUMMARY FOR MAY 1 2016...
VALID TODAY AS OF 0400 PM LOCAL TIME.

CLIMATE NORMAL PERIOD 1981 TO 2010
CLIMATE RECORD PERIOD 1948 TO 2016


WEATHER ITEM   OBSERVED TIME   RECORD YEAR NORMAL DEPARTURE LAST
                VALUE   (LST)  VALUE       VALUE  FROM      YEAR
                                                  NORMAL
..................................................................
TEMPERATURE (F)
 TODAY
  MAXIMUM         84    255 PM  92    2012  80      4       75
  MINIMUM         66    623 AM  44    1996  57      9       52
                                      1965
  AVERAGE         75                        69      6       64

PRECIPITATION (IN)
  TODAY            0.00          1.57 1989   0.10  -0.10     0.00
  MONTH TO DATE    0.00                      0.10  -0.10     0.00
  SINCE MAR 1      9.50                      9.11   0.39     8.93
  SINCE JAN 1     16.93                     17.40  -0.47    16.30

SNOWFALL (IN)
  TODAY            0.0           0.0  2002   0.0    0.0      0.0
                                      2001
                                      2000
  MONTH TO DATE    0.0                       0.0    0.0      0.0
  SINCE MAR 1      0.0                       0.1   -0.1      0.0
  SINCE JUL 1      0.0                       0.4   -0.4      0.0
  SNOW DEPTH       0

DEGREE DAYS
 HEATING
  TODAY            0                         1     -1        1
  MONTH TO DATE    0                         1     -1        1
  SINCE MAR 1    214                       336   -122      201
  SINCE JUL 1   1604                      2113   -509     2211

 COOLING
  TODAY           10                         5      5        0
  MONTH TO DATE   10                         5      5        0
  SINCE MAR 1    148                       105     43      149
  SINCE JAN 1    150                       109     41      149
..................................................................


WIND (MPH)
  RESULTANT WIND SPEED   5   RESULTANT WIND DIRECTION  SW (210)
  HIGHEST WIND SPEED    14   HIGHEST WIND DIRECTION    SW (240)
  HIGHEST GUST SPEED    18   HIGHEST GUST DIRECTION     W (250)
  AVERAGE WIND SPEED     5.4


SKY COVER
  AVERAGE SKY COVER 0.2


WEATHER CONDITIONS
 THE FOLLOWING WEATHER WAS RECORDED TODAY.
  NO SIGNIFICANT WEATHER WAS OBSERVED.


RELATIVE HUMIDITY (PERCENT)
 HIGHEST    87           500 AM
 LOWEST     51           300 PM
 AVERAGE    69

..........................................................


THE COLUMBUS CLIMATE NORMALS FOR TOMORROW
                         NORMAL    RECORD    YEAR
 MAXIMUM TEMPERATURE (F)   81        93      1948
 MINIMUM TEMPERATURE (F)   57        39      1963


SUNRISE AND SUNSET
MAY  1 2016...........SUNRISE   653 AM EDT   SUNSET   821 PM EDT
MAY  2 2016...........SUNRISE   652 AM EDT   SUNSET   822 PM EDT


-  INDICATES NEGATIVE NUMBERS.
R  INDICATES RECORD WAS SET OR TIED.
MM INDICATES DATA IS MISSING.
T  INDICATES TRACE AMOUNT.




$$
