000
CDUS42 KFFC 130931
CLICSG


CLIMATE REPORT
NATIONAL WEATHER SERVICE PEACHTREE CITY GA
430 AM EST SAT FEB 13 2016


...................................

...THE COLUMBUS CLIMATE SUMMARY FOR FEBRUARY 12 2016...

CLIMATE NORMAL PERIOD 1981 TO 2010
CLIMATE RECORD PERIOD 1948 TO 2016


WEATHER ITEM   OBSERVED TIME   RECORD YEAR NORMAL DEPARTURE LAST
                VALUE   (LST)  VALUE       VALUE  FROM      YEAR
                                                  NORMAL
..................................................................
TEMPERATURE (F)
 YESTERDAY
  MAXIMUM         69    318 PM  76    2000  61      8       57
  MINIMUM         41    541 AM  16    1981  40      1       31
  AVERAGE         55                        50      5       44

PRECIPITATION (IN)
  YESTERDAY        0.00          3.13 2013   0.16  -0.16     0.00
  MONTH TO DATE    2.38                      1.81   0.57     1.24
  SINCE DEC 1     22.96                      9.93  13.03     9.01
  SINCE JAN 1      5.58                      5.66  -0.08     4.39

SNOWFALL (IN)
  YESTERDAY        0.0           2.0  2010   0.0    0.0      0.0
  MONTH TO DATE    0.0                       0.0    0.0      0.0
  SINCE DEC 1      0.0                       0.3   -0.3      0.0
  SINCE JUL 1      0.0                       0.3   -0.3      0.0
  SNOW DEPTH       0

DEGREE DAYS
 HEATING
  YESTERDAY       10                        15     -5       21
  MONTH TO DATE  196                       188      8      210
  SINCE DEC 1    999                      1239   -240     1192
  SINCE JUL 1   1195                      1571   -376     1660

 COOLING
  YESTERDAY        0                         0      0        0
  MONTH TO DATE    0                         0      0        0
  SINCE DEC 1     34                         5     29        1
  SINCE JAN 1      0                         1     -1        0
..................................................................


WIND (MPH)
  HIGHEST WIND SPEED    18   HIGHEST WIND DIRECTION     W (280)
  HIGHEST GUST SPEED    23   HIGHEST GUST DIRECTION     W (290)
  AVERAGE WIND SPEED     8.0


SKY COVER
  AVERAGE SKY COVER 0.3


WEATHER CONDITIONS
 THE FOLLOWING WEATHER WAS RECORDED YESTERDAY.
  NO SIGNIFICANT WEATHER WAS OBSERVED.


RELATIVE HUMIDITY (PERCENT)
 HIGHEST    71          1000 AM
 LOWEST     29           600 PM
 AVERAGE    50

..........................................................


THE COLUMBUS CLIMATE NORMALS FOR TODAY
                         NORMAL    RECORD    YEAR
 MAXIMUM TEMPERATURE (F)   62        83      1962
 MINIMUM TEMPERATURE (F)   40        17      1955


SUNRISE AND SUNSET
FEBRUARY 13 2016......SUNRISE   725 AM EST   SUNSET   623 PM EST
FEBRUARY 14 2016......SUNRISE   724 AM EST   SUNSET   624 PM EST


-  INDICATES NEGATIVE NUMBERS.
R  INDICATES RECORD WAS SET OR TIED.
MM INDICATES DATA IS MISSING.
T  INDICATES TRACE AMOUNT.




$$
