000
CDUS42 KFFC 300823
CLICSG


CLIMATE REPORT
NATIONAL WEATHER SERVICE PEACHTREE CITY GA
422 AM EDT MON MAY 30 2016


...................................

...THE COLUMBUS CLIMATE SUMMARY FOR MAY 29 2016...

CLIMATE NORMAL PERIOD 1981 TO 2010
CLIMATE RECORD PERIOD 1948 TO 2016


WEATHER ITEM   OBSERVED TIME   RECORD YEAR NORMAL DEPARTURE LAST
                VALUE   (LST)  VALUE       VALUE  FROM      YEAR
                                                  NORMAL
..................................................................
TEMPERATURE (F)
 YESTERDAY
  MAXIMUM         90    434 PM  99    1941  87      3       86
                                      1937
  MINIMUM         65    553 AM  48    1961  66     -1       66
  AVERAGE         78                        76      2       76

PRECIPITATION (IN)
  YESTERDAY        0.00          3.22 1952   0.11  -0.11     0.00
  MONTH TO DATE    2.51                      2.96  -0.45     2.92
  SINCE MAR 1     12.01                     11.97   0.04    11.85
  SINCE JAN 1     19.44                     20.26  -0.82    19.22

DEGREE DAYS
 HEATING
  YESTERDAY        0                         0      0        0
  MONTH TO DATE    7                         6      1        2
  SINCE MAR 1    221                       341   -120      202
  SINCE JUL 1   1611                      2118   -507     2212

 COOLING
  YESTERDAY       13                        11      2       11
  MONTH TO DATE  213                       229    -16      269
  SINCE MAR 1    351                       329     22      418
  SINCE JAN 1    353                       333     20      418
..................................................................


WIND (MPH)
  HIGHEST WIND SPEED    12   HIGHEST WIND DIRECTION    NW (330)
  HIGHEST GUST SPEED    18   HIGHEST GUST DIRECTION    NW (310)
  AVERAGE WIND SPEED     3.8


SKY COVER
  AVERAGE SKY COVER 0.1


WEATHER CONDITIONS
 THE FOLLOWING WEATHER WAS RECORDED YESTERDAY.
  NO SIGNIFICANT WEATHER WAS OBSERVED.


RELATIVE HUMIDITY (PERCENT)
 HIGHEST    93           600 AM
 LOWEST     36           300 PM
 AVERAGE    65

..........................................................


THE COLUMBUS CLIMATE NORMALS FOR TODAY
                         NORMAL    RECORD    YEAR
 MAXIMUM TEMPERATURE (F)   87       100      1937
 MINIMUM TEMPERATURE (F)   66        49      1984


SUNRISE AND SUNSET
MAY 30 2016...........SUNRISE   634 AM EDT   SUNSET   841 PM EDT
MAY 31 2016...........SUNRISE   633 AM EDT   SUNSET   842 PM EDT


-  INDICATES NEGATIVE NUMBERS.
R  INDICATES RECORD WAS SET OR TIED.
MM INDICATES DATA IS MISSING.
T  INDICATES TRACE AMOUNT.




$$
