000
CDUS42 KFFC 140922
CLICSG


CLIMATE REPORT
NATIONAL WEATHER SERVICE PEACHTREE CITY GA
421 AM EST THU DEC 14 2017


...................................

...THE COLUMBUS CLIMATE SUMMARY FOR DECEMBER 13 2017...

CLIMATE NORMAL PERIOD 1981 TO 2010
CLIMATE RECORD PERIOD 1948 TO 2017


WEATHER ITEM   OBSERVED TIME   RECORD YEAR NORMAL DEPARTURE LAST
                VALUE   (LST)  VALUE       VALUE  FROM      YEAR
                                                  NORMAL
..................................................................
TEMPERATURE (F)
 YESTERDAY
  MAXIMUM         53    503 PM  77    1984  60     -7       65
                                      1931
  MINIMUM         30    753 AM   4    1962  39     -9       59
  AVERAGE         42                        49     -7       62

PRECIPITATION (IN)
  YESTERDAY        0.00          3.10 1907   0.13  -0.13     1.22
  MONTH TO DATE    1.92                      1.92   0.00     3.31
  SINCE DEC 1      1.92                      1.92   0.00     3.31
  SINCE JAN 1     50.36                     44.40   5.96    34.08

SNOWFALL (IN)
  YESTERDAY        0.0           0.0  2001   0.0    0.0      0.0
  MONTH TO DATE    T                         0.0    0.0      0.0
  SINCE DEC 1      T                         0.0    0.0      0.0
  SINCE JUL 1      T                         0.0    0.0      0.0
  SNOW DEPTH       0

DEGREE DAYS
 HEATING
  YESTERDAY       23                        16      7        3
  MONTH TO DATE  172                       186    -14      181
  SINCE DEC 1    172                       186    -14      181
  SINCE JUL 1    436                       518    -82      368

 COOLING
  YESTERDAY        0                         0      0        0
  MONTH TO DATE    4                         0      4        0
  SINCE DEC 1      4                         0      4        0
  SINCE JAN 1   2718                      2364    354     2755
..................................................................


WIND (MPH)
  HIGHEST WIND SPEED    15   HIGHEST WIND DIRECTION     N (350)
  HIGHEST GUST SPEED    20   HIGHEST GUST DIRECTION     N (340)
  AVERAGE WIND SPEED     5.9


SKY COVER
  AVERAGE SKY COVER 0.0


WEATHER CONDITIONS
 THE FOLLOWING WEATHER WAS RECORDED YESTERDAY.
  NO SIGNIFICANT WEATHER WAS OBSERVED.


RELATIVE HUMIDITY (PERCENT)
 HIGHEST    63           800 AM
 LOWEST     21           200 PM
 AVERAGE    42

..........................................................


THE COLUMBUS CLIMATE NORMALS FOR TODAY
                         NORMAL    RECORD    YEAR
 MAXIMUM TEMPERATURE (F)   59        80      1931
                                             1926
 MINIMUM TEMPERATURE (F)   39        17      1960


SUNRISE AND SUNSET
DECEMBER 14 2017......SUNRISE   734 AM EST   SUNSET   536 PM EST
DECEMBER 15 2017......SUNRISE   734 AM EST   SUNSET   536 PM EST


-  INDICATES NEGATIVE NUMBERS.
R  INDICATES RECORD WAS SET OR TIED.
MM INDICATES DATA IS MISSING.
T  INDICATES TRACE AMOUNT.




$$
