000
CDUS42 KFFC 280820
CLICSG


CLIMATE REPORT
NATIONAL WEATHER SERVICE PEACHTREE CITY GA
420 AM EDT WED JUN 28 2017


...................................

...THE COLUMBUS CLIMATE SUMMARY FOR JUNE 27 2017...

CLIMATE NORMAL PERIOD 1981 TO 2010
CLIMATE RECORD PERIOD 1948 TO 2017


WEATHER ITEM   OBSERVED TIME   RECORD YEAR NORMAL DEPARTURE LAST
                VALUE   (LST)  VALUE       VALUE  FROM      YEAR
                                                  NORMAL
..................................................................
TEMPERATURE (F)
 YESTERDAY
  MAXIMUM         88    601 PM 104    1914  92     -4       94
  MINIMUM         68    509 AM  61    1974  72     -4       70
  AVERAGE         78                        82     -4       82

PRECIPITATION (IN)
  YESTERDAY        0.00          2.15 1953   0.13  -0.13     0.00
  MONTH TO DATE    2.66                      3.32  -0.66     2.01
  SINCE JUN 1      2.66                      3.32  -0.66     2.01
  SINCE JAN 1     28.23                     23.81   4.42    21.45

DEGREE DAYS
 HEATING
  YESTERDAY        0                         0      0        0
  MONTH TO DATE    0                         0      0        0
  SINCE JUN 1      0                         0      0        0
  SINCE JUL 1   1369                      2120   -751     1611

 COOLING
  YESTERDAY       13                        17     -4       17
  MONTH TO DATE  381                       395    -14      443
  SINCE JUN 1    381                       395    -14      443
  SINCE JAN 1    933                       753    180      829
..................................................................


WIND (MPH)
  HIGHEST WIND SPEED    13   HIGHEST WIND DIRECTION     E (70)
  HIGHEST GUST SPEED    18   HIGHEST GUST DIRECTION    NE (60)
  AVERAGE WIND SPEED     3.8


SKY COVER
  AVERAGE SKY COVER 0.1


WEATHER CONDITIONS
 THE FOLLOWING WEATHER WAS RECORDED YESTERDAY.
  NO SIGNIFICANT WEATHER WAS OBSERVED.


RELATIVE HUMIDITY (PERCENT)
 HIGHEST    84           300 AM
 LOWEST     36           600 PM
 AVERAGE    60

..........................................................


THE COLUMBUS CLIMATE NORMALS FOR TODAY
                         NORMAL    RECORD    YEAR
 MAXIMUM TEMPERATURE (F)   92       103      1954
 MINIMUM TEMPERATURE (F)   72        56      1974


SUNRISE AND SUNSET
JUNE 28 2017..........SUNRISE   635 AM EDT   SUNSET   851 PM EDT
JUNE 29 2017..........SUNRISE   635 AM EDT   SUNSET   851 PM EDT


-  INDICATES NEGATIVE NUMBERS.
R  INDICATES RECORD WAS SET OR TIED.
MM INDICATES DATA IS MISSING.
T  INDICATES TRACE AMOUNT.




$$
