000
CDUS42 KFFC 300817
CLICSG


CLIMATE REPORT
NATIONAL WEATHER SERVICE PEACHTREE CITY GA
416 AM EDT SAT JUL 30 2016


...................................

...THE COLUMBUS CLIMATE SUMMARY FOR JULY 29 2016...

CLIMATE NORMAL PERIOD 1981 TO 2010
CLIMATE RECORD PERIOD 1948 TO 2016


WEATHER ITEM   OBSERVED TIME   RECORD YEAR NORMAL DEPARTURE LAST
                VALUE   (LST)  VALUE       VALUE  FROM      YEAR
                                                  NORMAL
..................................................................
TEMPERATURE (F)
 YESTERDAY
  MAXIMUM         97    515 PM 101    1952  92      5      100
  MINIMUM         75    615 AM  63    1920  73      2       76
  AVERAGE         86                        83      3       88

PRECIPITATION (IN)
  YESTERDAY        0.00          2.59 1971   0.15  -0.15      T
                                      1894
  MONTH TO DATE    0.87                      4.47  -3.60     1.96
  SINCE JUN 1      3.02                      8.19  -5.17     6.03
  SINCE JAN 1     22.46                     28.68  -6.22    25.51

DEGREE DAYS
 HEATING
  YESTERDAY        0                         0      0        0
  MONTH TO DATE    0                         0      0        0
  SINCE JUN 1      0                         0      0        0
  SINCE JUL 1      0                         0      0        0

 COOLING
  YESTERDAY       21                        18      3       23
  MONTH TO DATE  568                       514     54      547
  SINCE JUN 1   1064                       960    104     1019
  SINCE JAN 1   1450                      1318    132     1465
..................................................................


WIND (MPH)
  HIGHEST WIND SPEED    20   HIGHEST WIND DIRECTION    NW (300)
  HIGHEST GUST SPEED    24   HIGHEST GUST DIRECTION    NW (300)
  AVERAGE WIND SPEED     7.6


SKY COVER
  AVERAGE SKY COVER 0.2


WEATHER CONDITIONS
 THE FOLLOWING WEATHER WAS RECORDED YESTERDAY.
  NO SIGNIFICANT WEATHER WAS OBSERVED.


RELATIVE HUMIDITY (PERCENT)
 HIGHEST    82           600 AM
 LOWEST     36           300 PM
 AVERAGE    59

..........................................................


THE COLUMBUS CLIMATE NORMALS FOR TODAY
                         NORMAL    RECORD    YEAR
 MAXIMUM TEMPERATURE (F)   92       102      2010
                                             1986
 MINIMUM TEMPERATURE (F)   73        63      2014
                                             1920


SUNRISE AND SUNSET
JULY 30 2016..........SUNRISE   653 AM EDT   SUNSET   839 PM EDT
JULY 31 2016..........SUNRISE   654 AM EDT   SUNSET   838 PM EDT


-  INDICATES NEGATIVE NUMBERS.
R  INDICATES RECORD WAS SET OR TIED.
MM INDICATES DATA IS MISSING.
T  INDICATES TRACE AMOUNT.




$$
