419
CDUS42 KFFC 302050
CLICSG


CLIMATE REPORT
NATIONAL WEATHER SERVICE PEACHTREE CITY GA
450 PM EDT THU MAR 30 2017


...................................

...THE COLUMBUS CLIMATE SUMMARY FOR MARCH 30 2017...
VALID TODAY AS OF 0400 PM LOCAL TIME.

CLIMATE NORMAL PERIOD 1981 TO 2010
CLIMATE RECORD PERIOD 1948 TO 2017


WEATHER ITEM   OBSERVED TIME   RECORD YEAR NORMAL DEPARTURE LAST
                VALUE   (LST)  VALUE       VALUE  FROM      YEAR
                                                  NORMAL
..................................................................
TEMPERATURE (F)
 TODAY
  MAXIMUM         84    303 PM  90    1928  73     11       75
  MINIMUM         59    610 AM  29    1964  49     10       49
  AVERAGE         72                        61     11       62

PRECIPITATION (IN)
  TODAY            0.00          2.94 2000   0.16  -0.16     0.00
  MONTH TO DATE    1.41                      5.30  -3.89     2.39
  SINCE MAR 1      1.41                      5.30  -3.89     2.39
  SINCE JAN 1     15.67                     13.59   2.08     9.82

SNOWFALL (IN)
  TODAY            0.0           0.0  2002   0.0    0.0      0.0
                                      2001
                                      2000
  MONTH TO DATE    0.0                       0.1   -0.1      0.0
  SINCE MAR 1      0.0                       0.1   -0.1      0.0
  SINCE JUL 1      0.0                       0.4   -0.4      0.0
  SNOW DEPTH       0

DEGREE DAYS
 HEATING
  TODAY            0                         5     -5        3
  MONTH TO DATE  203                       241    -38      145
  SINCE MAR 1    203                       241    -38      145
  SINCE JUL 1   1333                      2018   -685     1535

 COOLING
  TODAY            7                         1      6        0
  MONTH TO DATE   64                        23     41       55
  SINCE MAR 1     64                        23     41       55
  SINCE JAN 1     81                        27     54       57
..................................................................


WIND (MPH)
  RESULTANT WIND SPEED   4   RESULTANT WIND DIRECTION  SW (210)
  HIGHEST WIND SPEED    17   HIGHEST WIND DIRECTION     S (200)
  HIGHEST GUST SPEED    22   HIGHEST GUST DIRECTION     S (200)
  AVERAGE WIND SPEED     4.7


SKY COVER
  AVERAGE SKY COVER 0.0


WEATHER CONDITIONS
 THE FOLLOWING WEATHER WAS RECORDED TODAY.
  HAZE


RELATIVE HUMIDITY (PERCENT)
 HIGHEST    84           500 AM
 LOWEST     39           100 PM
 AVERAGE    62

..........................................................


THE COLUMBUS CLIMATE NORMALS FOR TOMORROW
                         NORMAL    RECORD    YEAR
 MAXIMUM TEMPERATURE (F)   73        88      1907
 MINIMUM TEMPERATURE (F)   49        28      1964
                                             1950


SUNRISE AND SUNSET
MARCH 30 2017.........SUNRISE   730 AM EDT   SUNSET   759 PM EDT
MARCH 31 2017.........SUNRISE   729 AM EDT   SUNSET   759 PM EDT


-  INDICATES NEGATIVE NUMBERS.
R  INDICATES RECORD WAS SET OR TIED.
MM INDICATES DATA IS MISSING.
T  INDICATES TRACE AMOUNT.




$$
