000
CDUS45 KTFX 232232
CLICTB


CLIMATE REPORT
NATIONAL WEATHER SERVICE GREAT FALLS MT
430 PM MDT TUE AUG 23 2016


...................................

...THE CUT BANK MT CLIMATE SUMMARY FOR AUGUST 23 2016...
VALID TODAY AS OF 0400 PM LOCAL TIME.

CLIMATE NORMAL PERIOD 1981 TO 2010
CLIMATE RECORD PERIOD 1903 TO 2016


WEATHER ITEM   OBSERVED TIME   RECORD YEAR NORMAL DEPARTURE LAST
                VALUE   (LST)  VALUE       VALUE  FROM      YEAR
                                                  NORMAL
..................................................................
TEMPERATURE (F)
 TODAY
  MAXIMUM         66    254 PM  98    1930  77    -11       80
  MINIMUM         48    634 AM  31    1992  47      1       32
  AVERAGE         57                        62     -5       56

PRECIPITATION (IN)
  TODAY            0.00          1.02 1975   0.04  -0.04     0.00
  MONTH TO DATE    1.17                      0.87   0.30     0.60
  SINCE OCT 1     10.56                      9.36   1.20     8.28
  SINCE JAN 1      8.64                      8.34   0.30     5.75

DEGREE DAYS
 HEATING
  TODAY            8                         4      4        9
  MONTH TO DATE   62                        65     -3       74
  SINCE JUN 1    300                       384    -84      271
  SINCE JUL 1    136                       151    -15      141

 COOLING
  TODAY            0                         1     -1        0
  MONTH TO DATE   25                        57    -32       70
  SINCE JUN 1     98                       144    -46      200
  SINCE JAN 1     98                       146    -48      200
..................................................................


WIND (MPH)
  HIGHEST WIND SPEED    36   HIGHEST WIND DIRECTION     N (340)
  HIGHEST GUST SPEED    44   HIGHEST GUST DIRECTION     N (340)
  AVERAGE WIND SPEED    13.6


SKY COVER
  AVERAGE SKY COVER 0.8


WEATHER CONDITIONS
 THE FOLLOWING WEATHER WAS RECORDED TODAY.
  NO SIGNIFICANT WEATHER WAS OBSERVED.


RELATIVE HUMIDITY (PERCENT)
 HIGHEST    68           700 AM
 LOWEST     36           100 AM
 AVERAGE    52

..........................................................


THE CUT BANK MT CLIMATE NORMALS FOR TOMORROW
                         NORMAL    RECORD    YEAR
 MAXIMUM TEMPERATURE (F)   77       102      1930
 MINIMUM TEMPERATURE (F)   47        28      1992


SUNRISE AND SUNSET
AUGUST 23 2016........SUNRISE   635 AM MDT   SUNSET   828 PM MDT
AUGUST 24 2016........SUNRISE   636 AM MDT   SUNSET   826 PM MDT


-  INDICATES NEGATIVE NUMBERS.
R  INDICATES RECORD WAS SET OR TIED.
MM INDICATES DATA IS MISSING.
T  INDICATES TRACE AMOUNT.




$$
