000
CDUS45 KTFX 281012
CLICTB


CLIMATE REPORT
NATIONAL WEATHER SERVICE GREAT FALLS MT
410 AM MDT THU MAY 28 2015


...................................

...THE CUT BANK MT CLIMATE SUMMARY FOR MAY 27 2015...

CLIMATE NORMAL PERIOD 1981 TO 2010
CLIMATE RECORD PERIOD 1903 TO 2015


WEATHER ITEM   OBSERVED TIME   RECORD YEAR NORMAL DEPARTURE LAST
                VALUE   (LST)  VALUE       VALUE  FROM      YEAR
                                                  NORMAL
..................................................................
TEMPERATURE (F)
 YESTERDAY
  MAXIMUM         66    242 PM  91    1936  66      0       71
  MINIMUM         46    457 AM  27    1911  41      5       41
  AVERAGE         56                        53      3       56

PRECIPITATION (IN)
  YESTERDAY        0.17          1.04 2010   0.09   0.08      T
  MONTH TO DATE    1.50                      1.59  -0.09     0.92
  SINCE OCT 1      5.38                      4.30   1.08     5.62
  SINCE JAN 1      2.85                      3.28  -0.43     4.42

SNOWFALL (IN)
  YESTERDAY       MM
  SNOW DEPTH       0

DEGREE DAYS
 HEATING
  YESTERDAY        9                        12     -3        9
  MONTH TO DATE  464                       424     40      417
  SINCE MAR 1   1940                      2184   -244     2346
  SINCE JUL 1   7602                      8244   -642     8552

 COOLING
  YESTERDAY        0                         0      0        0
  MONTH TO DATE    0                         0      0        0
  SINCE MAR 1      0                         0      0        0
  SINCE JAN 1      0                         0      0        0
..................................................................


WIND (MPH)
  HIGHEST WIND SPEED    23   HIGHEST WIND DIRECTION     W (270)
  HIGHEST GUST SPEED    28   HIGHEST GUST DIRECTION     W (270)
  AVERAGE WIND SPEED     7.6


SKY COVER
  AVERAGE SKY COVER 0.6


WEATHER CONDITIONS
 THE FOLLOWING WEATHER WAS RECORDED YESTERDAY.
  THUNDERSTORM
  HEAVY RAIN
  RAIN
  LIGHT RAIN
  FOG


RELATIVE HUMIDITY (PERCENT)
 HIGHEST    93           100 AM
 LOWEST     48           100 PM
 AVERAGE    71

..........................................................


THE CUT BANK MT CLIMATE NORMALS FOR TODAY
                         NORMAL    RECORD    YEAR
 MAXIMUM TEMPERATURE (F)   66        90      1934
 MINIMUM TEMPERATURE (F)   41        25      1947


SUNRISE AND SUNSET
MAY 28 2015...........SUNRISE   535 AM MDT   SUNSET   919 PM MDT
MAY 29 2015...........SUNRISE   534 AM MDT   SUNSET   921 PM MDT


-  INDICATES NEGATIVE NUMBERS.
R  INDICATES RECORD WAS SET OR TIED.
MM INDICATES DATA IS MISSING.
T  INDICATES TRACE AMOUNT.




$$
