000
CDUS45 KTFX 241132
CLICTB


CLIMATE REPORT
NATIONAL WEATHER SERVICE GREAT FALLS MT
429 AM MST TUE JAN 24 2017


...................................

...THE CUT BANK MT CLIMATE SUMMARY FOR JANUARY 23 2017...

CLIMATE NORMAL PERIOD 1981 TO 2010
CLIMATE RECORD PERIOD 1903 TO 2017


WEATHER ITEM   OBSERVED TIME   RECORD YEAR NORMAL DEPARTURE LAST
                VALUE   (LST)  VALUE       VALUE  FROM      YEAR
                                                  NORMAL
..................................................................
TEMPERATURE (F)
 YESTERDAY
  MAXIMUM         23   1246 AM  62    2005  33    -10       39
  MINIMUM          2   1130 PM -38    1943  12    -10       28
  AVERAGE         13                        22     -9       34

PRECIPITATION (IN)
  YESTERDAY        T             0.32 1943   0.00   0.00     0.00
  MONTH TO DATE    0.05                      0.15  -0.10     0.44
  SINCE OCT 1      1.48                      1.17   0.31     2.36
  SINCE JAN 1      0.05                      0.15  -0.10     0.44

SNOWFALL (IN)
  YESTERDAY       MM
  SNOW DEPTH       2

DEGREE DAYS
 HEATING
  YESTERDAY       52                        42     10       31
  MONTH TO DATE 1172                       991    181     1061
  SINCE DEC 1   2817                      2318    499     2368
  SINCE JUL 1   4795                      4581    214     4406

 COOLING
  YESTERDAY        0                         0      0        0
  MONTH TO DATE    0                         0      0        0
  SINCE DEC 1      0                         0      0        0
  SINCE JAN 1      0                         0      0        0
..................................................................


WIND (MPH)
  HIGHEST WIND SPEED    20   HIGHEST WIND DIRECTION     N (10)
  HIGHEST GUST SPEED    22   HIGHEST GUST DIRECTION     N (10)
  AVERAGE WIND SPEED     8.8


SKY COVER
  AVERAGE SKY COVER 0.8


WEATHER CONDITIONS
 THE FOLLOWING WEATHER WAS RECORDED YESTERDAY.
  LIGHT SNOW
  FOG


RELATIVE HUMIDITY (PERCENT)
 HIGHEST   100           100 AM
 LOWEST     84           300 PM
 AVERAGE    92

..........................................................


THE CUT BANK MT CLIMATE NORMALS FOR TODAY
                         NORMAL    RECORD    YEAR
 MAXIMUM TEMPERATURE (F)   33        60      2005
 MINIMUM TEMPERATURE (F)   12       -41      1943


SUNRISE AND SUNSET
JANUARY 24 2017.......SUNRISE   808 AM MST   SUNSET   516 PM MST
JANUARY 25 2017.......SUNRISE   807 AM MST   SUNSET   517 PM MST


-  INDICATES NEGATIVE NUMBERS.
R  INDICATES RECORD WAS SET OR TIED.
MM INDICATES DATA IS MISSING.
T  INDICATES TRACE AMOUNT.




$$
