101
CDUS45 KTFX 280844
CLICTB


CLIMATE REPORT
NATIONAL WEATHER SERVICE GREAT FALLS MT
243 AM MDT FRI JUL 28 2017


...................................

...THE CUT BANK MT CLIMATE SUMMARY FOR JULY 27 2017...

CLIMATE NORMAL PERIOD 1981 TO 2010
CLIMATE RECORD PERIOD 1903 TO 2017


WEATHER ITEM   OBSERVED TIME   RECORD YEAR NORMAL DEPARTURE LAST
                VALUE   (LST)  VALUE       VALUE  FROM      YEAR
                                                  NORMAL
..................................................................
TEMPERATURE (F)
 YESTERDAY
  MAXIMUM         91    409 PM  99    1933  82      9       81
  MINIMUM         55    348 AM  36    1930  51      4       50
  AVERAGE         73                        66      7       66

PRECIPITATION (IN)
  YESTERDAY        0.00          1.85 1909   0.03  -0.03     0.24
  MONTH TO DATE    0.01                      1.14  -1.13     1.17
  SINCE OCT 1      8.94                      8.35   0.59     9.10
  SINCE JAN 1      7.51                      7.33   0.18     7.18

SNOWFALL (IN)
  YESTERDAY       MM
  SNOW DEPTH       0

DEGREE DAYS
 HEATING
  YESTERDAY        0                         2     -2        0
  MONTH TO DATE   15                        80    -65       72
  SINCE JUN 1    186                       313   -127      236
  SINCE JUL 1     15                        80    -65       72

 COOLING
  YESTERDAY        8                         3      5        1
  MONTH TO DATE  120                        60     60       36
  SINCE JUN 1    132                        75     57       58
  SINCE JAN 1    134                        77     57       58
..................................................................


WIND (MPH)
  HIGHEST WIND SPEED    20   HIGHEST WIND DIRECTION     W (260)
  HIGHEST GUST SPEED    29   HIGHEST GUST DIRECTION    SW (230)
  AVERAGE WIND SPEED     9.3


SKY COVER
  AVERAGE SKY COVER 0.0


WEATHER CONDITIONS
 THE FOLLOWING WEATHER WAS RECORDED YESTERDAY.
  HAZE


RELATIVE HUMIDITY (PERCENT)
 HIGHEST    55           500 AM
 LOWEST     12          1200 PM
 AVERAGE    34

..........................................................


THE CUT BANK MT CLIMATE NORMALS FOR TODAY
                         NORMAL    RECORD    YEAR
 MAXIMUM TEMPERATURE (F)   82       100      1939
 MINIMUM TEMPERATURE (F)   51        36      1930


SUNRISE AND SUNSET
JULY 28 2017..........SUNRISE   559 AM MDT   SUNSET   912 PM MDT
JULY 29 2017..........SUNRISE   600 AM MDT   SUNSET   911 PM MDT


-  INDICATES NEGATIVE NUMBERS.
R  INDICATES RECORD WAS SET OR TIED.
MM INDICATES DATA IS MISSING.
T  INDICATES TRACE AMOUNT.




$$
