000
CDUS45 KTFX 240747
CLICTB


CLIMATE REPORT
NATIONAL WEATHER SERVICE GREAT FALLS MT
146 AM MDT TUE MAY 24 2016


...................................

...THE CUT BANK MT CLIMATE SUMMARY FOR MAY 23 2016...

CLIMATE NORMAL PERIOD 1981 TO 2010
CLIMATE RECORD PERIOD 1903 TO 2016


WEATHER ITEM   OBSERVED TIME   RECORD YEAR NORMAL DEPARTURE LAST
                VALUE   (LST)  VALUE       VALUE  FROM      YEAR
                                                  NORMAL
..................................................................
TEMPERATURE (F)
 YESTERDAY
  MAXIMUM         48    347 PM  86    2001  65    -17       66
                                      1941
  MINIMUM         39   1033 PM  25    1960  40     -1       39
  AVERAGE         44                        52     -8       53

PRECIPITATION (IN)
  YESTERDAY        0.14          1.36 1996   0.08   0.06     0.09
  MONTH TO DATE    1.95                      1.26   0.69     1.21
  SINCE OCT 1      6.53                      3.97   2.56     5.09
  SINCE JAN 1      4.61                      2.95   1.66     2.56

SNOWFALL (IN)
  YESTERDAY       MM
  SNOW DEPTH       0

DEGREE DAYS
 HEATING
  YESTERDAY       21                        13      8       12
  MONTH TO DATE  372                       374     -2      424
  SINCE MAR 1   1787                      2134   -347     1900
  SINCE JUL 1   7252                      8194   -942     7562

 COOLING
  YESTERDAY        0                         0      0        0
  MONTH TO DATE    0                         0      0        0
  SINCE MAR 1      0                         0      0        0
  SINCE JAN 1      0                         0      0        0
..................................................................


WIND (MPH)
  HIGHEST WIND SPEED    21   HIGHEST WIND DIRECTION     N (340)
  HIGHEST GUST SPEED    27   HIGHEST GUST DIRECTION     N (350)
  AVERAGE WIND SPEED    13.5


SKY COVER
  AVERAGE SKY COVER 1.0


WEATHER CONDITIONS
 THE FOLLOWING WEATHER WAS RECORDED YESTERDAY.
  LIGHT RAIN


RELATIVE HUMIDITY (PERCENT)
 HIGHEST   100           200 AM
 LOWEST     76           100 PM
 AVERAGE    88

..........................................................


THE CUT BANK MT CLIMATE NORMALS FOR TODAY
                         NORMAL    RECORD    YEAR
 MAXIMUM TEMPERATURE (F)   65        87      2001
 MINIMUM TEMPERATURE (F)   40        15      1904


SUNRISE AND SUNSET
MAY 24 2016...........SUNRISE   538 AM MDT   SUNSET   916 PM MDT
MAY 25 2016...........SUNRISE   537 AM MDT   SUNSET   917 PM MDT


-  INDICATES NEGATIVE NUMBERS.
R  INDICATES RECORD WAS SET OR TIED.
MM INDICATES DATA IS MISSING.
T  INDICATES TRACE AMOUNT.




$$
