000
CDUS45 KTFX 212231
CLICTB


CLIMATE REPORT
NATIONAL WEATHER SERVICE GREAT FALLS MT
430 PM MDT SUN SEP 21 2014


...................................

...THE CUT BANK MT CLIMATE SUMMARY FOR SEPTEMBER 21 2014...
VALID TODAY AS OF 0400 PM LOCAL TIME.

CLIMATE NORMAL PERIOD 1981 TO 2010
CLIMATE RECORD PERIOD 1903 TO 2014


WEATHER ITEM   OBSERVED TIME   RECORD YEAR NORMAL DEPARTURE LAST
                VALUE   (LST)  VALUE       VALUE  FROM      YEAR
                                                  NORMAL
..................................................................
TEMPERATURE (F)
 TODAY
  MAXIMUM         78    257 PM  88    1967  66     12       72
  MINIMUM         38    600 AM  20    1995  38      0       38
  AVERAGE         58                        52      6       55

PRECIPITATION (IN)
  TODAY            0.00          1.53 1940   0.04  -0.04     0.00
  MONTH TO DATE    0.61                      0.92  -0.31     2.45
  SINCE OCT 1     15.65                     10.60   5.05    15.64
  SINCE JAN 1     14.45                      9.58   4.87    13.47

SNOWFALL (IN)
  TODAY           MM
  SNOW DEPTH       0

DEGREE DAYS
 HEATING
  TODAY            7                        13     -6       10
  MONTH TO DATE  251                       210     41       71
  SINCE SEP 1    251                       210     41       71
  SINCE JUL 1    348                       404    -56      143

 COOLING
  TODAY            0                         0      0        0
  MONTH TO DATE    2                         6     -4       31
  SINCE SEP 1      2                         6     -4       31
  SINCE JAN 1    199                       159     40      226
..................................................................


WIND (MPH)
  HIGHEST WIND SPEED    20   HIGHEST WIND DIRECTION    SE (140)
  HIGHEST GUST SPEED    24   HIGHEST GUST DIRECTION    SE (140)
  AVERAGE WIND SPEED     6.2


SKY COVER
  AVERAGE SKY COVER 0.0


WEATHER CONDITIONS
 THE FOLLOWING WEATHER WAS RECORDED TODAY.
  NO SIGNIFICANT WEATHER WAS OBSERVED.


RELATIVE HUMIDITY (PERCENT)
 HIGHEST    92           600 AM
 LOWEST     27           200 PM
 AVERAGE    60

..........................................................


THE CUT BANK MT CLIMATE NORMALS FOR TOMORROW
                         NORMAL    RECORD    YEAR
 MAXIMUM TEMPERATURE (F)   65        87      1938
 MINIMUM TEMPERATURE (F)   38        16      1934


SUNRISE AND SUNSET
SEPTEMBER 21 2014.....SUNRISE   715 AM MDT   SUNSET   729 PM MDT
SEPTEMBER 22 2014.....SUNRISE   716 AM MDT   SUNSET   727 PM MDT


-  INDICATES NEGATIVE NUMBERS.
R  INDICATES RECORD WAS SET OR TIED.
MM INDICATES DATA IS MISSING.
T  INDICATES TRACE AMOUNT.




$$
