000
CDUS45 KTFX 241046
CLICTB


CLIMATE REPORT
NATIONAL WEATHER SERVICE GREAT FALLS MT
446 AM MDT THU JUL 24 2014


...................................

...THE CUT BANK MT CLIMATE SUMMARY FOR JULY 23 2014...

CLIMATE NORMAL PERIOD 1981 TO 2010
CLIMATE RECORD PERIOD 1903 TO 2014


WEATHER ITEM   OBSERVED TIME   RECORD YEAR NORMAL DEPARTURE LAST
                VALUE   (LST)  VALUE       VALUE  FROM      YEAR
                                                  NORMAL
..................................................................
TEMPERATURE (F)
 YESTERDAY
  MAXIMUM         87    539 PM 100    2007  81      6       83
  MINIMUM         52    427 AM  37    1982  51      1       53
  AVERAGE         70                        66      4       68

PRECIPITATION (IN)
  YESTERDAY        0.01          0.76 2008   0.03  -0.02     0.00
  MONTH TO DATE    0.42                      1.00  -0.58     1.64
  SINCE OCT 1     12.35                      8.21   4.14    11.60
  SINCE JAN 1     11.15                      7.19   3.96     9.43

SNOWFALL (IN)
  YESTERDAY       MM
  SNOW DEPTH       0

DEGREE DAYS
 HEATING
  YESTERDAY        0                         2     -2        0
  MONTH TO DATE    6                        72    -66       26
  SINCE JUN 1    279                       305    -26      235
  SINCE JUL 1      6                        72    -66       26

 COOLING
  YESTERDAY        5                         3      2        3
  MONTH TO DATE   79                        48     31       71
  SINCE JUN 1     80                        63     17       83
  SINCE JAN 1     80                        65     15       85
..................................................................


WIND (MPH)
  HIGHEST WIND SPEED    16   HIGHEST WIND DIRECTION    NW (330)
  HIGHEST GUST SPEED    22   HIGHEST GUST DIRECTION     S (160)
  AVERAGE WIND SPEED     7.2


SKY COVER
  AVERAGE SKY COVER 0.1


WEATHER CONDITIONS
 THE FOLLOWING WEATHER WAS RECORDED YESTERDAY.
  THUNDERSTORM
  LIGHT RAIN


RELATIVE HUMIDITY (PERCENT)
 HIGHEST    93           300 AM
 LOWEST     32           600 PM
 AVERAGE    63

..........................................................


THE CUT BANK MT CLIMATE NORMALS FOR TODAY
                         NORMAL    RECORD    YEAR
 MAXIMUM TEMPERATURE (F)   81        98      1936
 MINIMUM TEMPERATURE (F)   51        34      1918


SUNRISE AND SUNSET
JULY 24 2014..........SUNRISE   554 AM MDT   SUNSET   918 PM MDT
JULY 25 2014..........SUNRISE   555 AM MDT   SUNSET   917 PM MDT


-  INDICATES NEGATIVE NUMBERS.
R  INDICATES RECORD WAS SET OR TIED.
MM INDICATES DATA IS MISSING.
T  INDICATES TRACE AMOUNT.




$$
