000
CDUS45 KTFX 302218
CLICTB


CLIMATE REPORT
NATIONAL WEATHER SERVICE GREAT FALLS MT
417 PM MDT THU JUL 30 2015


...................................

...THE CUT BANK MT CLIMATE SUMMARY FOR JULY 30 2015...
VALID TODAY AS OF 0400 PM LOCAL TIME.

CLIMATE NORMAL PERIOD 1981 TO 2010
CLIMATE RECORD PERIOD 1903 TO 2015


WEATHER ITEM   OBSERVED TIME   RECORD YEAR NORMAL DEPARTURE LAST
                VALUE   (LST)  VALUE       VALUE  FROM      YEAR
                                                  NORMAL
..................................................................
TEMPERATURE (F)
 TODAY
  MAXIMUM         88    259 PM  98    1926  82      6       93
  MINIMUM         44    513 AM  40    1933  51     -7       50
  AVERAGE         66                        66      0       72

PRECIPITATION (IN)
  TODAY            0.00          0.53 1931   0.03  -0.03     0.00
  MONTH TO DATE    0.95                      1.24  -0.29     0.42
  SINCE OCT 1      7.68                      8.45  -0.77    12.35
  SINCE JAN 1      5.15                      7.43  -2.28    11.15

SNOWFALL (IN)
  TODAY           MM
  SNOW DEPTH       0

DEGREE DAYS
 HEATING
  TODAY            0                         2     -2        0
  MONTH TO DATE   67                        86    -19       17
  SINCE JUN 1    197                       319   -122      290
  SINCE JUL 1     67                        86    -19       17

 COOLING
  TODAY            1                         3     -2        7
  MONTH TO DATE   64                        69     -5       96
  SINCE JUN 1    124                        84     40       97
  SINCE JAN 1    124                        86     38       97
..................................................................


WIND (MPH)
  HIGHEST WIND SPEED    18   HIGHEST WIND DIRECTION     W (290)
  HIGHEST GUST SPEED    24   HIGHEST GUST DIRECTION     W (290)
  AVERAGE WIND SPEED     6.7


SKY COVER
  AVERAGE SKY COVER 0.0


WEATHER CONDITIONS
 THE FOLLOWING WEATHER WAS RECORDED TODAY.
  NO SIGNIFICANT WEATHER WAS OBSERVED.


RELATIVE HUMIDITY (PERCENT)
 HIGHEST    71           200 AM
 LOWEST     13           200 PM
 AVERAGE    42

..........................................................


THE CUT BANK MT CLIMATE NORMALS FOR TOMORROW
                         NORMAL    RECORD    YEAR
 MAXIMUM TEMPERATURE (F)   82        99      1929
 MINIMUM TEMPERATURE (F)   51        34      1968


SUNRISE AND SUNSET
JULY 30 2015..........SUNRISE   601 AM MDT   SUNSET   910 PM MDT
JULY 31 2015..........SUNRISE   602 AM MDT   SUNSET   909 PM MDT


-  INDICATES NEGATIVE NUMBERS.
R  INDICATES RECORD WAS SET OR TIED.
MM INDICATES DATA IS MISSING.
T  INDICATES TRACE AMOUNT.




$$
