584
CDUS45 KTFX 062230
CLICTB


CLIMATE REPORT
NATIONAL WEATHER SERVICE GREAT FALLS MT
430 PM MDT FRI MAY 6 2016


...................................

...THE CUT BANK MT CLIMATE SUMMARY FOR MAY 6 2016...
VALID TODAY AS OF 0400 PM LOCAL TIME.

CLIMATE NORMAL PERIOD 1981 TO 2010
CLIMATE RECORD PERIOD 1903 TO 2016


WEATHER ITEM   OBSERVED TIME   RECORD YEAR NORMAL DEPARTURE LAST
                VALUE   (LST)  VALUE       VALUE  FROM      YEAR
                                                  NORMAL
..................................................................
TEMPERATURE (F)
 TODAY
  MAXIMUM         60    259 PM  85    1992  60      0       57
  MINIMUM         44    414 AM  18    1929  34     10       30
  AVERAGE         52                        47      5       44

PRECIPITATION (IN)
  TODAY            0.02          1.05 1988   0.04  -0.02     0.00
  MONTH TO DATE    0.06                      0.22  -0.16      T
  SINCE OCT 1      4.37                      2.93   1.44     3.88
  SINCE JAN 1      2.45                      1.91   0.54     1.35

DEGREE DAYS
 HEATING
  TODAY           13                        18     -5       21
  MONTH TO DATE   62                       113    -51       91
  SINCE MAR 1   1477                      1873   -396     1567
  SINCE JUL 1   6942                      7933   -991     7229

 COOLING
  TODAY            0                         0      0        0
  MONTH TO DATE    0                         0      0        0
  SINCE MAR 1      0                         0      0        0
  SINCE JAN 1      0                         0      0        0
..................................................................


WIND (MPH)
  HIGHEST WIND SPEED    20   HIGHEST WIND DIRECTION     N (20)
  HIGHEST GUST SPEED    22   HIGHEST GUST DIRECTION     N (10)
  AVERAGE WIND SPEED     8.5


SKY COVER
  AVERAGE SKY COVER 0.9


WEATHER CONDITIONS
 THE FOLLOWING WEATHER WAS RECORDED TODAY.
  LIGHT RAIN


RELATIVE HUMIDITY (PERCENT)
 HIGHEST    92           300 AM
 LOWEST     27           300 PM
 AVERAGE    60

..........................................................


THE CUT BANK MT CLIMATE NORMALS FOR TOMORROW
                         NORMAL    RECORD    YEAR
 MAXIMUM TEMPERATURE (F)   60        84      1992
 MINIMUM TEMPERATURE (F)   35        18      1929


SUNRISE AND SUNSET
MAY  6 2016...........SUNRISE   601 AM MDT   SUNSET   852 PM MDT
MAY  7 2016...........SUNRISE   559 AM MDT   SUNSET   854 PM MDT


-  INDICATES NEGATIVE NUMBERS.
R  INDICATES RECORD WAS SET OR TIED.
MM INDICATES DATA IS MISSING.
T  INDICATES TRACE AMOUNT.




$$
