000
CDUS45 KTFX 241002
CLICTB


CLIMATE REPORT
NATIONAL WEATHER SERVICE GREAT FALLS MT
301 AM MST FRI NOV 24 2017


...................................

...THE CUT BANK MT CLIMATE SUMMARY FOR NOVEMBER 23 2017...

CLIMATE NORMAL PERIOD 1981 TO 2010
CLIMATE RECORD PERIOD 1903 TO 2017


WEATHER ITEM   OBSERVED TIME   RECORD YEAR NORMAL DEPARTURE LAST
                VALUE   (LST)  VALUE       VALUE  FROM      YEAR
                                                  NORMAL
..................................................................
TEMPERATURE (F)
 YESTERDAY
  MAXIMUM         58   1211 PM  62    2005  37     21       42
  MINIMUM         35   1124 PM -25    1950  18     17       21
  AVERAGE         47                        27     20       32

PRECIPITATION (IN)
  YESTERDAY        0.06          0.10 1946   0.01   0.05     0.00
  MONTH TO DATE    0.10                      0.29  -0.19     0.26
  SINCE OCT 1      0.60                      0.73  -0.13     1.33
  SINCE JAN 1      8.72                     10.61  -1.89    11.23

SNOWFALL (IN)
  YESTERDAY       MM
  SNOW DEPTH       0

DEGREE DAYS
 HEATING
  YESTERDAY       18                        38    -20       33
  MONTH TO DATE  906                       766    140      512
  SINCE SEP 1   1954                      1796    158     1572
  SINCE JUL 1   2037                      1990     47     1745

 COOLING
  YESTERDAY        0                         0      0        0
  MONTH TO DATE    0                         0      0        0
  SINCE SEP 1     24                         9     15        5
  SINCE JAN 1    250                       162     88      108
..................................................................


WIND (MPH)
  HIGHEST WIND SPEED    46   HIGHEST WIND DIRECTION     W (250)
  HIGHEST GUST SPEED    55   HIGHEST GUST DIRECTION     W (250)
  AVERAGE WIND SPEED    25.2


SKY COVER
  AVERAGE SKY COVER 0.3


WEATHER CONDITIONS
 THE FOLLOWING WEATHER WAS RECORDED YESTERDAY.
  LIGHT RAIN


RELATIVE HUMIDITY (PERCENT)
 HIGHEST   100           800 PM
 LOWEST     57          1000 AM
 AVERAGE    79

..........................................................


THE CUT BANK MT CLIMATE NORMALS FOR TODAY
                         NORMAL    RECORD    YEAR
 MAXIMUM TEMPERATURE (F)   37        64      1936
 MINIMUM TEMPERATURE (F)   17       -14      2010


SUNRISE AND SUNSET
NOVEMBER 24 2017......SUNRISE   752 AM MST   SUNSET   441 PM MST
NOVEMBER 25 2017......SUNRISE   753 AM MST   SUNSET   440 PM MST


-  INDICATES NEGATIVE NUMBERS.
R  INDICATES RECORD WAS SET OR TIED.
MM INDICATES DATA IS MISSING.
T  INDICATES TRACE AMOUNT.




$$
