000
CDUS45 KTFX 020949
CLICTB


CLIMATE REPORT
NATIONAL WEATHER SERVICE GREAT FALLS MT
249 AM MST MON MAR 2 2015


...................................

...THE CUT BANK MT CLIMATE SUMMARY FOR MARCH 1 2015...

CLIMATE NORMAL PERIOD 1981 TO 2010
CLIMATE RECORD PERIOD 1903 TO 2015


WEATHER ITEM   OBSERVED TIME   RECORD YEAR NORMAL DEPARTURE LAST
                VALUE   (LST)  VALUE       VALUE  FROM      YEAR
                                                  NORMAL
..................................................................
TEMPERATURE (F)
 YESTERDAY
  MAXIMUM         37    342 PM  71    1921  38     -1      -13
  MINIMUM          6    618 AM -29    1919  16    -10      -21
  AVERAGE         22                        27     -5      -17

PRECIPITATION (IN)
  YESTERDAY        0.00          0.26 1985   0.01  -0.01     0.02
  MONTH TO DATE    0.00                      0.01  -0.01     0.02
  SINCE OCT 1      3.32                      1.44   1.88     2.55
  SINCE JAN 1      0.79                      0.42   0.37     1.35

SNOWFALL (IN)
  YESTERDAY       MM
  SNOW DEPTH       T

DEGREE DAYS
 HEATING
  YESTERDAY       43                        38      5       82
  MONTH TO DATE   43                        38      5       82
  SINCE MAR 1     43                        38      5       82
  SINCE JUL 1   5705                      6098   -393     6288

 COOLING
  YESTERDAY        0                         0      0        0
  MONTH TO DATE    0                         0      0        0
  SINCE MAR 1      0                         0      0        0
  SINCE JAN 1      0                         0      0        0
..................................................................


WIND (MPH)
  HIGHEST WIND SPEED    17   HIGHEST WIND DIRECTION     S (190)
  HIGHEST GUST SPEED    20   HIGHEST GUST DIRECTION     S (190)
  AVERAGE WIND SPEED     6.6


SKY COVER
  AVERAGE SKY COVER 0.2


WEATHER CONDITIONS
 THE FOLLOWING WEATHER WAS RECORDED YESTERDAY.
  NO SIGNIFICANT WEATHER WAS OBSERVED.


RELATIVE HUMIDITY (PERCENT)
 HIGHEST    84          1200 AM
 LOWEST     32           300 PM
 AVERAGE    58

..........................................................


THE CUT BANK MT CLIMATE NORMALS FOR TODAY
                         NORMAL    RECORD    YEAR
 MAXIMUM TEMPERATURE (F)   38        62      1926
 MINIMUM TEMPERATURE (F)   16       -27      1960


SUNRISE AND SUNSET
MARCH  2 2015.........SUNRISE   709 AM MST   SUNSET   615 PM MST
MARCH  3 2015.........SUNRISE   708 AM MST   SUNSET   616 PM MST


-  INDICATES NEGATIVE NUMBERS.
R  INDICATES RECORD WAS SET OR TIED.
MM INDICATES DATA IS MISSING.
T  INDICATES TRACE AMOUNT.




$$
