000
CDUS42 KTAE 280631
CLICTY


CLIMATE REPORT
NATIONAL WEATHER SERVICE TALLAHASSEE FL
231 AM EDT SUN MAY 28 2017


...................................

...THE CROSS CITY  CLIMATE SUMMARY FOR MAY 27 2017...

CLIMATE NORMAL PERIOD 1981 TO 2010
CLIMATE RECORD PERIOD 1948 TO 2017


WEATHER ITEM   OBSERVED TIME   NORMAL DEPARTURE LAST
                VALUE   (LST)  VALUE  FROM      YEAR
                                      NORMAL
......................................................
TEMPERATURE (F)
 YESTERDAY
  MAXIMUM         88    100 PM  90     -2       91
  MINIMUM         55    500 AM  65    -10       60
  AVERAGE         72            78     -6

PRECIPITATION (IN)
  YESTERDAY        0.00          0.11  -0.11     0.00
  MONTH TO DATE    4.64          2.07   2.57     1.70
  SINCE MAR 1      7.61          9.24  -1.63     9.67
  SINCE JAN 1     10.16         16.55  -6.39    16.43

DEGREE DAYS
 HEATING
  YESTERDAY        0             0      0
  MONTH TO DATE    0             0      0
  SINCE MAR 1    159           183    -24
  SINCE JUL 1    758          1303   -545

 COOLING
  YESTERDAY        7            12     -5
  MONTH TO DATE  244           246     -2
  SINCE MAR 1    480           401     79
  SINCE JAN 1    542           428    114
......................................................


WIND (MPH)
  RESULTANT WIND SPEED   4   RESULTANT WIND DIRECTION   W (260)
  HIGHEST WIND SPEED    14   HIGHEST WIND DIRECTION     W (260)
  HIGHEST GUST SPEED    16   HIGHEST GUST DIRECTION     W (270)
  AVERAGE WIND SPEED     5.1



WEATHER CONDITIONS
 THE FOLLOWING WEATHER WAS RECORDED YESTERDAY.
  NO SIGNIFICANT WEATHER WAS OBSERVED.


RELATIVE HUMIDITY (PERCENT)
 HIGHEST   100
 LOWEST     37

..........................................................




SUNRISE AND SUNSET
MAY 28 2017...........SUNRISE   634 AM EDT   SUNSET   826 PM EDT
MAY 29 2017...........SUNRISE   633 AM EDT   SUNSET   827 PM EDT


-  INDICATES NEGATIVE NUMBERS.
R  INDICATES RECORD WAS SET OR TIED.
MM INDICATES DATA IS MISSING.
T  INDICATES TRACE AMOUNT.




$$
