000
CDUS42 KTAE 180632
CLICTY


CLIMATE REPORT
NATIONAL WEATHER SERVICE TALLAHASSEE FL
131 AM EST THU JAN 18 2018


...................................

...THE CROSS CITY  CLIMATE SUMMARY FOR JANUARY 17 2018...

CLIMATE NORMAL PERIOD 1981 TO 2010
CLIMATE RECORD PERIOD 1948 TO 2018


WEATHER ITEM   OBSERVED TIME   NORMAL DEPARTURE LAST
                VALUE   (LST)  VALUE  FROM      YEAR
                                      NORMAL
......................................................
TEMPERATURE (F)
 YESTERDAY
  MAXIMUM         52        MM  66    -14       79
  MINIMUM         27   1100 PM  40    -13       50
  AVERAGE         40            53    -13

PRECIPITATION (IN)
  YESTERDAY        0.00          0.14  -0.14     0.00
  MONTH TO DATE    1.83          2.20  -0.37     1.29
  SINCE DEC 1      5.08          4.72   0.36     5.16
  SINCE JAN 1      1.83          2.20  -0.37     1.29

DEGREE DAYS
 HEATING
  YESTERDAY       25            12     13
  MONTH TO DATE  308           215     93
  SINCE DEC 1    574           552     22
  SINCE JUL 1    727           720      7

 COOLING
  YESTERDAY        0             0      0
  MONTH TO DATE    9             0      9
  SINCE DEC 1     36            18     18
  SINCE JAN 1      9             0      9
......................................................


WIND (MPH)
  RESULTANT WIND SPEED   7   RESULTANT WIND DIRECTION  NW (330)
  HIGHEST WIND SPEED    14   HIGHEST WIND DIRECTION    NW (330)
  HIGHEST GUST SPEED    21   HIGHEST GUST DIRECTION    NW (300)
  AVERAGE WIND SPEED     6.9



WEATHER CONDITIONS
 THE FOLLOWING WEATHER WAS RECORDED YESTERDAY.
  NO SIGNIFICANT WEATHER WAS OBSERVED.


RELATIVE HUMIDITY (PERCENT)
 HIGHEST   100
 LOWEST     37

..........................................................




SUNRISE AND SUNSET
JANUARY 18 2018.......SUNRISE   728 AM EST   SUNSET   558 PM EST
JANUARY 19 2018.......SUNRISE   727 AM EST   SUNSET   559 PM EST


-  INDICATES NEGATIVE NUMBERS.
R  INDICATES RECORD WAS SET OR TIED.
MM INDICATES DATA IS MISSING.
T  INDICATES TRACE AMOUNT.




$$
