000
CDUS42 KTAE 280644
CLICTY


CLIMATE REPORT
NATIONAL WEATHER SERVICE TALLAHASSEE FL
243 AM EDT SAT MAY 28 2016


...................................

...THE CROSS CITY  CLIMATE SUMMARY FOR MAY 27 2016...

CLIMATE NORMAL PERIOD 1981 TO 2010
CLIMATE RECORD PERIOD 1948 TO 2016


WEATHER ITEM   OBSERVED TIME   NORMAL DEPARTURE LAST
                VALUE   (LST)  VALUE  FROM      YEAR
                                      NORMAL
......................................................
TEMPERATURE (F)
 YESTERDAY
  MAXIMUM         91    455 PM  90      1       92
  MINIMUM         60    543 AM  65     -5       70
  AVERAGE         76            78     -2

PRECIPITATION (IN)
  YESTERDAY        0.00          0.11  -0.11     0.05
  MONTH TO DATE    1.70          2.07  -0.37     3.34
  SINCE MAR 1      9.67          9.24   0.43     6.64
  SINCE JAN 1     16.43         16.55  -0.12    12.61

DEGREE DAYS
 HEATING
  YESTERDAY        0             0      0
  MONTH TO DATE    4             0      4
  SINCE MAR 1     80           183   -103
  SINCE JUL 1    811          1303   -492

 COOLING
  YESTERDAY       11            12     -1
  MONTH TO DATE  277           246     31
  SINCE MAR 1    583           401    182
  SINCE JAN 1    612           428    184
......................................................


WIND (MPH)
  RESULTANT WIND SPEED   5   RESULTANT WIND DIRECTION   E (90)
  HIGHEST WIND SPEED    12   HIGHEST WIND DIRECTION     E (90)
  HIGHEST GUST SPEED    18   HIGHEST GUST DIRECTION     E (70)
  AVERAGE WIND SPEED     5.0



WEATHER CONDITIONS
 THE FOLLOWING WEATHER WAS RECORDED YESTERDAY.
  NO SIGNIFICANT WEATHER WAS OBSERVED.


RELATIVE HUMIDITY (PERCENT)
 HIGHEST    90
 LOWEST     32

..........................................................




SUNRISE AND SUNSET
MAY 28 2016...........SUNRISE   634 AM EDT   SUNSET   826 PM EDT
MAY 29 2016...........SUNRISE   633 AM EDT   SUNSET   827 PM EDT


-  INDICATES NEGATIVE NUMBERS.
R  INDICATES RECORD WAS SET OR TIED.
MM INDICATES DATA IS MISSING.
T  INDICATES TRACE AMOUNT.




$$
