000
CDUS42 KTAE 182134
CLICTY


CLIMATE REPORT
NATIONAL WEATHER SERVICE TALLAHASSEE FL
534 PM EDT FRI APR 18 2014


...................................

...THE CROSS CITY (AMOS) CLIMATE SUMMARY FOR APRIL 18 2014...
VALID TODAY AS OF 0500 PM LOCAL TIME.

CLIMATE NORMAL PERIOD 1981 TO 2010
CLIMATE RECORD PERIOD 1948 TO 2014


WEATHER ITEM   OBSERVED TIME   NORMAL DEPARTURE LAST
                VALUE   (LST)  VALUE  FROM      YEAR
                                      NORMAL
......................................................
TEMPERATURE (F)
 TODAY
  MAXIMUM         73    322 PM  80     -7
  MINIMUM         63    245 AM  54      9
  AVERAGE         68            67      1

PRECIPITATION (IN)
  TODAY            1.43          0.07   1.36     0.00
  MONTH TO DATE    3.78          2.20   1.58     1.49
  SINCE MAR 1      8.74          6.41   2.33     2.70
  SINCE JAN 1     18.89         13.72   5.17     6.21

DEGREE DAYS
 HEATING
  TODAY            0
  MONTH TO DATE   18
  SINCE MAR 1    183
  SINCE JUL 1   1178

 COOLING
  TODAY            3
  MONTH TO DATE   57
  SINCE MAR 1     74
  SINCE JAN 1    109
......................................................


WIND (MPH)
  RESULTANT WIND SPEED   3   RESULTANT WIND DIRECTION   E (90)
  HIGHEST WIND SPEED    23   HIGHEST WIND DIRECTION     S (200)
  HIGHEST GUST SPEED    30   HIGHEST GUST DIRECTION     S (190)
  AVERAGE WIND SPEED     5.5



WEATHER CONDITIONS
 THE FOLLOWING WEATHER WAS RECORDED TODAY.
  NO SIGNIFICANT WEATHER WAS OBSERVED.


RELATIVE HUMIDITY (PERCENT)
 HIGHEST   100
 LOWEST     87
 AVERAGE    94

..........................................................


THE CROSS CITY (AMOS) CLIMATE NORMALS FOR TOMORROW
                         NORMAL
 MAXIMUM TEMPERATURE (F)   81
 MINIMUM TEMPERATURE (F)   54



-  INDICATES NEGATIVE NUMBERS.
R  INDICATES RECORD WAS SET OR TIED.
MM INDICATES DATA IS MISSING.
T  INDICATES TRACE AMOUNT.




$$
