000
CDUS42 KTAE 230640
CLICTY


CLIMATE REPORT
NATIONAL WEATHER SERVICE TALLAHASSEE FL
239 AM EDT WED JUL 23 2014


...................................

...THE CROSS CITY (AWOS) CLIMATE SUMMARY FOR JULY 22 2014...

CLIMATE NORMAL PERIOD 1981 TO 2010
CLIMATE RECORD PERIOD 1948 TO 2014


WEATHER ITEM   OBSERVED TIME   NORMAL DEPARTURE LAST
                VALUE   (LST)  VALUE  FROM      YEAR
                                      NORMAL
......................................................
TEMPERATURE (F)
 YESTERDAY
  MAXIMUM         90    351 PM  91     -1
  MINIMUM         72    559 AM  72      0
  AVERAGE         81            82     -1

PRECIPITATION (IN)
  YESTERDAY        0.01          0.19  -0.18     1.00
  MONTH TO DATE    6.99          3.83   3.16    17.76
  SINCE JUN 1     10.76          8.92   1.84    27.11
  SINCE JAN 1     36.26         26.09  10.17    39.65

DEGREE DAYS
 HEATING
  YESTERDAY        0             0      0
  MONTH TO DATE    0             0      0
  SINCE JUN 1      0             0      0
  SINCE JUL 1      0             0      0

 COOLING
  YESTERDAY       16            17     -1
  MONTH TO DATE  361           358      3
  SINCE JUN 1    840           805     35
  SINCE JAN 1   1332          1284     48
......................................................


WIND (MPH)
  RESULTANT WIND SPEED   1   RESULTANT WIND DIRECTION  SE (150)
  HIGHEST WIND SPEED    14   HIGHEST WIND DIRECTION    NW (310)
  HIGHEST GUST SPEED    18   HIGHEST GUST DIRECTION    NW (300)
  AVERAGE WIND SPEED     2.1



WEATHER CONDITIONS
 THE FOLLOWING WEATHER WAS RECORDED YESTERDAY.
  NO SIGNIFICANT WEATHER WAS OBSERVED.


RELATIVE HUMIDITY (PERCENT)
 HIGHEST   100
 LOWEST     59

..........................................................




SUNRISE AND SUNSET
JULY 23 2014..........SUNRISE   647 AM EDT   SUNSET   831 PM EDT
JULY 24 2014..........SUNRISE   647 AM EDT   SUNSET   830 PM EDT


-  INDICATES NEGATIVE NUMBERS.
R  INDICATES RECORD WAS SET OR TIED.
MM INDICATES DATA IS MISSING.
T  INDICATES TRACE AMOUNT.




$$
