000
CDUS42 KTAE 070650
CLICTY


CLIMATE REPORT
NATIONAL WEATHER SERVICE TALLAHASSEE FL
149 AM EST WED DEC 7 2016


...................................

...THE CROSS CITY  CLIMATE SUMMARY FOR DECEMBER 6 2016...

CLIMATE NORMAL PERIOD 1981 TO 2010
CLIMATE RECORD PERIOD 1948 TO 2016


WEATHER ITEM   OBSERVED TIME   NORMAL DEPARTURE LAST
                VALUE   (LST)  VALUE  FROM      YEAR
                                      NORMAL
......................................................
TEMPERATURE (F)
 YESTERDAY
  MAXIMUM         79    150 PM  69     10       76
  MINIMUM         57   1010 PM  45     12       57
  AVERAGE         68            57     11

PRECIPITATION (IN)
  YESTERDAY        2.83          0.10   2.73     0.02
  MONTH TO DATE    3.09          0.56   2.53     0.26
  SINCE DEC 1      3.09          0.56   2.53     0.26
  SINCE JAN 1     62.69         46.40  16.29    65.88

DEGREE DAYS
 HEATING
  YESTERDAY        0             9     -9
  MONTH TO DATE   26            50    -24
  SINCE DEC 1     26            50    -24
  SINCE JUL 1    151           218    -67

 COOLING
  YESTERDAY        3             1      2
  MONTH TO DATE   12             6      6
  SINCE DEC 1     12             6      6
  SINCE JAN 1   3033          2608    425
......................................................


WIND (MPH)
  RESULTANT WIND SPEED  10   RESULTANT WIND DIRECTION  SW (240)
  HIGHEST WIND SPEED    20   HIGHEST WIND DIRECTION     W (260)
  HIGHEST GUST SPEED    28   HIGHEST GUST DIRECTION     W (270)
  AVERAGE WIND SPEED    11.2



WEATHER CONDITIONS
 THE FOLLOWING WEATHER WAS RECORDED YESTERDAY.
  THUNDERSTORM
  HEAVY RAIN
  RAIN
  LIGHT RAIN
  FOG


RELATIVE HUMIDITY (PERCENT)
 HIGHEST   100
 LOWEST     60

..........................................................




SUNRISE AND SUNSET
DECEMBER  7 2016......SUNRISE   715 AM EST   SUNSET   533 PM EST
DECEMBER  8 2016......SUNRISE   715 AM EST   SUNSET   534 PM EST


-  INDICATES NEGATIVE NUMBERS.
R  INDICATES RECORD WAS SET OR TIED.
MM INDICATES DATA IS MISSING.
T  INDICATES TRACE AMOUNT.




$$
