000
CDUS42 KTAE 080631
CLICTY


CLIMATE REPORT
NATIONAL WEATHER SERVICE TALLAHASSEE FL
131 AM EST MON FEB 8 2016


...................................

...THE CROSS CITY  CLIMATE SUMMARY FOR FEBRUARY 7 2016...

CLIMATE NORMAL PERIOD 1981 TO 2010
CLIMATE RECORD PERIOD 1948 TO 2016


WEATHER ITEM   OBSERVED TIME   NORMAL DEPARTURE LAST
                VALUE   (LST)  VALUE  FROM      YEAR
                                      NORMAL
......................................................
TEMPERATURE (F)
 YESTERDAY
  MAXIMUM         60    427 PM  69     -9       71
  MINIMUM         35   1159 PM  43     -8       32
  AVERAGE         48            56     -8

PRECIPITATION (IN)
  YESTERDAY        0.00          0.08  -0.08     0.00
  MONTH TO DATE    2.94          0.71   2.23     1.16
  SINCE DEC 1      8.28          7.27   1.01     7.34
  SINCE JAN 1      6.02          4.75   1.27     4.10

DEGREE DAYS
 HEATING
  YESTERDAY       17            10      7
  MONTH TO DATE   53            70    -17
  SINCE DEC 1    483           780   -297
  SINCE JUL 1    521           948   -427

 COOLING
  YESTERDAY        0             1     -1
  MONTH TO DATE   17             7     10
  SINCE DEC 1    187            36    151
  SINCE JAN 1     21            18      3
......................................................


WIND (MPH)
  RESULTANT WIND SPEED   8   RESULTANT WIND DIRECTION   N (340)
  HIGHEST WIND SPEED    20   HIGHEST WIND DIRECTION     N (340)
  HIGHEST GUST SPEED    27   HIGHEST GUST DIRECTION     N (340)
  AVERAGE WIND SPEED     8.0



WEATHER CONDITIONS
 THE FOLLOWING WEATHER WAS RECORDED YESTERDAY.
  NO SIGNIFICANT WEATHER WAS OBSERVED.


RELATIVE HUMIDITY (PERCENT)
 HIGHEST    92
 LOWEST     25

..........................................................




SUNRISE AND SUNSET
FEBRUARY  8 2016......SUNRISE   718 AM EST   SUNSET   616 PM EST
FEBRUARY  9 2016......SUNRISE   717 AM EST   SUNSET   616 PM EST


-  INDICATES NEGATIVE NUMBERS.
R  INDICATES RECORD WAS SET OR TIED.
MM INDICATES DATA IS MISSING.
T  INDICATES TRACE AMOUNT.




$$
