000
CDUS42 KTAE 300632
CLICTY


CLIMATE REPORT
NATIONAL WEATHER SERVICE TALLAHASSEE FL
231 AM EDT TUE JUN 30 2015


...................................

...THE CROSS CITY  CLIMATE SUMMARY FOR JUNE 29 2015...

CLIMATE NORMAL PERIOD 1981 TO 2010
CLIMATE RECORD PERIOD 1948 TO 2015


WEATHER ITEM   OBSERVED TIME   NORMAL DEPARTURE LAST
                VALUE   (LST)  VALUE  FROM      YEAR
                                      NORMAL
......................................................
TEMPERATURE (F)
 YESTERDAY
  MAXIMUM         88    253 PM  91     -3       97
  MINIMUM         73   1218 PM  71      2       75
  AVERAGE         81            81      0

PRECIPITATION (IN)
  YESTERDAY        1.04          0.19   0.85     0.00
  MONTH TO DATE    7.19          4.91   2.28     3.77
  SINCE JUN 1      7.19          4.91   2.28     3.77
  SINCE JAN 1     20.33         22.08  -1.75    29.27

DEGREE DAYS
 HEATING
  YESTERDAY        0             0      0
  MONTH TO DATE    0             0      0
  SINCE JUN 1      0             0      0
  SINCE JUL 1   1213          1306    -93

 COOLING
  YESTERDAY       16            16      0
  MONTH TO DATE  484           432     52
  SINCE JUN 1    484           432     52
  SINCE JAN 1   1323           911    412
......................................................


WIND (MPH)
  RESULTANT WIND SPEED   4   RESULTANT WIND DIRECTION   W (260)
  HIGHEST WIND SPEED    17   HIGHEST WIND DIRECTION    SW (220)
  HIGHEST GUST SPEED    22   HIGHEST GUST DIRECTION     W (290)
  AVERAGE WIND SPEED     4.9



WEATHER CONDITIONS
 THE FOLLOWING WEATHER WAS RECORDED YESTERDAY.
  NO SIGNIFICANT WEATHER WAS OBSERVED.


RELATIVE HUMIDITY (PERCENT)
 HIGHEST   100
 LOWEST     65

..........................................................




SUNRISE AND SUNSET
JUNE 30 2015..........SUNRISE   635 AM EDT   SUNSET   837 PM EDT
JULY  1 2015..........SUNRISE   636 AM EDT   SUNSET   837 PM EDT


-  INDICATES NEGATIVE NUMBERS.
R  INDICATES RECORD WAS SET OR TIED.
MM INDICATES DATA IS MISSING.
T  INDICATES TRACE AMOUNT.




$$
