000
CDUS42 KCAE 010602
CLICUB


CLIMATE REPORT
NATIONAL WEATHER SERVICE COLUMBIA SC
201 AM EDT SUN MAY 1 2016


...................................

...THE HAMILTON - OWENS AIRPORT SC CLIMATE SUMMARY FOR APRIL 30 2016...

CLIMATE NORMAL PERIOD 1981 TO 2010
CLIMATE RECORD PERIOD 9999 TO 9999


WEATHER ITEM   OBSERVED TIME   NORMAL DEPARTURE LAST
                VALUE   (LST)  VALUE  FROM      YEAR
                                      NORMAL
......................................................
TEMPERATURE (F)
 YESTERDAY
  MAXIMUM         89    304 PM  80      9       78
  MINIMUM         64    521 AM  56      8       48
  AVERAGE         77            68      9       63

PRECIPITATION (IN)
  YESTERDAY        0.00          0.09  -0.09     0.00
  MONTH TO DATE    2.30          2.69  -0.39     3.01
  SINCE MAR 1      4.55          6.57  -2.02     5.65
  SINCE JAN 1      9.47         13.85  -4.38    13.57

DEGREE DAYS
 HEATING
  YESTERDAY        0             1     -1        2
  MONTH TO DATE   71            99    -28       41
  SINCE MAR 1    211           372   -161      249
  SINCE JUL 1   1711          2301   -590     2375

 COOLING
  YESTERDAY       12             4      8        0
  MONTH TO DATE  110            81     29      113
  SINCE MAR 1    185            96     89      134
  SINCE JAN 1    188            99     89      134
......................................................


WIND (MPH)
  HIGHEST WIND SPEED    16   HIGHEST WIND DIRECTION     S (160)
  HIGHEST GUST SPEED    25   HIGHEST GUST DIRECTION     S (160)
  AVERAGE WIND SPEED     4.1


SKY COVER
  AVERAGE SKY COVER 0.3


WEATHER CONDITIONS
 THE FOLLOWING WEATHER WAS RECORDED YESTERDAY.
  FOG
  HAZE


RELATIVE HUMIDITY (PERCENT)
 HIGHEST   100           700 AM
 LOWEST     38           300 PM

..........................................................


THE HAMILTON - OWENS AIRPORT SC CLIMATE NORMALS FOR TODAY
                         NORMAL    RECORD    YEAR
 MAXIMUM TEMPERATURE (F)   80        MM        MM
 MINIMUM TEMPERATURE (F)   56        MM        MM


SUNRISE AND SUNSET
MAY  1 2016...........SUNRISE   634 AM EDT   SUNSET   808 PM EDT
MAY  2 2016...........SUNRISE   633 AM EDT   SUNSET   809 PM EDT


-  INDICATES NEGATIVE NUMBERS.
R  INDICATES RECORD WAS SET OR TIED.
MM INDICATES DATA IS MISSING.
T  INDICATES TRACE AMOUNT.




$$
