000
CDUS42 KCAE 300544
CLICUB


CLIMATE REPORT
NATIONAL WEATHER SERVICE COLUMBIA SC
144 AM EDT TUE SEP 30 2014


...................................

...THE HAMILTON - OWENS AIRPORT SC CLIMATE SUMMARY FOR SEPTEMBER 29 2014...

CLIMATE NORMAL PERIOD 1981 TO 2010
CLIMATE RECORD PERIOD 9999 TO 9999


WEATHER ITEM   OBSERVED TIME   RECORD YEAR NORMAL DEPARTURE LAST
                VALUE   (LST)  VALUE       VALUE  FROM      YEAR
                                                  NORMAL
..................................................................
TEMPERATURE (F)
 YESTERDAY
  MAXIMUM         75    244 PM  MM      MM  82     -7       76
  MINIMUM         67   1159 PM  MM      MM  62      5       58
  AVERAGE         71                        72     -1       67

PRECIPITATION (IN)
  YESTERDAY        0.02         MM      MM   0.12  -0.10     0.00
  MONTH TO DATE    5.54                      3.92   1.62     1.95
  SINCE SEP 1      5.54                      3.92   1.62     1.95
  SINCE JAN 1     35.20                     35.77  -0.57    44.84

DEGREE DAYS
 HEATING
  YESTERDAY        0                         0      0        0
  MONTH TO DATE    4                         0      4        0
  SINCE SEP 1      4                         0      4        0
  SINCE JUL 1      4                         0      4        0

 COOLING
  YESTERDAY        6                         7     -1        2
  MONTH TO DATE  340                       322     18      343
  SINCE SEP 1    340                       322     18      343
  SINCE JAN 1   2267                      2140    127     2071
..................................................................


WIND (MPH)
  HIGHEST WIND SPEED     7   HIGHEST WIND DIRECTION     E (70)
  HIGHEST GUST SPEED    10   HIGHEST GUST DIRECTION    SE (140)
  AVERAGE WIND SPEED     1.8


SKY COVER
  AVERAGE SKY COVER 0.9


WEATHER CONDITIONS
 THE FOLLOWING WEATHER WAS RECORDED YESTERDAY.
  LIGHT RAIN


RELATIVE HUMIDITY (PERCENT)
 HIGHEST    90          1000 AM
 LOWEST     73          1200 AM

..........................................................


THE HAMILTON - OWENS AIRPORT SC CLIMATE NORMALS FOR TODAY
                         NORMAL    RECORD    YEAR
 MAXIMUM TEMPERATURE (F)   82        MM        MM
 MINIMUM TEMPERATURE (F)   61        MM        MM


SUNRISE AND SUNSET
SEPTEMBER 30 2014.....SUNRISE   718 AM EDT   SUNSET   710 PM EDT
OCTOBER  1 2014.......SUNRISE   718 AM EDT   SUNSET   708 PM EDT


-  INDICATES NEGATIVE NUMBERS.
R  INDICATES RECORD WAS SET OR TIED.
MM INDICATES DATA IS MISSING.
T  INDICATES TRACE AMOUNT.




$$
