000
CDUS42 KCAE 200613
CLICUB


CLIMATE REPORT
NATIONAL WEATHER SERVICE COLUMBIA SC
113 AM EST MON FEB 20 2017


...................................

...THE HAMILTON - OWENS AIRPORT SC CLIMATE SUMMARY FOR FEBRUARY 19 2017...

CLIMATE NORMAL PERIOD 1981 TO 2010
CLIMATE RECORD PERIOD 9999 TO 9999


WEATHER ITEM   OBSERVED TIME   NORMAL DEPARTURE LAST
                VALUE   (LST)  VALUE  FROM      YEAR
                                      NORMAL
......................................................
TEMPERATURE (F)
 YESTERDAY
  MAXIMUM         72    524 PM  61     11       61
  MINIMUM         46    726 AM  39      7       33
  AVERAGE         59            50      9       47

PRECIPITATION (IN)
  YESTERDAY        0.01          0.15  -0.14     0.00
  MONTH TO DATE    1.56          2.33  -0.77     2.28
  SINCE DEC 1     11.08          9.16   1.92     9.07
  SINCE JAN 1      7.70          5.96   1.74     3.83

DEGREE DAYS
 HEATING
  YESTERDAY        6            15     -9       18
  MONTH TO DATE  182           312   -130      347
  SINCE DEC 1    968          1433   -465     1154
  SINCE JUL 1   1229          1804   -575     1401

 COOLING
  YESTERDAY        0             0      0        0
  MONTH TO DATE    4             0      4        3
  SINCE DEC 1      7             5      2       59
  SINCE JAN 1      6             1      5        3
......................................................


WIND (MPH)
  HIGHEST WIND SPEED    15   HIGHEST WIND DIRECTION    NW (310)
  HIGHEST GUST SPEED    21   HIGHEST GUST DIRECTION    NW (310)
  AVERAGE WIND SPEED     3.0


SKY COVER
  AVERAGE SKY COVER 0.2


WEATHER CONDITIONS
 THE FOLLOWING WEATHER WAS RECORDED YESTERDAY.
  LIGHT RAIN
  FOG


RELATIVE HUMIDITY (PERCENT)
 HIGHEST    93           700 AM
 LOWEST     40           200 PM

..........................................................


THE HAMILTON - OWENS AIRPORT SC CLIMATE NORMALS FOR TODAY
                         NORMAL    RECORD    YEAR
 MAXIMUM TEMPERATURE (F)   62        MM        MM
 MINIMUM TEMPERATURE (F)   39        MM        MM


SUNRISE AND SUNSET
FEBRUARY 20 2017......SUNRISE   703 AM EST   SUNSET   613 PM EST
FEBRUARY 21 2017......SUNRISE   702 AM EST   SUNSET   614 PM EST


-  INDICATES NEGATIVE NUMBERS.
R  INDICATES RECORD WAS SET OR TIED.
MM INDICATES DATA IS MISSING.
T  INDICATES TRACE AMOUNT.




$$
