000
CDUS42 KCAE 020608
CLICUB


CLIMATE REPORT
NATIONAL WEATHER SERVICE COLUMBIA SC
208 AM EDT SUN AUG 2 2015


...................................

...THE HAMILTON - OWENS AIRPORT SC CLIMATE SUMMARY FOR AUGUST 1 2015...

CLIMATE NORMAL PERIOD 1981 TO 2010
CLIMATE RECORD PERIOD 9999 TO 9999


WEATHER ITEM   OBSERVED TIME   NORMAL DEPARTURE LAST
                VALUE   (LST)  VALUE  FROM      YEAR
                                      NORMAL
......................................................
TEMPERATURE (F)
 YESTERDAY
  MAXIMUM         97    255 PM  93      4       82
  MINIMUM         76    551 AM  73      3       71
  AVERAGE         87            82      5       77

PRECIPITATION (IN)
  YESTERDAY        0.00          0.19  -0.19     0.04
  MONTH TO DATE    0.00          0.19  -0.19     0.04
  SINCE JUN 1     10.07         10.28  -0.21     6.52
  SINCE JAN 1     25.21         27.10  -1.89    24.48

DEGREE DAYS
 HEATING
  YESTERDAY        0             0      0        0
  MONTH TO DATE    0             0      0        0
  SINCE JUN 1      0             0      0        0
  SINCE JUL 1      0             0      0        0

 COOLING
  YESTERDAY       22            18      4       12
  MONTH TO DATE   22            18      4       12
  SINCE JUN 1   1197           998    199     1030
  SINCE JAN 1   1626          1334    292     1423
......................................................


WIND (MPH)
  HIGHEST WIND SPEED    10   HIGHEST WIND DIRECTION     S (190)
  HIGHEST GUST SPEED    14   HIGHEST GUST DIRECTION     S (200)
  AVERAGE WIND SPEED     3.3


SKY COVER
  AVERAGE SKY COVER 0.2


WEATHER CONDITIONS
 THE FOLLOWING WEATHER WAS RECORDED YESTERDAY.
  NO SIGNIFICANT WEATHER WAS OBSERVED.


RELATIVE HUMIDITY (PERCENT)
 HIGHEST    87           500 AM
 LOWEST     29           300 PM

..........................................................


THE HAMILTON - OWENS AIRPORT SC CLIMATE NORMALS FOR TODAY
                         NORMAL    RECORD    YEAR
 MAXIMUM TEMPERATURE (F)   93        MM        MM
 MINIMUM TEMPERATURE (F)   72        MM        MM


SUNRISE AND SUNSET
AUGUST  2 2015........SUNRISE   636 AM EDT   SUNSET   824 PM EDT
AUGUST  3 2015........SUNRISE   637 AM EDT   SUNSET   823 PM EDT


-  INDICATES NEGATIVE NUMBERS.
R  INDICATES RECORD WAS SET OR TIED.
MM INDICATES DATA IS MISSING.
T  INDICATES TRACE AMOUNT.




$$
