000
CDUS43 KUNR 190832
CLICUT


CLIMATE REPORT
NATIONAL WEATHER SERVICE RAPID CITY SD
231 AM MDT SAT AUG 19 2017


...................................

...THE CUSTER COUNTY AIRPORT SD CLIMATE SUMMARY FOR AUGUST 18 2017...

CLIMATE NORMAL PERIOD 1981 TO 2010
CLIMATE RECORD PERIOD 9999 TO 9999


WEATHER ITEM   OBSERVED TIME   NORMAL DEPARTURE LAST
                VALUE   (LST)  VALUE  FROM      YEAR
                                      NORMAL
......................................................
TEMPERATURE (F)
 YESTERDAY
  MAXIMUM         80    210 PM  78      2       79
  MINIMUM         50   1159 PM  50      0       55
  AVERAGE         65            64      1       67

PRECIPITATION (IN)
  YESTERDAY        0.00          0.07  -0.07      T
  MONTH TO DATE    2.07          1.24   0.83     0.78
  SINCE JUN 1      9.65          6.90   2.75     7.31
  SINCE JAN 1     17.53         14.01   3.52    11.89

DEGREE DAYS
 HEATING
  YESTERDAY        0             3     -3        0
  MONTH TO DATE   81            42     39       20
  SINCE JUN 1    244           323    -79      119
  SINCE JUL 1     89           103    -14       63

 COOLING
  YESTERDAY        0             2     -2        2
  MONTH TO DATE    3            36    -33       45
  SINCE JUN 1    191           142     49      240
  SINCE JAN 1    191           143     48      240
......................................................


WIND (MPH)
  HIGHEST WIND SPEED    17   HIGHEST WIND DIRECTION     E (90)
  HIGHEST GUST SPEED    21   HIGHEST GUST DIRECTION     E (80)
  AVERAGE WIND SPEED     6.6


SKY COVER
  AVERAGE SKY COVER 0.0


WEATHER CONDITIONS
 THE FOLLOWING WEATHER WAS RECORDED YESTERDAY.
  HAZE


RELATIVE HUMIDITY (PERCENT)
 HIGHEST    64
 LOWEST     21
 AVERAGE    43

..........................................................




SUNRISE AND SUNSET
AUGUST 19 2017........SUNRISE   604 AM MDT   SUNSET   751 PM MDT
AUGUST 20 2017........SUNRISE   605 AM MDT   SUNSET   750 PM MDT


-  INDICATES NEGATIVE NUMBERS.
R  INDICATES RECORD WAS SET OR TIED.
MM INDICATES DATA IS MISSING.
T  INDICATES TRACE AMOUNT.




$$
