000
CDUS43 KUNR 170921
CLICUT


CLIMATE REPORT
NATIONAL WEATHER SERVICE RAPID CITY SD
221 AM MST WED JAN 17 2018


...................................

...THE CUSTER COUNTY AIRPORT SD CLIMATE SUMMARY FOR JANUARY 16 2018...

CLIMATE NORMAL PERIOD 1981 TO 2010
CLIMATE RECORD PERIOD 9999 TO 9999


WEATHER ITEM   OBSERVED TIME   NORMAL DEPARTURE LAST
                VALUE   (LST)  VALUE  FROM      YEAR
                                      NORMAL
......................................................
TEMPERATURE (F)
 YESTERDAY
  MAXIMUM         33    249 PM  35     -2       41
  MINIMUM         -7    113 AM  14    -21       20
  AVERAGE         13            24    -11       31

PRECIPITATION (IN)
  YESTERDAY        0.00          0.01  -0.01     0.00
  MONTH TO DATE    0.11          0.15  -0.04     0.24
  SINCE DEC 1      1.19          0.53   0.66     1.52
  SINCE JAN 1      0.11          0.15  -0.04     0.24

DEGREE DAYS
 HEATING
  YESTERDAY       52            41     11       34
  MONTH TO DATE  657           656      1      778
  SINCE DEC 1   1938          1945     -7     2235
  SINCE JUL 1   3902          4126   -224     3854

 COOLING
  YESTERDAY        0             0      0        0
  MONTH TO DATE    0             0      0        0
  SINCE DEC 1      0             0      0        0
  SINCE JAN 1      0             0      0        0
......................................................


WIND (MPH)
  HIGHEST WIND SPEED    15   HIGHEST WIND DIRECTION     W (270)
  HIGHEST GUST SPEED    19   HIGHEST GUST DIRECTION     W (270)
  AVERAGE WIND SPEED     5.1


SKY COVER
  AVERAGE SKY COVER 0.0


WEATHER CONDITIONS
 THE FOLLOWING WEATHER WAS RECORDED YESTERDAY.
  NO SIGNIFICANT WEATHER WAS OBSERVED.


RELATIVE HUMIDITY (PERCENT)
 HIGHEST    47
 LOWEST     10
 AVERAGE    29

..........................................................




SUNRISE AND SUNSET
JANUARY 17 2018.......SUNRISE   724 AM MST   SUNSET   446 PM MST
JANUARY 18 2018.......SUNRISE   723 AM MST   SUNSET   447 PM MST


-  INDICATES NEGATIVE NUMBERS.
R  INDICATES RECORD WAS SET OR TIED.
MM INDICATES DATA IS MISSING.
T  INDICATES TRACE AMOUNT.




$$
