000
CDUS43 KUNR 310831
CLICUT


CLIMATE REPORT
NATIONAL WEATHER SERVICE RAPID CITY SD
230 AM MDT FRI JUL 31 2015


...................................

...THE CUSTER COUNTY AIRPORT SD CLIMATE SUMMARY FOR JULY 30 2015...

CLIMATE NORMAL PERIOD 1981 TO 2010
CLIMATE RECORD PERIOD 9999 TO 9999


WEATHER ITEM   OBSERVED TIME   NORMAL DEPARTURE LAST
                VALUE   (LST)  VALUE  FROM      YEAR
                                      NORMAL
......................................................
TEMPERATURE (F)
 YESTERDAY
  MAXIMUM         81    158 PM  80      1       76
  MINIMUM         47    440 AM  52     -5       50
  AVERAGE         64            66     -2       63

PRECIPITATION (IN)
  YESTERDAY        0.00          0.08  -0.08      T
  MONTH TO DATE    2.30          2.37  -0.07     1.44
  SINCE JUN 1      8.80          5.59   3.21     4.83
  SINCE JAN 1     18.11         12.70   5.41    12.55

DEGREE DAYS
 HEATING
  YESTERDAY        1             2     -1        2
  MONTH TO DATE   56            64     -8       78
  SINCE JUN 1    158           284   -126      351
  SINCE JUL 1     56            64     -8       78

 COOLING
  YESTERDAY        0             3     -3        0
  MONTH TO DATE   69            80    -11       85
  SINCE JUN 1     96           105     -9       86
  SINCE JAN 1     96           106    -10       90
......................................................


WIND (MPH)
  HIGHEST WIND SPEED    16   HIGHEST WIND DIRECTION     E (110)
  HIGHEST GUST SPEED    21   HIGHEST GUST DIRECTION    SE (120)
  AVERAGE WIND SPEED     5.1


SKY COVER
  AVERAGE SKY COVER 0.0


WEATHER CONDITIONS
 THE FOLLOWING WEATHER WAS RECORDED YESTERDAY.
  NO SIGNIFICANT WEATHER WAS OBSERVED.


RELATIVE HUMIDITY (PERCENT)
 HIGHEST    71
 LOWEST     20
 AVERAGE    46

..........................................................




SUNRISE AND SUNSET
JULY 31 2015..........SUNRISE   542 AM MDT   SUNSET   819 PM MDT
AUGUST  1 2015........SUNRISE   543 AM MDT   SUNSET   818 PM MDT


-  INDICATES NEGATIVE NUMBERS.
R  INDICATES RECORD WAS SET OR TIED.
MM INDICATES DATA IS MISSING.
T  INDICATES TRACE AMOUNT.




$$
