000
CDUS43 KUNR 290831
CLICUT


CLIMATE REPORT
NATIONAL WEATHER SERVICE RAPID CITY SD
231 AM MDT MON AUG 29 2016


...................................

...THE CUSTER COUNTY AIRPORT SD CLIMATE SUMMARY FOR AUGUST 28 2016...

CLIMATE NORMAL PERIOD 1981 TO 2010
CLIMATE RECORD PERIOD 9999 TO 9999


WEATHER ITEM   OBSERVED TIME   NORMAL DEPARTURE LAST
                VALUE   (LST)  VALUE  FROM      YEAR
                                      NORMAL
......................................................
TEMPERATURE (F)
 YESTERDAY
  MAXIMUM         84    323 PM  76      8       81
  MINIMUM         49    204 AM  48      1       54
  AVERAGE         67            62      5       68

PRECIPITATION (IN)
  YESTERDAY        0.00          0.07  -0.07     0.00
  MONTH TO DATE    1.73          1.91  -0.18     2.13
  SINCE JUN 1      8.26          7.57   0.69    10.93
  SINCE JAN 1     12.84         14.68  -1.84    20.24

DEGREE DAYS
 HEATING
  YESTERDAY        0             4     -4        0
  MONTH TO DATE   89            77     12       90
  SINCE JUN 1    188           358   -170      248
  SINCE JUL 1    132           138     -6      146

 COOLING
  YESTERDAY        2             1      1        3
  MONTH TO DATE   56            49      7       74
  SINCE JUN 1    251           155     96      171
  SINCE JAN 1    251           156     95      171
......................................................


WIND (MPH)
  HIGHEST WIND SPEED    14   HIGHEST WIND DIRECTION     W (270)
  HIGHEST GUST SPEED    19   HIGHEST GUST DIRECTION     W (270)
  AVERAGE WIND SPEED     5.6


SKY COVER
  AVERAGE SKY COVER 0.0


WEATHER CONDITIONS
 THE FOLLOWING WEATHER WAS RECORDED YESTERDAY.
  NO SIGNIFICANT WEATHER WAS OBSERVED.


RELATIVE HUMIDITY (PERCENT)
 HIGHEST    74
 LOWEST     13
 AVERAGE    44

..........................................................




SUNRISE AND SUNSET
AUGUST 29 2016........SUNRISE   615 AM MDT   SUNSET   734 PM MDT
AUGUST 30 2016........SUNRISE   616 AM MDT   SUNSET   733 PM MDT


-  INDICATES NEGATIVE NUMBERS.
R  INDICATES RECORD WAS SET OR TIED.
MM INDICATES DATA IS MISSING.
T  INDICATES TRACE AMOUNT.




$$
