000
CDUS43 KUNR 310839
CLICUT


CLIMATE REPORT
NATIONAL WEATHER SERVICE RAPID CITY SD
238 AM MDT MON AUG 31 2015


...................................

...THE CUSTER COUNTY AIRPORT SD CLIMATE SUMMARY FOR AUGUST 30 2015...

CLIMATE NORMAL PERIOD 1981 TO 2010
CLIMATE RECORD PERIOD 9999 TO 9999


WEATHER ITEM   OBSERVED TIME   NORMAL DEPARTURE LAST
                VALUE   (LST)  VALUE  FROM      YEAR
                                      NORMAL
......................................................
TEMPERATURE (F)
 YESTERDAY
  MAXIMUM         91    306 PM  75     16       82
  MINIMUM         60    558 AM  47     13       46
  AVERAGE         76            61     15       64

PRECIPITATION (IN)
  YESTERDAY        T             0.08  -0.08     0.01
  MONTH TO DATE    2.13          2.07   0.06     1.89
  SINCE JUN 1     10.93          7.73   3.20     6.78
  SINCE JAN 1     20.24         14.84   5.40    14.50

DEGREE DAYS
 HEATING
  YESTERDAY        0             5     -5        1
  MONTH TO DATE   90            87      3       44
  SINCE JUN 1    248           368   -120      396
  SINCE JUL 1    146           148     -2      123

 COOLING
  YESTERDAY       11             1     10        0
  MONTH TO DATE   90            51     39       44
  SINCE JUN 1    187           157     30      130
  SINCE JAN 1    187           158     29      134
......................................................


WIND (MPH)
  HIGHEST WIND SPEED    18   HIGHEST WIND DIRECTION    SW (220)
  HIGHEST GUST SPEED    32   HIGHEST GUST DIRECTION    SW (230)
  AVERAGE WIND SPEED     6.8


SKY COVER
  AVERAGE SKY COVER 0.2


WEATHER CONDITIONS
 THE FOLLOWING WEATHER WAS RECORDED YESTERDAY.
  THUNDERSTORM
  LIGHT RAIN


RELATIVE HUMIDITY (PERCENT)
 HIGHEST    58
 LOWEST     16
 AVERAGE    37

..........................................................




SUNRISE AND SUNSET
AUGUST 31 2015........SUNRISE   617 AM MDT   SUNSET   732 PM MDT
SEPTEMBER  1 2015.....SUNRISE   618 AM MDT   SUNSET   730 PM MDT


-  INDICATES NEGATIVE NUMBERS.
R  INDICATES RECORD WAS SET OR TIED.
MM INDICATES DATA IS MISSING.
T  INDICATES TRACE AMOUNT.




$$
