000
CDUS43 KUNR 290854
CLICUT


CLIMATE REPORT
NATIONAL WEATHER SERVICE RAPID CITY SD
254 AM MDT MON JUN 29 2015


...................................

...THE CUSTER COUNTY AIRPORT SD CLIMATE SUMMARY FOR JUNE 28 2015...

CLIMATE NORMAL PERIOD 1981 TO 2010
CLIMATE RECORD PERIOD 9999 TO 9999


WEATHER ITEM   OBSERVED TIME   NORMAL DEPARTURE LAST
                VALUE   (LST)  VALUE  FROM      YEAR
                                      NORMAL
......................................................
TEMPERATURE (F)
 YESTERDAY
  MAXIMUM         81   1059 AM  76      5       67
  MINIMUM         50    453 AM  50      0       50
  AVERAGE         66            63      3       59

PRECIPITATION (IN)
  YESTERDAY        1.30          0.09   1.21     0.01
  MONTH TO DATE    5.30          3.03   2.27     3.39
  SINCE JUN 1      5.30          3.03   2.27     3.39
  SINCE JAN 1     14.61         10.14   4.47    11.11

DEGREE DAYS
 HEATING
  YESTERDAY        0             4     -4        6
  MONTH TO DATE  102           213   -111      256
  SINCE JUN 1    102           213   -111      256
  SINCE JUL 1   7686          8382   -696     8416

 COOLING
  YESTERDAY        1             2     -1        0
  MONTH TO DATE   17            20     -3        1
  SINCE JUN 1     17            20     -3        1
  SINCE JAN 1     17            21     -4        5
......................................................


WIND (MPH)
  HIGHEST WIND SPEED    14   HIGHEST WIND DIRECTION     N (20)
  HIGHEST GUST SPEED    19   HIGHEST GUST DIRECTION    SE (120)
  AVERAGE WIND SPEED     4.3


SKY COVER
  AVERAGE SKY COVER 0.1


WEATHER CONDITIONS
 THE FOLLOWING WEATHER WAS RECORDED YESTERDAY.
  THUNDERSTORM
  HEAVY RAIN
  RAIN
  LIGHT RAIN
  FOG
  FOG W/VISIBILITY <= 1/4 MILE


RELATIVE HUMIDITY (PERCENT)
 HIGHEST    93
 LOWEST     30
 AVERAGE    62

..........................................................




SUNRISE AND SUNSET
JUNE 29 2015..........SUNRISE   515 AM MDT   SUNSET   840 PM MDT
JUNE 30 2015..........SUNRISE   516 AM MDT   SUNSET   840 PM MDT


-  INDICATES NEGATIVE NUMBERS.
R  INDICATES RECORD WAS SET OR TIED.
MM INDICATES DATA IS MISSING.
T  INDICATES TRACE AMOUNT.




$$
