000
CDUS43 KUNR 290832
CLICUT


CLIMATE REPORT
NATIONAL WEATHER SERVICE RAPID CITY SD
231 AM MDT FRI JUL 29 2016


...................................

...THE CUSTER COUNTY AIRPORT SD CLIMATE SUMMARY FOR JULY 28 2016...

CLIMATE NORMAL PERIOD 1981 TO 2010
CLIMATE RECORD PERIOD 9999 TO 9999


WEATHER ITEM   OBSERVED TIME   NORMAL DEPARTURE LAST
                VALUE   (LST)  VALUE  FROM      YEAR
                                      NORMAL
......................................................
TEMPERATURE (F)
 YESTERDAY
  MAXIMUM         72    341 PM  80     -8       68
  MINIMUM         51    507 AM  52     -1       45
  AVERAGE         62            66     -4       57

PRECIPITATION (IN)
  YESTERDAY        0.54          0.07   0.47     0.00
  MONTH TO DATE    3.47          2.22   1.25     2.30
  SINCE JUN 1      6.17          5.44   0.73     8.80
  SINCE JAN 1     10.75         12.55  -1.80    18.11

DEGREE DAYS
 HEATING
  YESTERDAY        3             2      1        8
  MONTH TO DATE   39            60    -21       48
  SINCE JUN 1     95           280   -185      150
  SINCE JUL 1     39            60    -21       48

 COOLING
  YESTERDAY        0             3     -3        0
  MONTH TO DATE  107            74     33       69
  SINCE JUN 1    184            99     85       96
  SINCE JAN 1    184           100     84       96
......................................................


WIND (MPH)
  HIGHEST WIND SPEED    21   HIGHEST WIND DIRECTION     W (270)
  HIGHEST GUST SPEED    30   HIGHEST GUST DIRECTION     W (280)
  AVERAGE WIND SPEED     6.9


SKY COVER
  AVERAGE SKY COVER 0.5


WEATHER CONDITIONS
 THE FOLLOWING WEATHER WAS RECORDED YESTERDAY.
  THUNDERSTORM
  HEAVY RAIN
  RAIN
  LIGHT RAIN
  FOG
  FOG W/VISIBILITY <= 1/4 MILE


RELATIVE HUMIDITY (PERCENT)
 HIGHEST    93
 LOWEST     41
 AVERAGE    67

..........................................................




SUNRISE AND SUNSET
JULY 29 2016..........SUNRISE   541 AM MDT   SUNSET   820 PM MDT
JULY 30 2016..........SUNRISE   542 AM MDT   SUNSET   819 PM MDT


-  INDICATES NEGATIVE NUMBERS.
R  INDICATES RECORD WAS SET OR TIED.
MM INDICATES DATA IS MISSING.
T  INDICATES TRACE AMOUNT.




$$
