000
CDUS43 KUNR 070839
CLICUT


CLIMATE REPORT
NATIONAL WEATHER SERVICE RAPID CITY SD
138 AM MST SUN FEB 7 2016


...................................

...THE CUSTER COUNTY AIRPORT SD CLIMATE SUMMARY FOR FEBRUARY 6 2016...

CLIMATE NORMAL PERIOD 1981 TO 2010
CLIMATE RECORD PERIOD 9999 TO 9999


WEATHER ITEM   OBSERVED TIME   NORMAL DEPARTURE LAST
                VALUE   (LST)  VALUE  FROM      YEAR
                                      NORMAL
......................................................
TEMPERATURE (F)
 YESTERDAY
  MAXIMUM         42    155 PM  35      7       59
  MINIMUM         22    313 AM  14      8       35
  AVERAGE         32            24      8       47

PRECIPITATION (IN)
  YESTERDAY        0.00          0.02  -0.02     0.00
  MONTH TO DATE    0.29          0.12   0.17     0.00
  SINCE DEC 1      0.71          0.83  -0.12     0.39
  SINCE JAN 1      0.33          0.45  -0.12     0.24

DEGREE DAYS
 HEATING
  YESTERDAY       33            40     -7       18
  MONTH TO DATE  266           245     21      221
  SINCE DEC 1   2583          2799   -216     2491
  SINCE JUL 1   4371          4980   -609     4579

 COOLING
  YESTERDAY        0             0      0        0
  MONTH TO DATE    0             0      0        0
  SINCE DEC 1      0             0      0        0
  SINCE JAN 1      0             0      0        0
......................................................


WIND (MPH)
  HIGHEST WIND SPEED    25   HIGHEST WIND DIRECTION     W (270)
  HIGHEST GUST SPEED    40   HIGHEST GUST DIRECTION    NW (330)
  AVERAGE WIND SPEED    12.6


SKY COVER
  AVERAGE SKY COVER 0.1


WEATHER CONDITIONS
 THE FOLLOWING WEATHER WAS RECORDED YESTERDAY.
  NO SIGNIFICANT WEATHER WAS OBSERVED.


RELATIVE HUMIDITY (PERCENT)
 HIGHEST    56
 LOWEST     36
 AVERAGE    46

..........................................................




SUNRISE AND SUNSET
FEBRUARY  7 2016......SUNRISE   705 AM MST   SUNSET   513 PM MST
FEBRUARY  8 2016......SUNRISE   703 AM MST   SUNSET   514 PM MST


-  INDICATES NEGATIVE NUMBERS.
R  INDICATES RECORD WAS SET OR TIED.
MM INDICATES DATA IS MISSING.
T  INDICATES TRACE AMOUNT.




$$
