000
CDUS43 KUNR 290833
CLICUT


CLIMATE REPORT
NATIONAL WEATHER SERVICE RAPID CITY SD
232 AM MDT SUN MAY 29 2016


...................................

...THE CUSTER COUNTY AIRPORT SD CLIMATE SUMMARY FOR MAY 28 2016...

CLIMATE NORMAL PERIOD 1981 TO 2010
CLIMATE RECORD PERIOD 9999 TO 9999


WEATHER ITEM   OBSERVED TIME   NORMAL DEPARTURE LAST
                VALUE   (LST)  VALUE  FROM      YEAR
                                      NORMAL
......................................................
TEMPERATURE (F)
 YESTERDAY
  MAXIMUM         64   1103 AM  64      0       66
  MINIMUM         39    142 AM  40     -1       46
  AVERAGE         52            52      0       56

PRECIPITATION (IN)
  YESTERDAY        0.26          0.10   0.16     0.68
  MONTH TO DATE    1.62          2.76  -1.14     6.50
  SINCE MAR 1      3.92          5.89  -1.97     8.81
  SINCE JAN 1      4.53          6.75  -2.22     9.21

DEGREE DAYS
 HEATING
  YESTERDAY       13            13      0        9
  MONTH TO DATE  482           480      2      553
  SINCE MAR 1   2023          2295   -272     2093
  SINCE JUL 1   7078          8130  -1052     7542

 COOLING
  YESTERDAY        0             0      0        0
  MONTH TO DATE    0             0      0        0
  SINCE MAR 1      0             0      0        0
  SINCE JAN 1      0             0      0        0
......................................................


WIND (MPH)
  HIGHEST WIND SPEED    16   HIGHEST WIND DIRECTION    NE (30)
  HIGHEST GUST SPEED    22   HIGHEST GUST DIRECTION     S (180)
  AVERAGE WIND SPEED     5.4


SKY COVER
  AVERAGE SKY COVER 0.5


WEATHER CONDITIONS
 THE FOLLOWING WEATHER WAS RECORDED YESTERDAY.
  THUNDERSTORM
  HEAVY RAIN
  RAIN
  LIGHT RAIN
  FOG


RELATIVE HUMIDITY (PERCENT)
 HIGHEST    92
 LOWEST     40
 AVERAGE    66

..........................................................




SUNRISE AND SUNSET
MAY 29 2016...........SUNRISE   517 AM MDT   SUNSET   827 PM MDT
MAY 30 2016...........SUNRISE   516 AM MDT   SUNSET   828 PM MDT


-  INDICATES NEGATIVE NUMBERS.
R  INDICATES RECORD WAS SET OR TIED.
MM INDICATES DATA IS MISSING.
T  INDICATES TRACE AMOUNT.




$$
