000
CDUS43 KUNR 210830
CLICUT


CLIMATE REPORT
NATIONAL WEATHER SERVICE RAPID CITY SD
230 AM MDT THU AUG 21 2014


...................................

...THE CUSTER COUNTY AIRPORT SD CLIMATE SUMMARY FOR AUGUST 20 2014...

CLIMATE NORMAL PERIOD 1981 TO 2010
CLIMATE RECORD PERIOD 9999 TO 9999


WEATHER ITEM   OBSERVED TIME   NORMAL DEPARTURE LAST
                VALUE   (LST)  VALUE  FROM      YEAR
                                      NORMAL
......................................................
TEMPERATURE (F)
 YESTERDAY
  MAXIMUM         83    248 PM  77      6       86
  MINIMUM         60    203 AM  50     10       56
  AVERAGE         72            64      8       71

PRECIPITATION (IN)
  YESTERDAY        T             0.06  -0.06     0.00
  MONTH TO DATE    1.61          1.37   0.24     3.89
  SINCE JUN 1      6.50          7.03  -0.53     9.36
  SINCE JAN 1     14.22         14.14   0.08    15.89

DEGREE DAYS
 HEATING
  YESTERDAY        0             3     -3        0
  MONTH TO DATE   10            48    -38       49
  SINCE JUN 1    362           329     33      284
  SINCE JUL 1     89           109    -20       91

 COOLING
  YESTERDAY        7             2      5        6
  MONTH TO DATE   43            40      3       20
  SINCE JUN 1    129           146    -17       92
  SINCE JAN 1    133           147    -14       94
......................................................


WIND (MPH)
  HIGHEST WIND SPEED    16   HIGHEST WIND DIRECTION     W (270)
  HIGHEST GUST SPEED    24   HIGHEST GUST DIRECTION     W (280)
  AVERAGE WIND SPEED     7.1


SKY COVER
  AVERAGE SKY COVER 0.2


WEATHER CONDITIONS
 THE FOLLOWING WEATHER WAS RECORDED YESTERDAY.
  LIGHT RAIN


RELATIVE HUMIDITY (PERCENT)
 HIGHEST    60
 LOWEST     24
 AVERAGE    42

..........................................................




SUNRISE AND SUNSET
AUGUST 21 2014........SUNRISE   606 AM MDT   SUNSET   749 PM MDT
AUGUST 22 2014........SUNRISE   607 AM MDT   SUNSET   747 PM MDT


-  INDICATES NEGATIVE NUMBERS.
R  INDICATES RECORD WAS SET OR TIED.
MM INDICATES DATA IS MISSING.
T  INDICATES TRACE AMOUNT.




$$
