000
CDUS41 KILN 290616
CLICVG


CLIMATE REPORT
NATIONAL WEATHER SERVICE WILMINGTON OH
215 AM EDT THU JUN 29 2017


...................................

...THE CINCINNATI OH CLIMATE SUMMARY FOR JUNE 28 2017...

CLIMATE NORMAL PERIOD 1981 TO 2010
CLIMATE RECORD PERIOD 1869 TO 2017


WEATHER ITEM   OBSERVED TIME   RECORD YEAR NORMAL DEPARTURE LAST
                VALUE   (LST)  VALUE       VALUE  FROM      YEAR
                                                  NORMAL
..................................................................
TEMPERATURE (F)
 YESTERDAY
  MAXIMUM         80    317 PM 102    1944  85     -5       85
  MINIMUM         52    415 AM  50    1987  65    -13       62
  AVERAGE         66                        75     -9       74

PRECIPITATION (IN)
  YESTERDAY        0.00          2.50 1924   0.12  -0.12     0.00
  MONTH TO DATE    5.21                      3.80   1.41     2.49
  SINCE JUN 1      5.21                      3.80   1.41     2.49
  SINCE JAN 1     28.61                     22.39   6.22    22.10

SNOWFALL (IN)
  YESTERDAY        0.0           0.0         0.0    0.0      0.0
  MONTH TO DATE    0.0                       0.0    0.0      0.0
  SINCE JUN 1      0.0                       0.0    0.0      0.0
  SINCE JUL 1     10.0                      22.1  -12.1     19.2
  SNOW DEPTH      MM

DEGREE DAYS
 HEATING
  YESTERDAY        0                         0      0        0
  MONTH TO DATE    7                        12     -5        2
  SINCE JUN 1      7                        12     -5        2
  SINCE JUL 1   4017                      4972   -955     4136

 COOLING
  YESTERDAY        1                        10     -9        9
  MONTH TO DATE  179                       206    -27      277
  SINCE JUN 1    179                       206    -27      277
  SINCE JAN 1    313                       300     13      370
..................................................................


WIND (MPH)
  RESULTANT WIND SPEED   7   RESULTANT WIND DIRECTION   S (190)
  HIGHEST WIND SPEED    17   HIGHEST WIND DIRECTION     S (190)
  HIGHEST GUST SPEED    23   HIGHEST GUST DIRECTION     S (170)
  AVERAGE WIND SPEED     7.3


SKY COVER
  POSSIBLE SUNSHINE  MM
  AVERAGE SKY COVER 0.5


WEATHER CONDITIONS
 THE FOLLOWING WEATHER WAS RECORDED YESTERDAY.
  NO SIGNIFICANT WEATHER WAS OBSERVED.


RELATIVE HUMIDITY (PERCENT)
 HIGHEST    93           100 AM
 LOWEST     45           200 PM
 AVERAGE    69

..........................................................


THE CINCINNATI OH CLIMATE NORMALS FOR TODAY
                         NORMAL    RECORD    YEAR
 MAXIMUM TEMPERATURE (F)   85       101      2012
 MINIMUM TEMPERATURE (F)   65        49      1923


SUNRISE AND SUNSET
JUNE 29 2017..........SUNRISE   616 AM EDT   SUNSET   909 PM EDT
JUNE 30 2017..........SUNRISE   616 AM EDT   SUNSET   908 PM EDT


-  INDICATES NEGATIVE NUMBERS.
R  INDICATES RECORD WAS SET OR TIED.
MM INDICATES DATA IS MISSING.
T  INDICATES TRACE AMOUNT.




$$
