000
CDUS41 KILN 232047
CLICVG


CLIMATE REPORT
NATIONAL WEATHER SERVICE WILMINGTON OH
445 PM EDT WED APR 23 2014


...................................

...THE CINCINNATI OH CLIMATE SUMMARY FOR APRIL 23 2014...
VALID TODAY AS OF 0400 PM LOCAL TIME.

CLIMATE NORMAL PERIOD 1981 TO 2010
CLIMATE RECORD PERIOD 1869 TO 2014


WEATHER ITEM   OBSERVED TIME   RECORD YEAR NORMAL DEPARTURE LAST
                VALUE   (LST)  VALUE       VALUE  FROM      YEAR
                                                  NORMAL
..................................................................
TEMPERATURE (F)
 TODAY
  MAXIMUM         60    331 PM  88    1925  67     -7       69
  MINIMUM         38    607 AM  23    1986  46     -8       49
  AVERAGE         49                        57     -8       59

PRECIPITATION (IN)
  TODAY            0.00          2.30 2011   0.13  -0.13      T
  MONTH TO DATE    4.84                      2.93   1.91     2.32
  SINCE MAR 1      7.25                      6.89   0.36     6.23
  SINCE JAN 1     12.79                     12.70   0.09    11.83

SNOWFALL (IN)
  TODAY            0.0              0.0    0.0      0.0
  MONTH TO DATE    0.6                       0.5    0.1       T
  SINCE MAR 1      3.9                       3.5    0.4      8.8
  SINCE JUL 1     47.5                      22.1   25.4     25.2
  SNOW DEPTH       0

DEGREE DAYS
 HEATING
  TODAY           16                         9      7        6
  MONTH TO DATE  247                       286    -39      250
  SINCE MAR 1   1029                       952     77     1105
  SINCE JUL 1   5273                      4779    494     4815

 COOLING
  TODAY            0                         1     -1        0
  MONTH TO DATE    7                        11     -4       23
  SINCE MAR 1      7                        11     -4       23
  SINCE JAN 1      7                        11     -4       23
..................................................................


WIND (MPH)
  HIGHEST WIND SPEED    13   HIGHEST WIND DIRECTION     N (10)
  HIGHEST GUST SPEED    18   HIGHEST GUST DIRECTION     N (360)
  AVERAGE WIND SPEED     6.8


SKY COVER
  POSSIBLE SUNSHINE  MM
  AVERAGE SKY COVER 0.0


WEATHER CONDITIONS
 THE FOLLOWING WEATHER WAS RECORDED TODAY.
  NO SIGNIFICANT WEATHER WAS OBSERVED.


RELATIVE HUMIDITY (PERCENT)
 HIGHEST    70           600 AM
 LOWEST     36           200 PM
 AVERAGE    53

..........................................................


THE CINCINNATI OH CLIMATE NORMALS FOR TOMORROW
                         NORMAL    RECORD    YEAR
 MAXIMUM TEMPERATURE (F)   68        90      1925
 MINIMUM TEMPERATURE (F)   47        29      1996
                                             1919


SUNRISE AND SUNSET
APRIL 23 2014.........SUNRISE   651 AM EDT   SUNSET   824 PM EDT
APRIL 24 2014.........SUNRISE   649 AM EDT   SUNSET   825 PM EDT


-  INDICATES NEGATIVE NUMBERS.
R  INDICATES RECORD WAS SET OR TIED.
MM INDICATES DATA IS MISSING.
T  INDICATES TRACE AMOUNT.




$$
