976
CDUS41 KILN 192153
CLICVG


CLIMATE REPORT
NATIONAL WEATHER SERVICE WILMINGTON OH
453 PM EST FRI JAN 19 2018


...................................

...THE CINCINNATI OH CLIMATE SUMMARY FOR JANUARY 19 2018...
VALID TODAY AS OF 0400 PM LOCAL TIME.

CLIMATE NORMAL PERIOD 1981 TO 2010
CLIMATE RECORD PERIOD 1869 TO 2018


WEATHER ITEM   OBSERVED TIME   RECORD YEAR NORMAL DEPARTURE LAST
                VALUE   (LST)  VALUE       VALUE  FROM      YEAR
                                                  NORMAL
..................................................................
TEMPERATURE (F)
 TODAY
  MAXIMUM         38    359 PM  72    1907  39     -1       49
  MINIMUM         20    706 AM -24    1994  23     -3       36
  AVERAGE         29                        31     -2       43

PRECIPITATION (IN)
  TODAY            0.00          1.57 1907   0.10  -0.10     0.13
  MONTH TO DATE    1.55                      1.86  -0.31     2.86
  SINCE DEC 1      3.94                      5.23  -1.29     7.29
  SINCE JAN 1      1.55                      1.86  -0.31     2.86

SNOWFALL (IN)
  TODAY            0.0           5.5  1956   0.2   -0.2      0.0
  MONTH TO DATE    5.6                       3.7    1.9      2.5
  SINCE DEC 1      9.4                       8.5    0.9      4.7
  SINCE JUL 1      9.4                       9.3    0.1      4.7
  SNOW DEPTH       2

DEGREE DAYS
 HEATING
  TODAY           36                        34      2       22
  MONTH TO DATE  817                       646    171      561
  SINCE DEC 1   1824                      1605    219     1530
  SINCE JUL 1   2715                      2565    150     2212

 COOLING
  TODAY            0                         0      0        0
  MONTH TO DATE    0                         0      0        0
  SINCE DEC 1      0                         0      0        0
  SINCE JAN 1      0                         0      0        0
..................................................................


WIND (MPH)
  HIGHEST WIND SPEED    17   HIGHEST WIND DIRECTION     S (200)
  HIGHEST GUST SPEED    23   HIGHEST GUST DIRECTION     S (190)
  AVERAGE WIND SPEED    10.9


SKY COVER
  POSSIBLE SUNSHINE  MM
  AVERAGE SKY COVER 0.2


WEATHER CONDITIONS
 THE FOLLOWING WEATHER WAS RECORDED TODAY.
  NO SIGNIFICANT WEATHER WAS OBSERVED.


RELATIVE HUMIDITY (PERCENT)
 HIGHEST    73           600 AM
 LOWEST     48           300 PM
 AVERAGE    61

..........................................................


THE CINCINNATI OH CLIMATE NORMALS FOR TOMORROW
                         NORMAL    RECORD    YEAR
 MAXIMUM TEMPERATURE (F)   39        71      1906
 MINIMUM TEMPERATURE (F)   23       -21      1985


SUNRISE AND SUNSET
JANUARY 19 2018.......SUNRISE   754 AM EST   SUNSET   545 PM EST
JANUARY 20 2018.......SUNRISE   754 AM EST   SUNSET   546 PM EST


-  INDICATES NEGATIVE NUMBERS.
R  INDICATES RECORD WAS SET OR TIED.
MM INDICATES DATA IS MISSING.
T  INDICATES TRACE AMOUNT.




$$
