000
CDUS41 KILN 060533
CLICVG


CLIMATE REPORT
NATIONAL WEATHER SERVICE WILMINGTON OH
1233 AM EST SAT FEB 6 2016


...................................

...THE CINCINNATI OH CLIMATE SUMMARY FOR FEBRUARY 5 2016...

CLIMATE NORMAL PERIOD 1981 TO 2010
CLIMATE RECORD PERIOD 1869 TO 2016


WEATHER ITEM   OBSERVED TIME   RECORD YEAR NORMAL DEPARTURE LAST
                VALUE   (LST)  VALUE       VALUE  FROM      YEAR
                                                  NORMAL
..................................................................
TEMPERATURE (F)
 YESTERDAY
  MAXIMUM         43    247 PM  67    1927  41      2       25
  MINIMUM         18    734 AM  -9    1979  24     -6       11
                                      1917
  AVERAGE         31                        32     -1       18

PRECIPITATION (IN)
  YESTERDAY        0.00          1.56 1884   0.10  -0.10      T
  MONTH TO DATE    1.73                      0.53   1.20     0.35
  SINCE DEC 1      9.21                      6.90   2.31     6.30
  SINCE JAN 1      3.12                      3.53  -0.41     2.70

SNOWFALL (IN)
  YESTERDAY        0.0           6.5  1998   0.3   -0.3       T
  MONTH TO DATE    T                         1.4   -1.4      1.1
  SINCE DEC 1      8.5                      12.7   -4.2      2.4
  SINCE JUL 1      8.5                      13.5   -5.0      7.5
  SNOW DEPTH       0

DEGREE DAYS
 HEATING
  YESTERDAY       34                        33      1       47
  MONTH TO DATE  120                       165    -45      171
  SINCE DEC 1   1759                      2177   -418     2088
  SINCE JUL 1   2504                      3137   -633     3226

 COOLING
  YESTERDAY        0                         0      0        0
  MONTH TO DATE    0                         0      0        0
  SINCE DEC 1      0                         0      0        0
  SINCE JAN 1      0                         0      0        0
..................................................................


WIND (MPH)
  RESULTANT WIND SPEED   4   RESULTANT WIND DIRECTION   S (200)
  HIGHEST WIND SPEED    15   HIGHEST WIND DIRECTION     S (190)
  HIGHEST GUST SPEED    20   HIGHEST GUST DIRECTION     S (200)
  AVERAGE WIND SPEED     5.7


SKY COVER
  POSSIBLE SUNSHINE  MM
  AVERAGE SKY COVER 0.3


WEATHER CONDITIONS
 THE FOLLOWING WEATHER WAS RECORDED YESTERDAY.
  NO SIGNIFICANT WEATHER WAS OBSERVED.


RELATIVE HUMIDITY (PERCENT)
 HIGHEST    91           600 AM
 LOWEST     36           500 PM
 AVERAGE    64

..........................................................


THE CINCINNATI OH CLIMATE NORMALS FOR TODAY
                         NORMAL    RECORD    YEAR
 MAXIMUM TEMPERATURE (F)   41        66      1925
 MINIMUM TEMPERATURE (F)   24        -9      1977


SUNRISE AND SUNSET
FEBRUARY  6 2016......SUNRISE   741 AM EST   SUNSET   605 PM EST
FEBRUARY  7 2016......SUNRISE   740 AM EST   SUNSET   606 PM EST


-  INDICATES NEGATIVE NUMBERS.
R  INDICATES RECORD WAS SET OR TIED.
MM INDICATES DATA IS MISSING.
T  INDICATES TRACE AMOUNT.




$$
