000
CDUS41 KILN 090529
CLICVG


CLIMATE REPORT
NATIONAL WEATHER SERVICE WILMINGTON OH
1228 AM EST FRI DEC 9 2016


...................................

...THE CINCINNATI OH CLIMATE SUMMARY FOR DECEMBER 8 2016...

CLIMATE NORMAL PERIOD 1981 TO 2010
CLIMATE RECORD PERIOD 1869 TO 2016


WEATHER ITEM   OBSERVED TIME   RECORD YEAR NORMAL DEPARTURE LAST
                VALUE   (LST)  VALUE       VALUE  FROM      YEAR
                                                  NORMAL
..................................................................
TEMPERATURE (F)
 YESTERDAY
  MAXIMUM         34   1202 AM  66    1922  44    -10       55
  MINIMUM         23   1159 PM  -2    1917  28     -5       36
  AVERAGE         29                        36     -7       46

PRECIPITATION (IN)
  YESTERDAY        T             1.71 1978   0.12  -0.12     0.00
  MONTH TO DATE    0.69                      0.89  -0.20     0.51
  SINCE DEC 1      0.69                      0.89  -0.20     0.51
  SINCE JAN 1     40.69                     40.04   0.65    43.30

SNOWFALL (IN)
  YESTERDAY        T            11.0  1917   0.1   -0.1      0.0
  MONTH TO DATE    T                         0.8   -0.8       T
  SINCE DEC 1      T                         0.8   -0.8       T
  SINCE JUL 1      T                         1.6   -1.6       T
  SNOW DEPTH       0

DEGREE DAYS
 HEATING
  YESTERDAY       36                        29      7       19
  MONTH TO DATE  225                       222      3      196
  SINCE DEC 1    225                       222      3      196
  SINCE JUL 1    907                      1182   -275      941

 COOLING
  YESTERDAY        0                         0      0        0
  MONTH TO DATE    0                         0      0        0
  SINCE DEC 1      0                         0      0        0
  SINCE JAN 1   1477                      1121    356     1157
..................................................................


WIND (MPH)
  RESULTANT WIND SPEED  14   RESULTANT WIND DIRECTION   W (290)
  HIGHEST WIND SPEED    24   HIGHEST WIND DIRECTION     W (280)
  HIGHEST GUST SPEED    30   HIGHEST GUST DIRECTION     W (270)
  AVERAGE WIND SPEED    14.6


SKY COVER
  POSSIBLE SUNSHINE  MM
  AVERAGE SKY COVER 0.6


WEATHER CONDITIONS
 THE FOLLOWING WEATHER WAS RECORDED YESTERDAY.
  LIGHT SNOW


RELATIVE HUMIDITY (PERCENT)
 HIGHEST    75           300 AM
 LOWEST     49          1200 PM
 AVERAGE    62

..........................................................


THE CINCINNATI OH CLIMATE NORMALS FOR TODAY
                         NORMAL    RECORD    YEAR
 MAXIMUM TEMPERATURE (F)   43        66      1946
                                             1897
 MINIMUM TEMPERATURE (F)   28        -8      1917


SUNRISE AND SUNSET
DECEMBER  9 2016......SUNRISE   746 AM EST   SUNSET   516 PM EST
DECEMBER 10 2016......SUNRISE   747 AM EST   SUNSET   516 PM EST


-  INDICATES NEGATIVE NUMBERS.
R  INDICATES RECORD WAS SET OR TIED.
MM INDICATES DATA IS MISSING.
T  INDICATES TRACE AMOUNT.




$$
