000
CDUS41 KILN 290532
CLICVG


CLIMATE REPORT
NATIONAL WEATHER SERVICE WILMINGTON OH
131 AM EDT SAT APR 29 2017


...................................

...THE CINCINNATI OH CLIMATE SUMMARY FOR APRIL 28 2017...

CLIMATE NORMAL PERIOD 1981 TO 2010
CLIMATE RECORD PERIOD 1869 TO 2017


WEATHER ITEM   OBSERVED TIME   RECORD YEAR NORMAL DEPARTURE LAST
                VALUE   (LST)  VALUE       VALUE  FROM      YEAR
                                                  NORMAL
..................................................................
TEMPERATURE (F)
 YESTERDAY
  MAXIMUM         74    400 PM  85    1981  69      5       77
                                      1915
                                      1914
  MINIMUM         45    301 AM  29    1934  48     -3       58
  AVERAGE         60                        58      2       68

PRECIPITATION (IN)
  YESTERDAY        0.56          1.58 1996   0.13   0.43     0.24
  MONTH TO DATE    3.30                      3.61  -0.31     4.33
  SINCE MAR 1      8.11                      7.57   0.54     9.63
  SINCE JAN 1     15.33                     13.38   1.95    16.26

SNOWFALL (IN)
  YESTERDAY        0.0           0.0    MM   0.0    0.0      0.0
  MONTH TO DATE    0.0                       0.5   -0.5       T
  SINCE MAR 1      2.0                       3.5   -1.5      2.3
  SINCE JUL 1     10.0                      22.1  -12.1     19.2
  SNOW DEPTH       0

DEGREE DAYS
 HEATING
  YESTERDAY        5                         8     -3        0
  MONTH TO DATE  169                       327   -158      300
  SINCE MAR 1    792                       993   -201      754
  SINCE JUL 1   3872                      4820   -948     3962

 COOLING
  YESTERDAY        0                         1     -1        3
  MONTH TO DATE   36                        16     20       18
  SINCE MAR 1     37                        16     21       18
  SINCE JAN 1     37                        16     21       18
..................................................................


WIND (MPH)
  RESULTANT WIND SPEED   4   RESULTANT WIND DIRECTION   E (100)
  HIGHEST WIND SPEED    46   HIGHEST WIND DIRECTION     N (360)
  HIGHEST GUST SPEED    53   HIGHEST GUST DIRECTION     N (360)
  AVERAGE WIND SPEED     8.8


SKY COVER
  POSSIBLE SUNSHINE  MM
  AVERAGE SKY COVER 0.8


WEATHER CONDITIONS
 THE FOLLOWING WEATHER WAS RECORDED YESTERDAY.
  THUNDERSTORM
  HEAVY RAIN
  LIGHT RAIN
  FOG


RELATIVE HUMIDITY (PERCENT)
 HIGHEST   100           300 AM
 LOWEST     53           400 PM
 AVERAGE    77

..........................................................


THE CINCINNATI OH CLIMATE NORMALS FOR TODAY
                         NORMAL    RECORD    YEAR
 MAXIMUM TEMPERATURE (F)   69        87      1899
 MINIMUM TEMPERATURE (F)   48        31      1874


SUNRISE AND SUNSET
APRIL 29 2017.........SUNRISE   643 AM EDT   SUNSET   830 PM EDT
APRIL 30 2017.........SUNRISE   641 AM EDT   SUNSET   831 PM EDT


-  INDICATES NEGATIVE NUMBERS.
R  INDICATES RECORD WAS SET OR TIED.
MM INDICATES DATA IS MISSING.
T  INDICATES TRACE AMOUNT.




$$
