000
CDUS45 KCYS 280727
CLICYS


CLIMATE REPORT
NATIONAL WEATHER SERVICE CHEYENNE WY
126 AM MDT THU AUG 28 2014


...................................

...THE CHEYENNE WYOMING CLIMATE SUMMARY FOR AUGUST 27 2014...

CLIMATE NORMAL PERIOD 1981 TO 2010
CLIMATE RECORD PERIOD 1871 TO 2014


WEATHER ITEM   OBSERVED TIME   RECORD YEAR NORMAL DEPARTURE LAST
                VALUE   (LST)  VALUE       VALUE  FROM      YEAR
                                                  NORMAL
..................................................................
TEMPERATURE (F)
 YESTERDAY
  MAXIMUM         70    314 PM  93    1969  79     -9       89
  MINIMUM         52   1159 PM  39    1992  52      0       59
  AVERAGE         61                        66     -5       74

PRECIPITATION (IN)
  YESTERDAY        0.40          0.53 1933   0.04   0.36     0.02
  MONTH TO DATE    1.41                      1.74  -0.33     1.11
  SINCE JAN 1     13.59                     12.24   1.35     8.35

SNOWFALL (IN)
  YESTERDAY        0.0          MM      MM   0.0    0.0      0.0
  MONTH TO DATE    0.0                       0.0    0.0      0.0
  SINCE JUL 1      0.0                       0.0    0.0      0.0
  SNOW DEPTH       0

DEGREE DAYS
 HEATING
  YESTERDAY        4                         2      2        0
  MONTH TO DATE   15                        30    -15        8
  SINCE JUN 1    170                       186    -16       77
  SINCE JUL 1     44                        52     -8       15

 COOLING
  YESTERDAY        0                         2     -2        9
  MONTH TO DATE   92                       108    -16      130
  SINCE JUN 1    264                       315    -51      407
  SINCE JAN 1    265                       318    -53      413
..................................................................


WIND (MPH)
  HIGHEST WIND SPEED    35   HIGHEST WIND DIRECTION     W (270)
  HIGHEST GUST SPEED    42   HIGHEST GUST DIRECTION     W (260)
  AVERAGE WIND SPEED     8.5


SKY COVER
  AVERAGE SKY COVER 0.6


WEATHER CONDITIONS
 THE FOLLOWING WEATHER WAS RECORDED YESTERDAY.
  THUNDERSTORM
  HEAVY RAIN
  RAIN
  LIGHT RAIN
  FOG


RELATIVE HUMIDITY (PERCENT)
 HIGHEST    89           100 AM
 LOWEST     51           300 PM
 AVERAGE    70

..........................................................


THE CHEYENNE WYOMING CLIMATE NORMALS FOR TODAY
                         NORMAL    RECORD    YEAR
 MAXIMUM TEMPERATURE (F)   79        92      2013
                                             1937
 MINIMUM TEMPERATURE (F)   52        36      1875


SUNRISE AND SUNSET
AUGUST 28 2014........SUNRISE   622 AM MDT   SUNSET   738 PM MDT
AUGUST 29 2014........SUNRISE   623 AM MDT   SUNSET   737 PM MDT


-  INDICATES NEGATIVE NUMBERS.
R  INDICATES RECORD WAS SET OR TIED.
MM INDICATES DATA IS MISSING.
T  INDICATES TRACE AMOUNT.




$$
