316
CDUS45 KCYS 060735
CLICYS


CLIMATE REPORT
NATIONAL WEATHER SERVICE CHEYENNE WY
1235 AM MST SAT FEB 6 2016


...................................

...THE CHEYENNE WYOMING AIRPORT CLIMATE SUMMARY FOR FEBRUARY 5 2016...

CLIMATE NORMAL PERIOD 1981 TO 2010
CLIMATE RECORD PERIOD 1871 TO 2016


WEATHER ITEM   OBSERVED TIME   RECORD YEAR NORMAL DEPARTURE LAST
                VALUE   (LST)  VALUE       VALUE  FROM      YEAR
                                                  NORMAL
..................................................................
TEMPERATURE (F)
 YESTERDAY
  MAXIMUM         31    310 PM  62    1963  39     -8       54
  MINIMUM         16    702 AM -25    1982  18     -2       35
  AVERAGE         24                        28     -4       45

PRECIPITATION (IN)
  YESTERDAY        0.00          0.20 1946   0.01  -0.01     0.00
  MONTH TO DATE    0.67                      0.07   0.60     0.31
  SINCE JAN 1      1.15                      0.40   0.75     0.37

SNOWFALL (IN)
  YESTERDAY        0.0           1.8  1946   0.3   -0.3      0.0
  MONTH TO DATE   10.9                       1.3    9.6      3.9
  SINCE JUL 1     45.6                      29.9   15.7     27.3
  SNOW DEPTH       8

DEGREE DAYS
 HEATING
  YESTERDAY       41                        37      4       20
  MONTH TO DATE  228                       185     43      150
  SINCE DEC 1   2475                      2464     11     2273
  SINCE JUL 1   3902                      4212   -310     3876

 COOLING
  YESTERDAY        0                         0      0        0
  MONTH TO DATE    0                         0      0        0
  SINCE DEC 1      0                         0      0        0
  SINCE JAN 1      0                         0      0        0
..................................................................


WIND (MPH)
  HIGHEST WIND SPEED    28   HIGHEST WIND DIRECTION     W (290)
  HIGHEST GUST SPEED    35   HIGHEST GUST DIRECTION     W (280)
  AVERAGE WIND SPEED    14.8


SKY COVER
  AVERAGE SKY COVER 0.1


WEATHER CONDITIONS
 THE FOLLOWING WEATHER WAS RECORDED YESTERDAY.
  NO SIGNIFICANT WEATHER WAS OBSERVED.


RELATIVE HUMIDITY (PERCENT)
 HIGHEST    67           700 AM
 LOWEST     43           200 PM
 AVERAGE    55

..........................................................


THE CHEYENNE WYOMING AIRPORT CLIMATE NORMALS FOR TODAY
                         NORMAL    RECORD    YEAR
 MAXIMUM TEMPERATURE (F)   39        64      2015
 MINIMUM TEMPERATURE (F)   18       -28      1899


SUNRISE AND SUNSET
FEBRUARY  6 2016......SUNRISE   705 AM MST   SUNSET   522 PM MST
FEBRUARY  7 2016......SUNRISE   704 AM MST   SUNSET   523 PM MST


-  INDICATES NEGATIVE NUMBERS.
R  INDICATES RECORD WAS SET OR TIED.
MM INDICATES DATA IS MISSING.
T  INDICATES TRACE AMOUNT.




$$
