000
CDUS45 KCYS 110729
CLICYS


CLIMATE REPORT
NATIONAL WEATHER SERVICE CHEYENNE WY
128 AM MDT FRI JUL 11 2014


...................................

...THE CHEYENNE WYOMING CLIMATE SUMMARY FOR JULY 10 2014...

CLIMATE NORMAL PERIOD 1981 TO 2010
CLIMATE RECORD PERIOD 1871 TO 2014


WEATHER ITEM   OBSERVED TIME   RECORD YEAR NORMAL DEPARTURE LAST
                VALUE   (LST)  VALUE       VALUE  FROM      YEAR
                                                  NORMAL
..................................................................
TEMPERATURE (F)
 YESTERDAY
  MAXIMUM         90   1054 AM  97    1939  83      7       87
  MINIMUM         57    407 AM  41    1895  55      2       58
  AVERAGE         74                        69      5       73

PRECIPITATION (IN)
  YESTERDAY        T             1.70 1944   0.07  -0.07     0.00
  MONTH TO DATE    T                         0.60  -0.60     0.13
  SINCE JAN 1      8.94                      8.91   0.03     5.77

SNOWFALL (IN)
  YESTERDAY        0.0          MM      MM   0.0    0.0      0.0
  MONTH TO DATE    0.0                       0.0    0.0      0.0
  SINCE JUL 1      0.0                       0.0    0.0      0.0
  SNOW DEPTH       0

DEGREE DAYS
 HEATING
  YESTERDAY        0                         1     -1        0
  MONTH TO DATE   13                        10      3        0
  SINCE JUN 1    139                       144     -5       62
  SINCE JUL 1     13                        10      3        0

 COOLING
  YESTERDAY        9                         5      4        8
  MONTH TO DATE   55                        44     11       66
  SINCE JUN 1     69                        91    -22      183
  SINCE JAN 1     70                        94    -24      189
..................................................................


WIND (MPH)
  HIGHEST WIND SPEED    24   HIGHEST WIND DIRECTION     N (350)
  HIGHEST GUST SPEED    30   HIGHEST GUST DIRECTION    SW (220)
  AVERAGE WIND SPEED    11.7


SKY COVER
  AVERAGE SKY COVER 0.4


WEATHER CONDITIONS
 THE FOLLOWING WEATHER WAS RECORDED YESTERDAY.
  THUNDERSTORM
  LIGHT RAIN


RELATIVE HUMIDITY (PERCENT)
 HIGHEST    73           900 PM
 LOWEST     19          1100 AM
 AVERAGE    46

..........................................................


THE CHEYENNE WYOMING CLIMATE NORMALS FOR TODAY
                         NORMAL    RECORD    YEAR
 MAXIMUM TEMPERATURE (F)   84       100      1939
 MINIMUM TEMPERATURE (F)   55        43      1922


SUNRISE AND SUNSET
JULY 11 2014..........SUNRISE   537 AM MDT   SUNSET   833 PM MDT
JULY 12 2014..........SUNRISE   537 AM MDT   SUNSET   832 PM MDT


-  INDICATES NEGATIVE NUMBERS.
R  INDICATES RECORD WAS SET OR TIED.
MM INDICATES DATA IS MISSING.
T  INDICATES TRACE AMOUNT.




$$
