000
CDUS45 KCYS 010728
CLICYS


CLIMATE REPORT
NATIONAL WEATHER SERVICE CHEYENNE WY
127 AM MDT FRI AUG 1 2014


...................................

...THE CHEYENNE WYOMING CLIMATE SUMMARY FOR JULY 31 2014...

CLIMATE NORMAL PERIOD 1981 TO 2010
CLIMATE RECORD PERIOD 1871 TO 2014


WEATHER ITEM   OBSERVED TIME   RECORD YEAR NORMAL DEPARTURE LAST
                VALUE   (LST)  VALUE       VALUE  FROM      YEAR
                                                  NORMAL
..................................................................
TEMPERATURE (F)
 YESTERDAY
  MAXIMUM         77    320 PM  98    2002  83     -6       83
  MINIMUM         50    504 AM  43    1950  56     -6       53
                                      1913
  AVERAGE         64                        70     -6       68

PRECIPITATION (IN)
  YESTERDAY        0.00          1.70 1966   0.08  -0.08     0.02
  MONTH TO DATE    3.24                      2.19   1.05     1.60
  SINCE JAN 1     12.18                     10.50   1.68     7.24

SNOWFALL (IN)
  YESTERDAY        0.0          MM      MM   0.0    0.0      0.0
  MONTH TO DATE    0.0                       0.0    0.0      0.0
  SINCE JUL 1      0.0                       0.0    0.0      0.0
  SNOW DEPTH       0

DEGREE DAYS
 HEATING
  YESTERDAY        1                         1      0        0
  MONTH TO DATE   29                        31     -2        7
  SINCE JUN 1    155                       156     -1       69
  SINCE JUL 1     29                        22      7        7

 COOLING
  YESTERDAY        0                         5     -5        3
  MONTH TO DATE  158                       160     -2      160
  SINCE JUN 1    172                       207    -35      277
  SINCE JAN 1    173                       210    -37      283
..................................................................


WIND (MPH)
  HIGHEST WIND SPEED    14   HIGHEST WIND DIRECTION     W (280)
  HIGHEST GUST SPEED    27   HIGHEST GUST DIRECTION    SW (210)
  AVERAGE WIND SPEED     5.7


SKY COVER
  AVERAGE SKY COVER 0.1


WEATHER CONDITIONS
 THE FOLLOWING WEATHER WAS RECORDED YESTERDAY.
  NO SIGNIFICANT WEATHER WAS OBSERVED.


RELATIVE HUMIDITY (PERCENT)
 HIGHEST    89           200 AM
 LOWEST     31           100 PM
 AVERAGE    60

..........................................................


THE CHEYENNE WYOMING CLIMATE NORMALS FOR TODAY
                         NORMAL    RECORD    YEAR
 MAXIMUM TEMPERATURE (F)   83        98      2008
 MINIMUM TEMPERATURE (F)   56        42      1950


SUNRISE AND SUNSET
AUGUST  1 2014........SUNRISE   555 AM MDT   SUNSET   816 PM MDT
AUGUST  2 2014........SUNRISE   556 AM MDT   SUNSET   815 PM MDT


-  INDICATES NEGATIVE NUMBERS.
R  INDICATES RECORD WAS SET OR TIED.
MM INDICATES DATA IS MISSING.
T  INDICATES TRACE AMOUNT.




$$
