000
CDUS46 KSGX 301150
CLICZZ


CLIMATE REPORT
NATIONAL WEATHER SERVICE SAN DIEGO, CA
450 AM PDT SUN APR 30 2017


...................................

...THE CAMPO ASOS CA CLIMATE SUMMARY FOR APRIL 29 2017...

CLIMATE NORMAL PERIOD 1981 TO 2010
CLIMATE RECORD PERIOD 1948 TO 2017


WEATHER ITEM   OBSERVED TIME   RECORD YEAR NORMAL DEPARTURE LAST
                VALUE   (LST)  VALUE       VALUE  FROM      YEAR
                                                  NORMAL
..................................................................
TEMPERATURE (F)
 YESTERDAY
  MAXIMUM         73    406 PM  92    1996  76     -3       69
  MINIMUM         37   1143 PM  24    1970  40     -3       38
  AVERAGE         55                        58     -3       54

PRECIPITATION (IN)
  YESTERDAY        0.00          1.45 1951   0.02  -0.02     0.00
  MONTH TO DATE    0.00                      0.94  -0.94     1.70
  SINCE OCT 1     15.69                     14.06   1.63     9.17
  SINCE JAN 1     10.46                      9.84   0.62     6.22

DEGREE DAYS
 HEATING
  YESTERDAY       10                         7      3       11
  MONTH TO DATE  264                       292    -28      275
  SINCE MAR 1    573                       709   -136      661
  SINCE JUL 1   2483                      2760   -277     2545

 COOLING
  YESTERDAY        0                         0      0        0
  MONTH TO DATE    2                         0      2        0
  SINCE MAR 1      2                         0      2        0
  SINCE JAN 1      2                         0      2        0
..................................................................


WIND (MPH)
  RESULTANT WIND SPEED  16   RESULTANT WIND DIRECTION  NE (50)
  HIGHEST WIND SPEED    35   HIGHEST WIND DIRECTION    NE (50)
  HIGHEST GUST SPEED    44   HIGHEST GUST DIRECTION    NE (50)
  AVERAGE WIND SPEED    15.6


SKY COVER
  POSSIBLE SUNSHINE  MM
  AVERAGE SKY COVER 0.0



RELATIVE HUMIDITY (PERCENT)
 HIGHEST    45          1100 PM
 LOWEST     10           500 PM
 AVERAGE    28

..........................................................


THE CAMPO ASOS CA CLIMATE NORMALS FOR TODAY
                         NORMAL    RECORD    YEAR
 MAXIMUM TEMPERATURE (F)   76        92      1996
 MINIMUM TEMPERATURE (F)   40        24      1967


SUNRISE AND SUNSET
APRIL 30 2017.........SUNRISE   600 AM PDT   SUNSET   727 PM PDT
MAY  1 2017...........SUNRISE   559 AM PDT   SUNSET   728 PM PDT


-  INDICATES NEGATIVE NUMBERS.
R  INDICATES RECORD WAS SET OR TIED.
MM INDICATES DATA IS MISSING.
T  INDICATES TRACE AMOUNT.




$$
