000
CDUS46 KSGX 041423
CLICZZ


CLIMATE REPORT
NATIONAL WEATHER SERVICE SAN DIEGO, CA
722 AM PDT TUE AUG 4 2015


...................................

...THE CAMPO ASOS CA CLIMATE SUMMARY FOR AUGUST 3 2015...

CLIMATE NORMAL PERIOD 1981 TO 2010
CLIMATE RECORD PERIOD 1948 TO 2015


WEATHER ITEM   OBSERVED TIME   RECORD YEAR NORMAL DEPARTURE LAST
                VALUE   (LST)  VALUE       VALUE  FROM      YEAR
                                                  NORMAL
..................................................................
TEMPERATURE (F)
 YESTERDAY
  MAXIMUM         94    229 PM 106    1998  95     -1       77
  MINIMUM         52    501 AM  35    1956  54     -2       64
  AVERAGE         73                        74     -1       71

PRECIPITATION (IN)
  YESTERDAY        0.00          0.07 1997   0.02  -0.02     0.05
  MONTH TO DATE    0.00                      0.06  -0.06     0.45
  SINCE OCT 1     10.11                     14.75  -4.64     5.60
  SINCE JAN 1      6.24                     10.53  -4.29     3.35

DEGREE DAYS
 HEATING
  YESTERDAY        0                         0      0        0
  MONTH TO DATE    0                         0      0        0
  SINCE JUN 1     60                        63     -3       28
  SINCE JUL 1     10                         7      3        0

 COOLING
  YESTERDAY        8                         9     -1        6
  MONTH TO DATE   25                        27     -2       29
  SINCE JUN 1    393                       369     24      375
  SINCE JAN 1    410                       399     11      427
..................................................................


WIND (MPH)
  RESULTANT WIND SPEED   5   RESULTANT WIND DIRECTION  SW (210)
  HIGHEST WIND SPEED    21   HIGHEST WIND DIRECTION    SW (220)
  HIGHEST GUST SPEED    27   HIGHEST GUST DIRECTION    SW (220)
  AVERAGE WIND SPEED     8.5


SKY COVER
  POSSIBLE SUNSHINE  MM
  AVERAGE SKY COVER 0.0



RELATIVE HUMIDITY (PERCENT)
 HIGHEST    86           200 AM
 LOWEST     15          1200 PM
 AVERAGE    51

..........................................................


THE CAMPO ASOS CA CLIMATE NORMALS FOR TODAY
                         NORMAL    RECORD    YEAR
 MAXIMUM TEMPERATURE (F)   95       107      1998
 MINIMUM TEMPERATURE (F)   54        36      1962


SUNRISE AND SUNSET
AUGUST  4 2015........SUNRISE   602 AM PDT   SUNSET   742 PM PDT
AUGUST  5 2015........SUNRISE   603 AM PDT   SUNSET   741 PM PDT


-  INDICATES NEGATIVE NUMBERS.
R  INDICATES RECORD WAS SET OR TIED.
MM INDICATES DATA IS MISSING.
T  INDICATES TRACE AMOUNT.




$$
