000
CDUS46 KSGX 300018
CLICZZ


CLIMATE REPORT
NATIONAL WEATHER SERVICE SAN DIEGO, CA
518 PM PDT MON JUN 29 2015


...................................

...THE CAMPO ASOS CA CLIMATE SUMMARY FOR JUNE 29 2015...
VALID TODAY AS OF 0500 PM LOCAL TIME.

CLIMATE NORMAL PERIOD 1981 TO 2010
CLIMATE RECORD PERIOD 1948 TO 2015


WEATHER ITEM   OBSERVED TIME   RECORD YEAR NORMAL DEPARTURE LAST
                VALUE   (LST)  VALUE       VALUE  FROM      YEAR
                                                  NORMAL
..................................................................
TEMPERATURE (F)
 TODAY
  MAXIMUM         94   1002 AM 106    2013  91      3       92
  MINIMUM         64   1244 AM  36    1978  48     16       54
  AVERAGE         79                        70      9       73

PRECIPITATION (IN)
  TODAY            0.26          0.97 2012   0.00   0.26     0.00
  MONTH TO DATE    0.26                      0.10   0.16     0.00
  SINCE OCT 1      9.19                     14.36  -5.17     5.01
  SINCE JAN 1      5.32                     10.14  -4.82     2.76

SNOWFALL (IN)
  TODAY            0.0
  MONTH TO DATE    0.0
  SINCE JUN 1      0.0
  SINCE JUL 1      0.0
  SNOW DEPTH       0

DEGREE DAYS
 HEATING
  TODAY            0                         1     -1        0
  MONTH TO DATE   50                        54     -4       28
  SINCE JUN 1     50                        54     -4       28
  SINCE JUL 1   2524                      2981   -457     2659

 COOLING
  TODAY           14                         6      8        8
  MONTH TO DATE  176                        89     87       54
  SINCE JUN 1    176                        89     87       54
  SINCE JAN 1    193                       119     74      106
..................................................................


WIND (MPH)
  RESULTANT WIND SPEED   0   RESULTANT WIND DIRECTION  SW (230)
  HIGHEST WIND SPEED    31   HIGHEST WIND DIRECTION    SE (140)
  HIGHEST GUST SPEED    38   HIGHEST GUST DIRECTION    SE (140)
  AVERAGE WIND SPEED     3.5


SKY COVER
  POSSIBLE SUNSHINE  MM
  AVERAGE SKY COVER 0.0



RELATIVE HUMIDITY (PERCENT)
 HIGHEST    84          1100 AM
 LOWEST     30           900 AM
 AVERAGE    57

..........................................................


THE CAMPO ASOS CA CLIMATE NORMALS FOR TOMORROW
                         NORMAL    RECORD    YEAR
 MAXIMUM TEMPERATURE (F)   92       105      2013
 MINIMUM TEMPERATURE (F)   48        36      1989


SUNRISE AND SUNSET
JUNE 29 2015..........SUNRISE   541 AM PDT   SUNSET   758 PM PDT
JUNE 30 2015..........SUNRISE   541 AM PDT   SUNSET   758 PM PDT


-  INDICATES NEGATIVE NUMBERS.
R  INDICATES RECORD WAS SET OR TIED.
MM INDICATES DATA IS MISSING.
T  INDICATES TRACE AMOUNT.




$$
