000
CDUS46 KSGX 300035
CLICZZ


CLIMATE REPORT
NATIONAL WEATHER SERVICE SAN DIEGO, CA
535 PM PDT FRI APR 29 2016


...................................

...THE CAMPO ASOS CA CLIMATE SUMMARY FOR APRIL 29 2016...
VALID TODAY AS OF 0500 PM LOCAL TIME.

CLIMATE NORMAL PERIOD 1981 TO 2010
CLIMATE RECORD PERIOD 1948 TO 2016


WEATHER ITEM   OBSERVED TIME   RECORD YEAR NORMAL DEPARTURE LAST
                VALUE   (LST)  VALUE       VALUE  FROM      YEAR
                                                  NORMAL
..................................................................
TEMPERATURE (F)
 TODAY
  MAXIMUM         69    247 PM  92    1996  76     -7       89
  MINIMUM         38    337 AM  24    1970  40     -2       44
  AVERAGE         54                        58     -4       67

PRECIPITATION (IN)
  TODAY            0.00          1.45 1951   0.02  -0.02     0.00
  MONTH TO DATE    1.70                      0.94   0.76     0.27
  SINCE OCT 1      9.17                     14.06  -4.89     6.62
  SINCE JAN 1      6.22                      9.84  -3.62     2.75

DEGREE DAYS
 HEATING
  TODAY           11                         7      4        0
  MONTH TO DATE  275                       292    -17      288
  SINCE MAR 1    661                       709    -48      583
  SINCE JUL 1   2545                      2760   -215     2219

 COOLING
  TODAY            0                         0      0        2
  MONTH TO DATE    0                         0      0        2
  SINCE MAR 1      0                         0      0        2
  SINCE JAN 1      0                         0      0        2
..................................................................


WIND (MPH)
  RESULTANT WIND SPEED   7   RESULTANT WIND DIRECTION  SW (220)
  HIGHEST WIND SPEED    21   HIGHEST WIND DIRECTION    SW (220)
  HIGHEST GUST SPEED    26   HIGHEST GUST DIRECTION    SW (240)
  AVERAGE WIND SPEED     7.5


SKY COVER
  POSSIBLE SUNSHINE  MM
  AVERAGE SKY COVER 0.0



RELATIVE HUMIDITY (PERCENT)
 HIGHEST   100           300 AM
 LOWEST     39           200 PM
 AVERAGE    70

..........................................................


THE CAMPO ASOS CA CLIMATE NORMALS FOR TOMORROW
                         NORMAL    RECORD    YEAR
 MAXIMUM TEMPERATURE (F)   76        92      1996
 MINIMUM TEMPERATURE (F)   40        24      1967


SUNRISE AND SUNSET
APRIL 29 2016.........SUNRISE   600 AM PDT   SUNSET   726 PM PDT
APRIL 30 2016.........SUNRISE   559 AM PDT   SUNSET   727 PM PDT


-  INDICATES NEGATIVE NUMBERS.
R  INDICATES RECORD WAS SET OR TIED.
MM INDICATES DATA IS MISSING.
T  INDICATES TRACE AMOUNT.




$$
