000
CDUS46 KSGX 240639
CLICZZ


CLIMATE REPORT
NATIONAL WEATHER SERVICE SAN DIEGO, CA
1138 PM PDT MON MAY 23 2016


...................................

...THE CAMPO ASOS CA CLIMATE SUMMARY FOR MAY 21 2016...

CLIMATE NORMAL PERIOD 1981 TO 2010
CLIMATE RECORD PERIOD 1948 TO 2016


WEATHER ITEM   OBSERVED TIME   RECORD YEAR NORMAL DEPARTURE LAST
                VALUE   (LST)  VALUE       VALUE  FROM      YEAR
                                                  NORMAL
..................................................................
TEMPERATURE (F)
 YESTERDAY
  MAXIMUM         62    315 PM  97    1967  81    -19       57
  MINIMUM         37   1159 PM  29    1970  42     -5       48
  AVERAGE         50                        62    -12       53

PRECIPITATION (IN)
  YESTERDAY        0.00          0.53 1957   0.00   0.00     0.00
  MONTH TO DATE    0.14                      0.15  -0.01     2.27
  SINCE OCT 1      9.32                     14.23  -4.91     8.89
  SINCE JAN 1      6.37                     10.01  -3.64     5.02

DEGREE DAYS
 HEATING
  YESTERDAY       15                         4     11       12
  MONTH TO DATE  137                       119     18      196
  SINCE MAR 1    810                       836    -26      779
  SINCE JUL 1   2694                      2887   -193     2415

 COOLING
  YESTERDAY        0                         1     -1        0
  MONTH TO DATE    2                        16    -14        2
  SINCE MAR 1      2                        19    -17        7
  SINCE JAN 1      2                        19    -17        7
..................................................................


WIND (MPH)
  RESULTANT WIND SPEED  10   RESULTANT WIND DIRECTION  SW (240)
  HIGHEST WIND SPEED    23   HIGHEST WIND DIRECTION    SW (240)
  HIGHEST GUST SPEED    31   HIGHEST GUST DIRECTION    SW (230)
  AVERAGE WIND SPEED    10.4


SKY COVER
  POSSIBLE SUNSHINE  MM
  AVERAGE SKY COVER 0.0



RELATIVE HUMIDITY (PERCENT)
 HIGHEST    86          1100 PM
 LOWEST     43           100 PM
 AVERAGE    65

..........................................................


THE CAMPO ASOS CA CLIMATE NORMALS FOR TODAY
                         NORMAL    RECORD    YEAR
 MAXIMUM TEMPERATURE (F)   81        95      1988
 MINIMUM TEMPERATURE (F)   42        29      1975


SUNRISE AND SUNSET
MAY 22 2016...........SUNRISE   543 AM PDT   SUNSET   743 PM PDT
MAY 23 2016...........SUNRISE   542 AM PDT   SUNSET   743 PM PDT


-  INDICATES NEGATIVE NUMBERS.
R  INDICATES RECORD WAS SET OR TIED.
MM INDICATES DATA IS MISSING.
T  INDICATES TRACE AMOUNT.




$$
