000
CDUS46 KSGX 250119
CLICZZ


CLIMATE REPORT
NATIONAL WEATHER SERVICE SAN DIEGO, CA
519 PM PST SAT FEB 24 2018


...................................

...THE CAMPO ASOS CA CLIMATE SUMMARY FOR FEBRUARY 24 2018...
VALID TODAY AS OF 0500 PM LOCAL TIME.

CLIMATE NORMAL PERIOD 1981 TO 2010
CLIMATE RECORD PERIOD 1948 TO 2018


WEATHER ITEM   OBSERVED TIME   RECORD YEAR NORMAL DEPARTURE LAST
                VALUE   (LST)  VALUE       VALUE  FROM      YEAR
                                                  NORMAL
..................................................................
TEMPERATURE (F)
 TODAY
  MAXIMUM         56    311 PM  85    1989  65     -9       58
  MINIMUM         16R   541 AM  19    1964  35    -19       24
  AVERAGE         36                        50    -14       41

PRECIPITATION (IN)
  TODAY            0.00          1.10 1998   0.12  -0.12     0.00
  MONTH TO DATE    0.23                      2.77  -2.54     1.25
  SINCE OCT 1      2.74                      9.97  -7.23    13.14
  SINCE JAN 1      2.39                      5.75  -3.36     7.91

DEGREE DAYS
 HEATING
  TODAY           29                        15     14       24
  MONTH TO DATE  383                       376      7      391
  SINCE DEC 1   1123                      1422   -299     1409
  SINCE JUL 1   1519                      1992   -473     1827

 COOLING
  TODAY            0                         0      0        0
  MONTH TO DATE    0                         0      0        0
  SINCE DEC 1      0                         0      0        0
  SINCE JAN 1      0                         0      0        0
..................................................................


WIND (MPH)
  RESULTANT WIND SPEED   1   RESULTANT WIND DIRECTION   N (20)
  HIGHEST WIND SPEED    17   HIGHEST WIND DIRECTION    SW (230)
  HIGHEST GUST SPEED    27   HIGHEST GUST DIRECTION    SW (220)
  AVERAGE WIND SPEED     7.1


SKY COVER
  POSSIBLE SUNSHINE  MM
  AVERAGE SKY COVER 0.0



RELATIVE HUMIDITY (PERCENT)
 HIGHEST    96           200 AM
 LOWEST     16          1100 AM
 AVERAGE    56

..........................................................


THE CAMPO ASOS CA CLIMATE NORMALS FOR TOMORROW
                         NORMAL    RECORD    YEAR
 MAXIMUM TEMPERATURE (F)   65        84      1968
 MINIMUM TEMPERATURE (F)   35        20      1960


SUNRISE AND SUNSET
FEBRUARY 24 2018......SUNRISE   619 AM PST   SUNSET   539 PM PST
FEBRUARY 25 2018......SUNRISE   618 AM PST   SUNSET   540 PM PST


-  INDICATES NEGATIVE NUMBERS.
R  INDICATES RECORD WAS SET OR TIED.
MM INDICATES DATA IS MISSING.
T  INDICATES TRACE AMOUNT.




$$
