000
CDUS46 KSGX 211141
CLICZZ


CLIMATE REPORT
NATIONAL WEATHER SERVICE SAN DIEGO, CA
430 AM PDT SAT OCT 21 2017


...................................

...THE CAMPO ASOS CA CLIMATE SUMMARY FOR OCTOBER 20 2017...

CLIMATE NORMAL PERIOD 1981 TO 2010
CLIMATE RECORD PERIOD 1948 TO 2017


WEATHER ITEM   OBSERVED TIME   RECORD YEAR NORMAL DEPARTURE LAST
                VALUE   (LST)  VALUE       VALUE  FROM      YEAR
                                                  NORMAL
..................................................................
TEMPERATURE (F)
 YESTERDAY
  MAXIMUM         61    340 PM  94    2003  78    -17       84
  MINIMUM         45    134 AM  31    1969  41      4       64
  AVERAGE         53                        60     -7       74

PRECIPITATION (IN)
  YESTERDAY        0.00          2.64 2004   0.03  -0.03     0.00
  MONTH TO DATE    0.00                      0.48  -0.48     0.00
  SINCE OCT 1      0.00                      0.48  -0.48     0.00
  SINCE JAN 1     11.72                     11.99  -0.27     7.38

DEGREE DAYS
 HEATING
  YESTERDAY       12                         6      6        0
  MONTH TO DATE   72                        84    -12       77
  SINCE SEP 1    142                       120     22      114
  SINCE JUL 1    146                       134     12      114

 COOLING
  YESTERDAY        0                         1     -1        9
  MONTH TO DATE   26                        27     -1       18
  SINCE SEP 1    162                       188    -26      121
  SINCE JAN 1   1039                       838    201      941
..................................................................


WIND (MPH)
  RESULTANT WIND SPEED  12   RESULTANT WIND DIRECTION  SW (240)
  HIGHEST WIND SPEED    25   HIGHEST WIND DIRECTION     W (250)
  HIGHEST GUST SPEED    32   HIGHEST GUST DIRECTION    SW (230)
  AVERAGE WIND SPEED    12.3


SKY COVER
  POSSIBLE SUNSHINE  MM
  AVERAGE SKY COVER 0.0



RELATIVE HUMIDITY (PERCENT)
 HIGHEST   100           300 AM
 LOWEST     72           300 PM
 AVERAGE    86

..........................................................


THE CAMPO ASOS CA CLIMATE NORMALS FOR TODAY
                         NORMAL    RECORD    YEAR
 MAXIMUM TEMPERATURE (F)   78        95      2003
 MINIMUM TEMPERATURE (F)   41        32      1950


SUNRISE AND SUNSET
OCTOBER 21 2017.......SUNRISE   655 AM PDT   SUNSET   606 PM PDT
OCTOBER 22 2017.......SUNRISE   655 AM PDT   SUNSET   605 PM PDT


-  INDICATES NEGATIVE NUMBERS.
R  INDICATES RECORD WAS SET OR TIED.
MM INDICATES DATA IS MISSING.
T  INDICATES TRACE AMOUNT.




$$
