000
CDUS46 KSGX 300016
CLICZZ


CLIMATE REPORT
NATIONAL WEATHER SERVICE SAN DIEGO, CA
516 PM PDT MON AUG 29 2016


...................................

...THE CAMPO ASOS CA CLIMATE SUMMARY FOR AUGUST 29 2016...
VALID TODAY AS OF 0500 PM LOCAL TIME.

CLIMATE NORMAL PERIOD 1981 TO 2010
CLIMATE RECORD PERIOD 1948 TO 2016


WEATHER ITEM   OBSERVED TIME   RECORD YEAR NORMAL DEPARTURE LAST
                VALUE   (LST)  VALUE       VALUE  FROM      YEAR
                                                  NORMAL
..................................................................
TEMPERATURE (F)
 TODAY
  MAXIMUM         98    236 PM 105    1981  94      4       99
  MINIMUM         55    458 AM  32    2010  52      3       61
  AVERAGE         77                        73      4       80

PRECIPITATION (IN)
  TODAY            0.00          0.20 1951   0.02  -0.02     0.00
  MONTH TO DATE    0.00                      0.66  -0.66     0.01
  SINCE OCT 1      9.32                     15.35  -6.03    10.12
  SINCE JAN 1      6.37                     11.13  -4.76     6.25

DEGREE DAYS
 HEATING
  TODAY            0                         0      0        0
  MONTH TO DATE    0                         0      0        0
  SINCE JUN 1     27                        63    -36       60
  SINCE JUL 1      0                         7     -7       10

 COOLING
  TODAY           12                         8      4       15
  MONTH TO DATE  267                       258      9      288
  SINCE JUN 1    788                       600    188      656
  SINCE JAN 1    791                       630    161      673
..................................................................


WIND (MPH)
  RESULTANT WIND SPEED   8   RESULTANT WIND DIRECTION  NE (50)
  HIGHEST WIND SPEED    22   HIGHEST WIND DIRECTION     E (70)
  HIGHEST GUST SPEED    27   HIGHEST GUST DIRECTION     E (70)
  AVERAGE WIND SPEED     9.3


SKY COVER
  POSSIBLE SUNSHINE  MM
  AVERAGE SKY COVER 0.0



RELATIVE HUMIDITY (PERCENT)
 HIGHEST    64           100 AM
 LOWEST     14           300 PM
 AVERAGE    39

..........................................................


THE CAMPO ASOS CA CLIMATE NORMALS FOR TOMORROW
                         NORMAL    RECORD    YEAR
 MAXIMUM TEMPERATURE (F)   94       104      1998
 MINIMUM TEMPERATURE (F)   52        38      1962


SUNRISE AND SUNSET
AUGUST 29 2016........SUNRISE   619 AM PDT   SUNSET   713 PM PDT
AUGUST 30 2016........SUNRISE   620 AM PDT   SUNSET   712 PM PDT


-  INDICATES NEGATIVE NUMBERS.
R  INDICATES RECORD WAS SET OR TIED.
MM INDICATES DATA IS MISSING.
T  INDICATES TRACE AMOUNT.




$$
