000
CDUS46 KSGX 310017
CLICZZ


CLIMATE REPORT
NATIONAL WEATHER SERVICE SAN DIEGO, CA
517 PM PDT SUN AUG 30 2015


...................................

...THE CAMPO ASOS CA CLIMATE SUMMARY FOR AUGUST 30 2015...
VALID TODAY AS OF 0500 PM LOCAL TIME.

CLIMATE NORMAL PERIOD 1981 TO 2010
CLIMATE RECORD PERIOD 1948 TO 2015


WEATHER ITEM   OBSERVED TIME   RECORD YEAR NORMAL DEPARTURE LAST
                VALUE   (LST)  VALUE       VALUE  FROM      YEAR
                                                  NORMAL
..................................................................
TEMPERATURE (F)
 TODAY
  MAXIMUM         92   1231 PM 104    1998  94     -2       98
  MINIMUM         58    550 AM  38    1962  52      6       55
  AVERAGE         75                        73      2       77

PRECIPITATION (IN)
  TODAY            0.00          0.13 2012   0.02  -0.02     0.00
  MONTH TO DATE    0.01                      0.68  -0.67     0.48
  SINCE OCT 1     10.12                     15.37  -5.25     5.63
  SINCE JAN 1      6.25                     11.15  -4.90     3.38

DEGREE DAYS
 HEATING
  TODAY            0                         0      0        0
  MONTH TO DATE    0                         0      0        2
  SINCE JUN 1     60                        63     -3       30
  SINCE JUL 1     10                         7      3        2

 COOLING
  TODAY           10                         8      2       12
  MONTH TO DATE  298                       266     32      226
  SINCE JUN 1    666                       608     58      572
  SINCE JAN 1    683                       638     45      624
..................................................................


WIND (MPH)
  RESULTANT WIND SPEED   6   RESULTANT WIND DIRECTION  SW (240)
  HIGHEST WIND SPEED    24   HIGHEST WIND DIRECTION    SW (210)
  HIGHEST GUST SPEED    33   HIGHEST GUST DIRECTION    SW (230)
  AVERAGE WIND SPEED     9.1


SKY COVER
  POSSIBLE SUNSHINE  MM
  AVERAGE SKY COVER 0.0



RELATIVE HUMIDITY (PERCENT)
 HIGHEST    72           500 AM
 LOWEST     26           200 PM
 AVERAGE    49

..........................................................


THE CAMPO ASOS CA CLIMATE NORMALS FOR TOMORROW
                         NORMAL    RECORD    YEAR
 MAXIMUM TEMPERATURE (F)   94       105      1998
 MINIMUM TEMPERATURE (F)   52        37      1979


SUNRISE AND SUNSET
AUGUST 30 2015........SUNRISE   619 AM PDT   SUNSET   713 PM PDT
AUGUST 31 2015........SUNRISE   620 AM PDT   SUNSET   712 PM PDT


-  INDICATES NEGATIVE NUMBERS.
R  INDICATES RECORD WAS SET OR TIED.
MM INDICATES DATA IS MISSING.
T  INDICATES TRACE AMOUNT.




$$
