000
CDUS43 KUNR 040831
CLID07


CLIMATE REPORT
NATIONAL WEATHER SERVICE RAPID CITY SD
231 AM MDT WED MAY 4 2016


...................................

...THE FAITH SD CLIMATE SUMMARY FOR MAY 3 2016...

CLIMATE NORMAL PERIOD 1981 TO 2010
CLIMATE RECORD PERIOD 9999 TO 9999


WEATHER ITEM   OBSERVED TIME   NORMAL DEPARTURE LAST
                VALUE   (LST)  VALUE  FROM      YEAR
                                      NORMAL
......................................................
TEMPERATURE (F)
 YESTERDAY
  MAXIMUM         76    330 PM  64     12       68
  MINIMUM         41    513 AM  39      2       41
  AVERAGE         59            51      8       55

PRECIPITATION (IN)
  YESTERDAY        0.00          0.10  -0.10     0.00
  MONTH TO DATE    0.00          0.29  -0.29     0.00
  SINCE MAR 1      4.85          2.90   1.95     0.65
  SINCE JAN 1      6.36          3.52   2.84     1.08

DEGREE DAYS
 HEATING
  YESTERDAY        6            14     -8       10
  MONTH TO DATE   38            42     -4       17
  SINCE MAR 1   1375          1653   -278     1282
  SINCE JUL 1   6321          7341  -1020     6781

 COOLING
  YESTERDAY        0             0      0        0
  MONTH TO DATE    0             0      0        0
  SINCE MAR 1      0             1     -1        2
  SINCE JAN 1      0             1     -1        2
......................................................


WIND (MPH)
  HIGHEST WIND SPEED    22   HIGHEST WIND DIRECTION     N (360)
  HIGHEST GUST SPEED    26   HIGHEST GUST DIRECTION     N (360)
  AVERAGE WIND SPEED    10.4




RELATIVE HUMIDITY (PERCENT)
 HIGHEST    83          1200 AM
 LOWEST     23           200 PM
 AVERAGE    53

..........................................................




SUNRISE AND SUNSET
MAY  4 2016...........SUNRISE   532 AM MDT   SUNSET   758 PM MDT
MAY  5 2016...........SUNRISE   531 AM MDT   SUNSET   759 PM MDT


-  INDICATES NEGATIVE NUMBERS.
R  INDICATES RECORD WAS SET OR TIED.
MM INDICATES DATA IS MISSING.
T  INDICATES TRACE AMOUNT.




$$
