000
CDUS43 KUNR 300836
CLID07


CLIMATE REPORT
NATIONAL WEATHER SERVICE RAPID CITY SD
234 AM MDT SAT MAY 30 2015


...................................

...THE FAITH SD CLIMATE SUMMARY FOR MAY 29 2015...

CLIMATE NORMAL PERIOD 1981 TO 2010
CLIMATE RECORD PERIOD 9999 TO 9999


WEATHER ITEM   OBSERVED TIME   NORMAL DEPARTURE LAST
                VALUE   (LST)  VALUE  FROM      YEAR
                                      NORMAL
......................................................
TEMPERATURE (F)
 YESTERDAY
  MAXIMUM         58    156 AM  71    -13       88
  MINIMUM         41   1159 PM  47     -6       62
  AVERAGE         50            59     -9       75

PRECIPITATION (IN)
  YESTERDAY        0.12          0.10   0.02     0.00
  MONTH TO DATE    6.13          2.85   3.28     1.03
  SINCE MAR 1      6.78          5.46   1.32     3.10
  SINCE JAN 1      7.21          6.08   1.13     4.00

DEGREE DAYS
 HEATING
  YESTERDAY       15             7      8        0
  MONTH TO DATE  357           306     51      337
  SINCE MAR 1   1622          1917   -295     2063
  SINCE JUL 1   7121          7605   -484     8149

 COOLING
  YESTERDAY        0             1     -1       10
  MONTH TO DATE    0             3     -3       30
  SINCE MAR 1      2             4     -2       30
  SINCE JAN 1      2             4     -2       30
......................................................


WIND (MPH)
  HIGHEST WIND SPEED    31   HIGHEST WIND DIRECTION     N (360)
  HIGHEST GUST SPEED    36   HIGHEST GUST DIRECTION     N (10)
  AVERAGE WIND SPEED    15.6




RELATIVE HUMIDITY (PERCENT)
 HIGHEST    93           100 AM
 LOWEST     50           500 PM
 AVERAGE    72

..........................................................




SUNRISE AND SUNSET
MAY 30 2015...........SUNRISE   506 AM MDT   SUNSET   826 PM MDT
MAY 31 2015...........SUNRISE   505 AM MDT   SUNSET   827 PM MDT


-  INDICATES NEGATIVE NUMBERS.
R  INDICATES RECORD WAS SET OR TIED.
MM INDICATES DATA IS MISSING.
T  INDICATES TRACE AMOUNT.




$$
