000
CDUS43 KUNR 270834
CLID07


CLIMATE REPORT
NATIONAL WEATHER SERVICE RAPID CITY SD
233 AM MDT MON JUL 27 2015


...................................

...THE FAITH SD CLIMATE SUMMARY FOR JULY 26 2015...

CLIMATE NORMAL PERIOD 1981 TO 2010
CLIMATE RECORD PERIOD 9999 TO 9999


WEATHER ITEM   OBSERVED TIME   NORMAL DEPARTURE LAST
                VALUE   (LST)  VALUE  FROM      YEAR
                                      NORMAL
......................................................
TEMPERATURE (F)
 YESTERDAY
  MAXIMUM         94    333 PM  87      7       83
  MINIMUM         61   1044 PM  60      1       57
  AVERAGE         78            74      4       70

PRECIPITATION (IN)
  YESTERDAY        0.00          0.06  -0.06     0.00
  MONTH TO DATE    0.51          2.51  -2.00     0.43
  SINCE JUN 1      3.15          5.60  -2.45     6.36
  SINCE JAN 1     10.39         11.90  -1.51    10.94

DEGREE DAYS
 HEATING
  YESTERDAY        0             0      0        0
  MONTH TO DATE    0             5     -5       17
  SINCE JUN 1     34            95    -61      122
  SINCE JUL 1      0             5     -5       17

 COOLING
  YESTERDAY       13             9      4        5
  MONTH TO DATE  221           203     18      157
  SINCE JUN 1    316           291     25      179
  SINCE JAN 1    318           303     15      209
......................................................


WIND (MPH)
  HIGHEST WIND SPEED    49   HIGHEST WIND DIRECTION     N (20)
  HIGHEST GUST SPEED    57   HIGHEST GUST DIRECTION     N (20)
  AVERAGE WIND SPEED    17.3




RELATIVE HUMIDITY (PERCENT)
 HIGHEST    93           300 AM
 LOWEST     24           200 PM
 AVERAGE    59

..........................................................




SUNRISE AND SUNSET
JULY 27 2015..........SUNRISE   528 AM MDT   SUNSET   821 PM MDT
JULY 28 2015..........SUNRISE   529 AM MDT   SUNSET   820 PM MDT


-  INDICATES NEGATIVE NUMBERS.
R  INDICATES RECORD WAS SET OR TIED.
MM INDICATES DATA IS MISSING.
T  INDICATES TRACE AMOUNT.




$$
