000
CDUS43 KUNR 300841
CLID07


CLIMATE REPORT
NATIONAL WEATHER SERVICE RAPID CITY SD
138 AM MST FRI JAN 30 2015


...................................

...THE FAITH SD CLIMATE SUMMARY FOR JANUARY 29 2015...

CLIMATE NORMAL PERIOD 1981 TO 2010
CLIMATE RECORD PERIOD 9999 TO 9999


WEATHER ITEM   OBSERVED TIME   NORMAL DEPARTURE LAST
                VALUE   (LST)  VALUE  FROM      YEAR
                                      NORMAL
......................................................
TEMPERATURE (F)
 YESTERDAY
  MAXIMUM         42    334 PM  31     11       47
  MINIMUM         21   1138 PM  11     10        7
  AVERAGE         32            21     11       27

PRECIPITATION (IN)
  YESTERDAY        0.00          0.01  -0.01     0.07
  MONTH TO DATE    0.14          0.19  -0.05     0.14
  SINCE DEC 1      0.42          0.59  -0.17     1.04
  SINCE JAN 1      0.14          0.19  -0.05     0.14

DEGREE DAYS
 HEATING
  YESTERDAY       33            44    -11       38
  MONTH TO DATE 1138          1302   -164     1266
  SINCE DEC 1   2355          2662   -307     2836
  SINCE JUL 1   4231          4445   -214     4586

 COOLING
  YESTERDAY        0             0      0        0
  MONTH TO DATE    0             0      0        0
  SINCE DEC 1      0             0      0        0
  SINCE JAN 1      0             0      0        0
......................................................


WIND (MPH)
  HIGHEST WIND SPEED    30   HIGHEST WIND DIRECTION     N (340)
  HIGHEST GUST SPEED    38   HIGHEST GUST DIRECTION    NW (320)
  AVERAGE WIND SPEED    11.9




RELATIVE HUMIDITY (PERCENT)
 HIGHEST    81           600 AM
 LOWEST     30           300 PM
 AVERAGE    56

..........................................................




SUNRISE AND SUNSET
JANUARY 30 2015.......SUNRISE   710 AM MST   SUNSET   453 PM MST
JANUARY 31 2015.......SUNRISE   709 AM MST   SUNSET   454 PM MST


-  INDICATES NEGATIVE NUMBERS.
R  INDICATES RECORD WAS SET OR TIED.
MM INDICATES DATA IS MISSING.
T  INDICATES TRACE AMOUNT.




$$
