000
CDUS43 KUNR 260849
CLID07


CLIMATE REPORT
NATIONAL WEATHER SERVICE RAPID CITY SD
243 AM MDT THU MAY 26 2016


...................................

...THE FAITH SD CLIMATE SUMMARY FOR MAY 25 2016...

CLIMATE NORMAL PERIOD 1981 TO 2010
CLIMATE RECORD PERIOD 9999 TO 9999


WEATHER ITEM   OBSERVED TIME   NORMAL DEPARTURE LAST
                VALUE   (LST)  VALUE  FROM      YEAR
                                      NORMAL
......................................................
TEMPERATURE (F)
 YESTERDAY
  MAXIMUM         70    200 PM  69      1       60
  MINIMUM         48    440 AM  46      2       53
  AVERAGE         59            58      1       57

PRECIPITATION (IN)
  YESTERDAY        0.01          0.11  -0.10     0.26
  MONTH TO DATE    0.37          2.45  -2.08     5.65
  SINCE MAR 1      5.22          5.06   0.16     6.30
  SINCE JAN 1      6.73          5.68   1.05     6.73

DEGREE DAYS
 HEATING
  YESTERDAY        6             8     -2        8
  MONTH TO DATE  250           277    -27      336
  SINCE MAR 1   1587          1888   -301     1601
  SINCE JUL 1   6533          7576  -1043     7100

 COOLING
  YESTERDAY        0             0      0        0
  MONTH TO DATE    2             0      2        0
  SINCE MAR 1      2             1      1        2
  SINCE JAN 1      2             1      1        2
......................................................


WIND (MPH)
  HIGHEST WIND SPEED    24   HIGHEST WIND DIRECTION    NW (320)
  HIGHEST GUST SPEED    33   HIGHEST GUST DIRECTION    NW (320)
  AVERAGE WIND SPEED    10.4




RELATIVE HUMIDITY (PERCENT)
 HIGHEST    89           200 AM
 LOWEST     39           400 PM
 AVERAGE    64

..........................................................




SUNRISE AND SUNSET
MAY 26 2016...........SUNRISE   508 AM MDT   SUNSET   823 PM MDT
MAY 27 2016...........SUNRISE   507 AM MDT   SUNSET   824 PM MDT


-  INDICATES NEGATIVE NUMBERS.
R  INDICATES RECORD WAS SET OR TIED.
MM INDICATES DATA IS MISSING.
T  INDICATES TRACE AMOUNT.




$$
