000
CDUS43 KUNR 020837
CLID07


CLIMATE REPORT
NATIONAL WEATHER SERVICE RAPID CITY SD
134 AM MST MON MAR 2 2015


...................................

...THE FAITH SD CLIMATE SUMMARY FOR MARCH 1 2015...

CLIMATE NORMAL PERIOD 1981 TO 2010
CLIMATE RECORD PERIOD 9999 TO 9999


WEATHER ITEM   OBSERVED TIME   NORMAL DEPARTURE LAST
                VALUE   (LST)  VALUE  FROM      YEAR
                                      NORMAL
......................................................
TEMPERATURE (F)
 YESTERDAY
  MAXIMUM         31    319 PM  37     -6       -2
  MINIMUM         11    927 PM  18     -7      -15
  AVERAGE         21            28     -7       -8

PRECIPITATION (IN)
  YESTERDAY        0.00          0.01  -0.01     0.12
  MONTH TO DATE    0.00          0.01  -0.01     0.12
  SINCE MAR 1      0.00          0.01  -0.01     0.12
  SINCE JAN 1      0.43          0.63  -0.20     1.02

DEGREE DAYS
 HEATING
  YESTERDAY       44            38      6       73
  MONTH TO DATE   44            38      6       73
  SINCE MAR 1     44            38      6       73
  SINCE JUL 1   5543          5726   -183     6159

 COOLING
  YESTERDAY        0             0      0        0
  MONTH TO DATE    0             0      0        0
  SINCE MAR 1      0             0      0        0
  SINCE JAN 1      0             0      0        0
......................................................


WIND (MPH)
  HIGHEST WIND SPEED    25   HIGHEST WIND DIRECTION    NW (300)
  HIGHEST GUST SPEED    31   HIGHEST GUST DIRECTION    NW (330)
  AVERAGE WIND SPEED    13.7




RELATIVE HUMIDITY (PERCENT)
 HIGHEST    76           300 AM
 LOWEST     42           200 PM
 AVERAGE    59

..........................................................




SUNRISE AND SUNSET
MARCH  2 2015.........SUNRISE   625 AM MST   SUNSET   537 PM MST
MARCH  3 2015.........SUNRISE   623 AM MST   SUNSET   538 PM MST


-  INDICATES NEGATIVE NUMBERS.
R  INDICATES RECORD WAS SET OR TIED.
MM INDICATES DATA IS MISSING.
T  INDICATES TRACE AMOUNT.




$$
