000
CDUS43 KUNR 270831
CLID07


CLIMATE REPORT
NATIONAL WEATHER SERVICE RAPID CITY SD
231 AM MDT TUE JUN 27 2017


...................................

...THE FAITH SD CLIMATE SUMMARY FOR JUNE 26 2017...

CLIMATE NORMAL PERIOD 1981 TO 2010
CLIMATE RECORD PERIOD 9999 TO 9999


WEATHER ITEM   OBSERVED TIME   NORMAL DEPARTURE LAST
                VALUE   (LST)  VALUE  FROM      YEAR
                                      NORMAL
......................................................
TEMPERATURE (F)
 YESTERDAY
  MAXIMUM         78    239 PM  82     -4       89
  MINIMUM         44    159 AM  56    -12       50
  AVERAGE         61            69     -8       70

PRECIPITATION (IN)
  YESTERDAY        0.00          0.13  -0.13     0.00
  MONTH TO DATE    2.05          2.58  -0.53     1.12
  SINCE JUN 1      2.05          2.58  -0.53     1.12
  SINCE JAN 1      6.33          8.88  -2.55     7.97

DEGREE DAYS
 HEATING
  YESTERDAY        4             1      3        0
  MONTH TO DATE   27            85    -58       15
  SINCE JUN 1     27            85    -58       15
  SINCE JUL 1   7127          7704   -577     6578

 COOLING
  YESTERDAY        0             5     -5        5
  MONTH TO DATE  106            66     40      152
  SINCE JUN 1    106            66     40      152
  SINCE JAN 1    118            78     40      154
......................................................


WIND (MPH)
  HIGHEST WIND SPEED    25   HIGHEST WIND DIRECTION    SE (150)
  HIGHEST GUST SPEED    43   HIGHEST GUST DIRECTION     S (170)
  AVERAGE WIND SPEED    13.8




RELATIVE HUMIDITY (PERCENT)
 HIGHEST    89           200 AM
 LOWEST     26           200 PM
 AVERAGE    58

..........................................................




SUNRISE AND SUNSET
JUNE 27 2017..........SUNRISE   503 AM MDT   SUNSET   839 PM MDT
JUNE 28 2017..........SUNRISE   504 AM MDT   SUNSET   839 PM MDT


-  INDICATES NEGATIVE NUMBERS.
R  INDICATES RECORD WAS SET OR TIED.
MM INDICATES DATA IS MISSING.
T  INDICATES TRACE AMOUNT.




$$
