000
CDUS43 KUNR 160835
CLID07


CLIMATE REPORT
NATIONAL WEATHER SERVICE RAPID CITY SD
234 AM MDT TUE SEP 16 2014


...................................

...THE FAITH SD CLIMATE SUMMARY FOR SEPTEMBER 15 2014...

CLIMATE NORMAL PERIOD 1981 TO 2010
CLIMATE RECORD PERIOD 9999 TO 9999


WEATHER ITEM   OBSERVED TIME   NORMAL DEPARTURE LAST
                VALUE   (LST)  VALUE  FROM      YEAR
                                      NORMAL
......................................................
TEMPERATURE (F)
 YESTERDAY
  MAXIMUM         65    347 PM  74     -9       68
  MINIMUM         38    457 AM  47     -9       49
  AVERAGE         52            61     -9       59

PRECIPITATION (IN)
  YESTERDAY        0.00          0.04  -0.04     0.00
  MONTH TO DATE    0.28          0.74  -0.46     0.34
  SINCE SEP 1      0.28          0.74  -0.46     0.34
  SINCE JAN 1     16.79         14.56   2.23    12.71

DEGREE DAYS
 HEATING
  YESTERDAY       13             6      7        6
  MONTH TO DATE  151            59     92        6
  SINCE SEP 1    151            59     92        6
  SINCE JUL 1    194            92    102       21

 COOLING
  YESTERDAY        0             2     -2        0
  MONTH TO DATE    9            49    -40      104
  SINCE SEP 1      9            49    -40      104
  SINCE JAN 1    408           624   -216      694
......................................................


WIND (MPH)
  HIGHEST WIND SPEED    18   HIGHEST WIND DIRECTION    SE (150)
  HIGHEST GUST SPEED    22   HIGHEST GUST DIRECTION    SE (150)
  AVERAGE WIND SPEED    11.4




RELATIVE HUMIDITY (PERCENT)
 HIGHEST    92           500 AM
 LOWEST     40           200 PM
 AVERAGE    66

..........................................................




SUNRISE AND SUNSET
SEPTEMBER 16 2014.....SUNRISE   628 AM MDT   SUNSET   657 PM MDT
SEPTEMBER 17 2014.....SUNRISE   629 AM MDT   SUNSET   655 PM MDT


-  INDICATES NEGATIVE NUMBERS.
R  INDICATES RECORD WAS SET OR TIED.
MM INDICATES DATA IS MISSING.
T  INDICATES TRACE AMOUNT.




$$
