000
CDUS43 KUNR 280831
CLID07


CLIMATE REPORT
NATIONAL WEATHER SERVICE RAPID CITY SD
231 AM MDT SUN AUG 28 2016


...................................

...THE FAITH SD CLIMATE SUMMARY FOR AUGUST 27 2016...

CLIMATE NORMAL PERIOD 1981 TO 2010
CLIMATE RECORD PERIOD 9999 TO 9999


WEATHER ITEM   OBSERVED TIME   NORMAL DEPARTURE LAST
                VALUE   (LST)  VALUE  FROM      YEAR
                                      NORMAL
......................................................
TEMPERATURE (F)
 YESTERDAY
  MAXIMUM         84    315 PM  83      1       81
  MINIMUM         48    519 AM  56     -8       MM
  AVERAGE         66            70     -4       MM

PRECIPITATION (IN)
  YESTERDAY        0.00          0.05  -0.05     0.00
  MONTH TO DATE    1.23          1.41  -0.18     2.51
  SINCE JUN 1      4.77          7.30  -2.53     5.73
  SINCE JAN 1     11.62         13.60  -1.98    12.97

DEGREE DAYS
 HEATING
  YESTERDAY        0             1     -1       MM
  MONTH TO DATE   26            11     15       29
  SINCE JUN 1     44           113    -69       63
  SINCE JUL 1     29            23      6       29

 COOLING
  YESTERDAY        1             6     -5       MM
  MONTH TO DATE  192           210    -18      188
  SINCE JUN 1    649           543    106      540
  SINCE JAN 1    651           555     96      542
......................................................


WIND (MPH)
  HIGHEST WIND SPEED    17   HIGHEST WIND DIRECTION     S (170)
  HIGHEST GUST SPEED    22   HIGHEST GUST DIRECTION     S (160)
  AVERAGE WIND SPEED     9.4




RELATIVE HUMIDITY (PERCENT)
 HIGHEST   100          1200 AM
 LOWEST     31           300 PM
 AVERAGE    66

..........................................................




SUNRISE AND SUNSET
AUGUST 28 2016........SUNRISE   606 AM MDT   SUNSET   731 PM MDT
AUGUST 29 2016........SUNRISE   607 AM MDT   SUNSET   730 PM MDT


-  INDICATES NEGATIVE NUMBERS.
R  INDICATES RECORD WAS SET OR TIED.
MM INDICATES DATA IS MISSING.
T  INDICATES TRACE AMOUNT.




$$
