000
CDUS42 KMLB 212116
CLIDAB


CLIMATE REPORT
NATIONAL WEATHER SERVICE MELBOURNE FL
415 PM EST TUE FEB 21 2017


...................................

...THE DAYTONA BEACH CLIMATE SUMMARY FOR FEBRUARY 21 2017...
VALID TODAY AS OF 0400 PM LOCAL TIME.

CLIMATE NORMAL PERIOD 1981 TO 2010
CLIMATE RECORD PERIOD 1923 TO 2017


WEATHER ITEM   OBSERVED TIME   RECORD YEAR NORMAL DEPARTURE LAST
                VALUE   (LST)  VALUE       VALUE  FROM      YEAR
                                                  NORMAL
..................................................................
TEMPERATURE (F)
 TODAY
  MAXIMUM         76    321 PM  87    1989  71      5       75
                                      1953
  MINIMUM         55    534 AM  32    1977  51      4       54
                                      1972
  AVERAGE         66                        61      5       65

PRECIPITATION (IN)
  TODAY            0.00          1.94 1936   0.10  -0.10     0.00
  MONTH TO DATE    0.57                      2.03  -1.46     3.08
  SINCE DEC 1      3.25                      7.40  -4.15    10.70
  SINCE JAN 1      2.55                      4.77  -2.22    10.13

SNOWFALL (IN)
  TODAY            0.0
  MONTH TO DATE    0.0
  SINCE JUL 1      0.0

DEGREE DAYS
 HEATING
  TODAY            0                         5     -5        0
  MONTH TO DATE   50                       131    -81      139
  SINCE DEC 1    264                       574   -310      407
  SINCE JUL 1    301                       648   -347      419

 COOLING
  TODAY            1                         1      0        0
  MONTH TO DATE   27                        21      6       21
  SINCE DEC 1    202                       101    101      243
  SINCE JAN 1     94                        50     44       34
..................................................................


WIND (MPH)
  HIGHEST WIND SPEED    20   HIGHEST WIND DIRECTION    SE (140)
  HIGHEST GUST SPEED    23   HIGHEST GUST DIRECTION    SE (120)
  AVERAGE WIND SPEED     5.1


SKY COVER
  AVERAGE SKY COVER 0.8


WEATHER CONDITIONS
 THE FOLLOWING WEATHER WAS RECORDED TODAY.
  FOG


RELATIVE HUMIDITY (PERCENT)
 HIGHEST   100           100 AM
 LOWEST     60           100 PM
 AVERAGE    80

..........................................................


THE DAYTONA BEACH CLIMATE NORMALS FOR TOMORROW
                         NORMAL    RECORD    YEAR
 MAXIMUM TEMPERATURE (F)   72        87      1962
 MINIMUM TEMPERATURE (F)   51        33      1978


SUNRISE AND SUNSET
FEBRUARY 21 2017......SUNRISE   657 AM EST   SUNSET   618 PM EST
FEBRUARY 22 2017......SUNRISE   656 AM EST   SUNSET   619 PM EST


-  INDICATES NEGATIVE NUMBERS.
R  INDICATES RECORD WAS SET OR TIED.
MM INDICATES DATA IS MISSING.
T  INDICATES TRACE AMOUNT.




$$
