000
CDUS42 KMLB 232017
CLIDAB


CLIMATE REPORT
NATIONAL WEATHER SERVICE MELBOURNE FL
416 PM EDT WED AUG 23 2017


...................................

...THE DAYTONA BEACH CLIMATE SUMMARY FOR AUGUST 23 2017...
VALID TODAY AS OF 0400 PM LOCAL TIME.

CLIMATE NORMAL PERIOD 1981 TO 2010
CLIMATE RECORD PERIOD 1923 TO 2017


WEATHER ITEM   OBSERVED TIME   RECORD YEAR NORMAL DEPARTURE LAST
                VALUE   (LST)  VALUE       VALUE  FROM      YEAR
                                                  NORMAL
..................................................................
TEMPERATURE (F)
 TODAY
  MAXIMUM         90    241 PM  97    2014  89      1       95
  MINIMUM         76    616 AM  65    1984  73      3       77
                                      1940
  AVERAGE         83                        81      2       86

PRECIPITATION (IN)
  TODAY            0.00          3.51 1969   0.23  -0.23     0.00
  MONTH TO DATE    5.00                      4.62   0.38     1.12
  SINCE JUN 1     20.42                     16.28   4.14     5.40
  SINCE JAN 1     28.65                     31.35  -2.70    25.40

SNOWFALL (IN)
  TODAY            0.0
  MONTH TO DATE    0.0
  SINCE JUL 1      0.0

DEGREE DAYS
 HEATING
  TODAY            0                         0      0        0
  MONTH TO DATE    0                         0      0        0
  SINCE JUN 1      0                         0      0        0
  SINCE JUL 1      0                         0      0        0

 COOLING
  TODAY           18                        16      2       21
  MONTH TO DATE  432                       385     47      437
  SINCE JUN 1   1464                      1347    117     1539
  SINCE JAN 1   2281                      1948    333     2313
..................................................................


WIND (MPH)
  HIGHEST WIND SPEED    14   HIGHEST WIND DIRECTION    NE (60)
  HIGHEST GUST SPEED    18   HIGHEST GUST DIRECTION    NE (40)
  AVERAGE WIND SPEED     3.6


SKY COVER
  AVERAGE SKY COVER 0.3


WEATHER CONDITIONS
 THE FOLLOWING WEATHER WAS RECORDED TODAY.
  FOG


RELATIVE HUMIDITY (PERCENT)
 HIGHEST   100           100 AM
 LOWEST     64          1100 AM
 AVERAGE    82

..........................................................


THE DAYTONA BEACH CLIMATE NORMALS FOR TOMORROW
                         NORMAL    RECORD    YEAR
 MAXIMUM TEMPERATURE (F)   89        95      1989
                                             1988
                                             1944
 MINIMUM TEMPERATURE (F)   73        66      1957


SUNRISE AND SUNSET
AUGUST 23 2017........SUNRISE   657 AM EDT   SUNSET   756 PM EDT
AUGUST 24 2017........SUNRISE   658 AM EDT   SUNSET   755 PM EDT


-  INDICATES NEGATIVE NUMBERS.
R  INDICATES RECORD WAS SET OR TIED.
MM INDICATES DATA IS MISSING.
T  INDICATES TRACE AMOUNT.




$$
