000
CDUS42 KMLB 100635
CLIDAB


CLIMATE REPORT
NATIONAL WEATHER SERVICE MELBOURNE FL
135 AM EST SAT DEC 10 2016


...................................

...THE DAYTONA BEACH CLIMATE SUMMARY FOR DECEMBER 9 2016...

CLIMATE NORMAL PERIOD 1981 TO 2010
CLIMATE RECORD PERIOD 1923 TO 2016


WEATHER ITEM   OBSERVED TIME   RECORD YEAR NORMAL DEPARTURE LAST
                VALUE   (LST)  VALUE       VALUE  FROM      YEAR
                                                  NORMAL
..................................................................
TEMPERATURE (F)
 YESTERDAY
  MAXIMUM         61        MM  85    2009  72    -11       76
                                      1978
  MINIMUM         49        MM  31    1984  52     -3       61
  AVERAGE         55                        62     -7       69

PRECIPITATION (IN)
  YESTERDAY        0.04          2.99 1969   0.08  -0.04     0.00
  MONTH TO DATE    0.60                      0.69  -0.09     0.15
  SINCE DEC 1      0.60                      0.69  -0.09     0.15
  SINCE JAN 1     44.54                     47.68  -3.14    43.50

SNOWFALL (IN)
  YESTERDAY       MM
  MONTH TO DATE    0.0
  SINCE JUL 1      0.0

DEGREE DAYS
 HEATING
  YESTERDAY       10                         5      5        0
  MONTH TO DATE   22                        41    -19        8
  SINCE DEC 1     22                        41    -19        8
  SINCE JUL 1     59                       115    -56       20

 COOLING
  YESTERDAY        0                         2     -2        4
  MONTH TO DATE   32                        18     14       40
  SINCE DEC 1     32                        18     14       40
  SINCE JAN 1   3411                      2930    481     3588
..................................................................


WIND (MPH)
  HIGHEST WIND SPEED    21   HIGHEST WIND DIRECTION     N (10)
  HIGHEST GUST SPEED    30   HIGHEST GUST DIRECTION     N (10)
  AVERAGE WIND SPEED    11.4


SKY COVER
  AVERAGE SKY COVER 0.7


WEATHER CONDITIONS
 THE FOLLOWING WEATHER WAS RECORDED YESTERDAY.
  LIGHT RAIN


RELATIVE HUMIDITY (PERCENT)
 HIGHEST    89           400 AM
 LOWEST     53           400 PM
 AVERAGE    71

..........................................................


THE DAYTONA BEACH CLIMATE NORMALS FOR TODAY
                         NORMAL    RECORD    YEAR
 MAXIMUM TEMPERATURE (F)   71        85      1947
 MINIMUM TEMPERATURE (F)   52        31      1962


SUNRISE AND SUNSET
DECEMBER 10 2016......SUNRISE   708 AM EST   SUNSET   527 PM EST
DECEMBER 11 2016......SUNRISE   708 AM EST   SUNSET   527 PM EST


-  INDICATES NEGATIVE NUMBERS.
R  INDICATES RECORD WAS SET OR TIED.
MM INDICATES DATA IS MISSING.
T  INDICATES TRACE AMOUNT.




$$
