000
CDUS42 KMLB 060628
CLIDAB


CLIMATE REPORT
NATIONAL WEATHER SERVICE MELBOURNE FL
227 AM EDT FRI MAY 6 2016


...................................

...THE DAYTONA BEACH CLIMATE SUMMARY FOR MAY 5 2016...

CLIMATE NORMAL PERIOD 1981 TO 2010
CLIMATE RECORD PERIOD 1923 TO 2016


WEATHER ITEM   OBSERVED TIME   RECORD YEAR NORMAL DEPARTURE LAST
                VALUE   (LST)  VALUE       VALUE  FROM      YEAR
                                                  NORMAL
..................................................................
TEMPERATURE (F)
 YESTERDAY
  MAXIMUM         81    246 PM  94    1938  83     -2       80
  MINIMUM         55    536 AM  40    1940  62     -7       67
  AVERAGE         68                        73     -5       74

PRECIPITATION (IN)
  YESTERDAY        0.00          0.96 1931   0.07  -0.07     0.11
  MONTH TO DATE    0.55                      0.29   0.26     0.11
  SINCE MAR 1      4.14                      6.71  -2.57     6.40
  SINCE JAN 1     14.85                     12.23   2.62    11.83

SNOWFALL (IN)
  YESTERDAY        0.0
  MONTH TO DATE    0.0
  SINCE JUL 1      0.0

DEGREE DAYS
 HEATING
  YESTERDAY        0                         0      0        0
  MONTH TO DATE    0                         0      0        0
  SINCE MAR 1     43                       125    -82       35
  SINCE JUL 1    508                       807   -299      682

 COOLING
  YESTERDAY        3                         8     -5        9
  MONTH TO DATE   47                        37     10       26
  SINCE MAR 1    431                       259    172      531
  SINCE JAN 1    481                       324    157      571
..................................................................


WIND (MPH)
  HIGHEST WIND SPEED    24   HIGHEST WIND DIRECTION     W (270)
  HIGHEST GUST SPEED    31   HIGHEST GUST DIRECTION     W (270)
  AVERAGE WIND SPEED     9.9


SKY COVER
  AVERAGE SKY COVER 0.1


WEATHER CONDITIONS
 THE FOLLOWING WEATHER WAS RECORDED YESTERDAY.
  NO SIGNIFICANT WEATHER WAS OBSERVED.


RELATIVE HUMIDITY (PERCENT)
 HIGHEST   100          1200 AM
 LOWEST     26           300 PM
 AVERAGE    63

..........................................................


THE DAYTONA BEACH CLIMATE NORMALS FOR TODAY
                         NORMAL    RECORD    YEAR
 MAXIMUM TEMPERATURE (F)   83        95      1955
 MINIMUM TEMPERATURE (F)   63        42      1940


SUNRISE AND SUNSET
MAY  6 2016...........SUNRISE   638 AM EDT   SUNSET   804 PM EDT
MAY  7 2016...........SUNRISE   637 AM EDT   SUNSET   804 PM EDT


-  INDICATES NEGATIVE NUMBERS.
R  INDICATES RECORD WAS SET OR TIED.
MM INDICATES DATA IS MISSING.
T  INDICATES TRACE AMOUNT.

&&

DAYTONA BEACH SURF TEMPERATURE IS 73 DEGREES


$$
