000
CDUS42 KMLB 260630
CLIDAB


CLIMATE REPORT
NATIONAL WEATHER SERVICE MELBOURNE FL
130 AM EST MON JAN 26 2015


...................................

...THE DAYTONA BEACH CLIMATE SUMMARY FOR JANUARY 25 2015...

CLIMATE NORMAL PERIOD 1981 TO 2010
CLIMATE RECORD PERIOD 1923 TO 2015


WEATHER ITEM   OBSERVED TIME   RECORD YEAR NORMAL DEPARTURE LAST
                VALUE   (LST)  VALUE       VALUE  FROM      YEAR
                                                  NORMAL
..................................................................
TEMPERATURE (F)
 YESTERDAY
  MAXIMUM         64    312 PM  87    1937  69     -5       69
  MINIMUM         39    707 AM  25    1940  48     -9       42
  AVERAGE         52                        58     -6       56

PRECIPITATION (IN)
  YESTERDAY        0.00          2.09 1988   0.09  -0.09     0.02
  MONTH TO DATE    2.44                      2.19   0.25     1.48
  SINCE DEC 1      5.27                      4.82   0.45     3.17
  SINCE JAN 1      2.44                      2.19   0.25     1.48

SNOWFALL (IN)
  YESTERDAY        0.0
  MONTH TO DATE    0.0
  SINCE JUL 1      0.0

DEGREE DAYS
 HEATING
  YESTERDAY       13                         8      5        9
  MONTH TO DATE  137                       200    -63      247
  SINCE DEC 1    252                       392   -140      320
  SINCE JUL 1    381                       466    -85      351

 COOLING
  YESTERDAY        0                         1     -1        0
  MONTH TO DATE   31                        25      6       23
  SINCE DEC 1    114                        76     38      137
  SINCE JAN 1     31                        25      6       23
..................................................................


WIND (MPH)
  HIGHEST WIND SPEED    12   HIGHEST WIND DIRECTION     W (270)
  HIGHEST GUST SPEED    14   HIGHEST GUST DIRECTION     W (250)
  AVERAGE WIND SPEED     5.1


SKY COVER
  AVERAGE SKY COVER 0.4


WEATHER CONDITIONS
 THE FOLLOWING WEATHER WAS RECORDED YESTERDAY.
  NO SIGNIFICANT WEATHER WAS OBSERVED.


RELATIVE HUMIDITY (PERCENT)
 HIGHEST    93          1200 AM
 LOWEST     28           300 PM
 AVERAGE    61

..........................................................


THE DAYTONA BEACH CLIMATE NORMALS FOR TODAY
                         NORMAL    RECORD    YEAR
 MAXIMUM TEMPERATURE (F)   69        84      1976
                                             1937
 MINIMUM TEMPERATURE (F)   48        25      1940


SUNRISE AND SUNSET
JANUARY 26 2015.......SUNRISE   716 AM EST   SUNSET   558 PM EST
JANUARY 27 2015.......SUNRISE   716 AM EST   SUNSET   558 PM EST


-  INDICATES NEGATIVE NUMBERS.
R  INDICATES RECORD WAS SET OR TIED.
MM INDICATES DATA IS MISSING.
T  INDICATES TRACE AMOUNT.




$$
