000
CDUS42 KMLB 300635
CLIDAB


CLIMATE REPORT
NATIONAL WEATHER SERVICE MELBOURNE FL
235 AM EDT THU OCT 30 2014


...................................

...THE DAYTONA BEACH CLIMATE SUMMARY FOR OCTOBER 29 2014...

CLIMATE NORMAL PERIOD 1981 TO 2010
CLIMATE RECORD PERIOD 1923 TO 2014


WEATHER ITEM   OBSERVED TIME   RECORD YEAR NORMAL DEPARTURE LAST
                VALUE   (LST)  VALUE       VALUE  FROM      YEAR
                                                  NORMAL
..................................................................
TEMPERATURE (F)
 YESTERDAY
  MAXIMUM         85    138 PM  89    2009  79      6       82
                                      2002
                                      1947
  MINIMUM         62    648 AM  43    1938  62      0       62
                                      1937
  AVERAGE         74                        71      3       72

PRECIPITATION (IN)
  YESTERDAY        0.00          1.12 1925   0.09  -0.09      T
  MONTH TO DATE    0.57                      4.02  -3.45     1.99
  SINCE SEP 1     18.72                     10.98   7.74     7.76
  SINCE JAN 1     51.89                     44.11   7.78    42.98

SNOWFALL (IN)
  YESTERDAY        0.0
  MONTH TO DATE    0.0
  SINCE JUL 1      0.0

DEGREE DAYS
 HEATING
  YESTERDAY        0                         1     -1        0
  MONTH TO DATE    0                         5     -5        1
  SINCE SEP 1      0                         5     -5        1
  SINCE JUL 1      0                         5     -5        1

 COOLING
  YESTERDAY        9                         6      3        7
  MONTH TO DATE  252                       274    -22      281
  SINCE SEP 1    706                       710     -4      743
  SINCE JAN 1   2898                      2784    114     2939
..................................................................


WIND (MPH)
  HIGHEST WIND SPEED    13   HIGHEST WIND DIRECTION    NE (60)
  HIGHEST GUST SPEED    17   HIGHEST GUST DIRECTION    NE (60)
  AVERAGE WIND SPEED     2.3


SKY COVER
  AVERAGE SKY COVER 0.1


WEATHER CONDITIONS
 THE FOLLOWING WEATHER WAS RECORDED YESTERDAY.
  FOG


RELATIVE HUMIDITY (PERCENT)
 HIGHEST   100           100 AM
 LOWEST     87          1100 PM
 AVERAGE    94

..........................................................


THE DAYTONA BEACH CLIMATE NORMALS FOR TODAY
                         NORMAL    RECORD    YEAR
 MAXIMUM TEMPERATURE (F)   79        90      1980
 MINIMUM TEMPERATURE (F)   62        42      2012


SUNRISE AND SUNSET
OCTOBER 30 2014.......SUNRISE   735 AM EDT   SUNSET   640 PM EDT
OCTOBER 31 2014.......SUNRISE   736 AM EDT   SUNSET   639 PM EDT


-  INDICATES NEGATIVE NUMBERS.
R  INDICATES RECORD WAS SET OR TIED.
MM INDICATES DATA IS MISSING.
T  INDICATES TRACE AMOUNT.




$$
