248
CDUS41 KRNK 200615
CLIDAN


CLIMATE REPORT
NATIONAL WEATHER SERVICE BLACKSBURG VA
113 AM EST MON NOV 20 2017


...................................

...THE DANVILLE VA CLIMATE SUMMARY FOR NOVEMBER 19 2017...

CLIMATE NORMAL PERIOD 1981 TO 2010
CLIMATE RECORD PERIOD 1948 TO 2017


WEATHER ITEM   OBSERVED TIME   RECORD YEAR NORMAL DEPARTURE LAST
                VALUE   (LST)  VALUE       VALUE  FROM      YEAR
                                                  NORMAL
..................................................................
TEMPERATURE (F)
 YESTERDAY
  MAXIMUM         65    129 AM  79    1953  59      6       72
  MINIMUM         31   1159 PM  15    2014  37     -6       34
  AVERAGE         48                        48      0       53

PRECIPITATION (IN)
  YESTERDAY        0.08          1.50 1948   0.10  -0.02     0.00
  MONTH TO DATE    2.01                      2.16  -0.15     0.04
  SINCE SEP 1      7.53                      9.65  -2.12     7.96
  SINCE JAN 1     41.63                     39.94   1.69    44.22

SNOWFALL (IN)
  YESTERDAY        0.0                                       0.0
  MONTH TO DATE    0.0                                       0.0
  SINCE SEP 1      0.0                                       0.0
  SINCE JUL 1      0.0                                       0.0
  SNOW DEPTH       0

DEGREE DAYS
 HEATING
  YESTERDAY       17                        17      0       12
  MONTH TO DATE  294                       264     30      251
  SINCE SEP 1    493                       497     -4      387
  SINCE JUL 1    493                       497     -4      387

 COOLING
  YESTERDAY        0                         0      0        0
  MONTH TO DATE    0                         0      0        5
  SINCE SEP 1    227                       209     18      343
  SINCE JAN 1   1401                      1436    -35     1648
..................................................................


WIND (MPH)
  HIGHEST WIND SPEED    22   HIGHEST WIND DIRECTION    NW (320)
  HIGHEST GUST SPEED    32   HIGHEST GUST DIRECTION    NW (300)
  AVERAGE WIND SPEED    10.3


SKY COVER
  AVERAGE SKY COVER 0.2


WEATHER CONDITIONS
 THE FOLLOWING WEATHER WAS RECORDED YESTERDAY.
  LIGHT RAIN
  FOG


RELATIVE HUMIDITY (PERCENT)
 HIGHEST   100           400 AM
 LOWEST     41          1200 PM
 AVERAGE    71

..........................................................


THE DANVILLE VA CLIMATE NORMALS FOR TODAY
                         NORMAL    RECORD    YEAR
 MAXIMUM TEMPERATURE (F)   58        77      1963
 MINIMUM TEMPERATURE (F)   37        15      1951


SUNRISE AND SUNSET
NOVEMBER 20 2017......SUNRISE   700 AM EST   SUNSET   505 PM EST
NOVEMBER 21 2017......SUNRISE   701 AM EST   SUNSET   505 PM EST


-  INDICATES NEGATIVE NUMBERS.
R  INDICATES RECORD WAS SET OR TIED.
MM INDICATES DATA IS MISSING.
T  INDICATES TRACE AMOUNT.

REMARKS:
DUE TO MISSING RAINFALL ON AUGUST 21-24...ALL PRECIPITATION DATA
WILL BE CALCULATED WITHOUT DATA FROM THESE DATES.

$$
RCS
