459
CDUS41 KRNK 222107
CLIDAN


CLIMATE REPORT
NATIONAL WEATHER SERVICE BLACKSBURG VA
506 PM EDT MON MAY 22 2017


...................................

...THE DANVILLE VA CLIMATE SUMMARY FOR MAY 22 2017...
VALID TODAY AS OF 0500 PM LOCAL TIME.

CLIMATE NORMAL PERIOD 1981 TO 2010
CLIMATE RECORD PERIOD 1948 TO 2017


WEATHER ITEM   OBSERVED TIME   RECORD YEAR NORMAL DEPARTURE LAST
                VALUE   (LST)  VALUE       VALUE  FROM      YEAR
                                                  NORMAL
..................................................................
TEMPERATURE (F)
 TODAY
  MAXIMUM         80    255 PM  94    1996  78      2       73
  MINIMUM         62    804 AM  36    2002  57      5       51
  AVERAGE         71                        68      3       62

PRECIPITATION (IN)
  TODAY            0.33          1.95 2001   0.14   0.19     0.61
  MONTH TO DATE    3.38                      2.64   0.74     7.22
  SINCE MAR 1     13.57                     10.21   3.36    12.35
  SINCE JAN 1     18.34                     16.64   1.70    19.20

SNOWFALL (IN)
  TODAY           MM                                         0.0
  MONTH TO DATE    0.0                                       0.0
  SINCE MAR 1      T                                         0.0
  SINCE JUL 1      8.8                                      11.1
  SNOW DEPTH       0

DEGREE DAYS
 HEATING
  TODAY            0                         1     -1        3
  MONTH TO DATE   70                        60     10       75
  SINCE MAR 1    684                       802   -118      595
  SINCE JUL 1   3140                      3803   -663     3057

 COOLING
  TODAY            6                         4      2        0
  MONTH TO DATE   70                        63      7       38
  SINCE MAR 1    148                        97     51       85
  SINCE JAN 1    153                        97     56       85
..................................................................


WIND (MPH)
  HIGHEST WIND SPEED    20   HIGHEST WIND DIRECTION     N (360)
  HIGHEST GUST SPEED    24   HIGHEST GUST DIRECTION     N (360)
  AVERAGE WIND SPEED     5.2


SKY COVER
  AVERAGE SKY COVER 0.9


WEATHER CONDITIONS
 THE FOLLOWING WEATHER WAS RECORDED TODAY.
  HEAVY RAIN
  RAIN
  LIGHT RAIN
  FOG


RELATIVE HUMIDITY (PERCENT)
 HIGHEST   100          1200 AM
 LOWEST     67           300 PM
 AVERAGE    84

..........................................................


THE DANVILLE VA CLIMATE NORMALS FOR TOMORROW
                         NORMAL    RECORD    YEAR
 MAXIMUM TEMPERATURE (F)   79        95      1953
 MINIMUM TEMPERATURE (F)   58        36      2002


SUNRISE AND SUNSET
MAY 22 2017...........SUNRISE   605 AM EDT   SUNSET   823 PM EDT
MAY 23 2017...........SUNRISE   605 AM EDT   SUNSET   824 PM EDT


-  INDICATES NEGATIVE NUMBERS.
R  INDICATES RECORD WAS SET OR TIED.
MM INDICATES DATA IS MISSING.
T  INDICATES TRACE AMOUNT.




$$
