000
CDUS41 KRNK 241130
CLIDAN


CLIMATE REPORT
NATIONAL WEATHER SERVICE BLACKSBURG VA
627 AM EST FRI FEB 24 2017


...................................

...THE DANVILLE VA CLIMATE SUMMARY FOR FEBRUARY 23 2017...

CLIMATE NORMAL PERIOD 1981 TO 2010
CLIMATE RECORD PERIOD 1948 TO 2017


WEATHER ITEM   OBSERVED TIME   RECORD YEAR NORMAL DEPARTURE LAST
                VALUE   (LST)  VALUE       VALUE  FROM      YEAR
                                                  NORMAL
..................................................................
TEMPERATURE (F)
 YESTERDAY
  MAXIMUM         73R   358 PM  73    2017  52     21       47
                                      1980
  MINIMUM         46    741 AM  10    1968  33     13       42
  AVERAGE         60                        43     17       45

PRECIPITATION (IN)
  YESTERDAY        0.00          1.24 1961   0.09  -0.09     0.38
  MONTH TO DATE    0.81                      2.52  -1.71     3.68
  SINCE DEC 1      6.31                      9.21  -2.90    11.78
  SINCE JAN 1      4.69                      5.94  -1.25     6.22

SNOWFALL (IN)
  YESTERDAY        0.0                                       0.0
  MONTH TO DATE    T                                         1.9
  SINCE DEC 1      8.8                                      11.1
  SINCE JUL 1      8.8                                      11.1
  SNOW DEPTH       0

DEGREE DAYS
 HEATING
  YESTERDAY        5                        22    -17       20
  MONTH TO DATE  384                       566   -182      558
  SINCE DEC 1   1824                      2185   -361     1832
  SINCE JUL 1   2394                      2894   -500     2374

 COOLING
  YESTERDAY        0                         0      0        0
  MONTH TO DATE    5                         0      5        0
  SINCE DEC 1      5                         0      5       11
  SINCE JAN 1      5                         0      5        0
..................................................................


WIND (MPH)
  HIGHEST WIND SPEED     9   HIGHEST WIND DIRECTION    SE (130)
  HIGHEST GUST SPEED    13   HIGHEST GUST DIRECTION     S (200)
  AVERAGE WIND SPEED     1.3


SKY COVER
  AVERAGE SKY COVER 0.7


WEATHER CONDITIONS
 THE FOLLOWING WEATHER WAS RECORDED YESTERDAY.
  FOG
  FOG W/VISIBILITY <= 1/4 MILE


RELATIVE HUMIDITY (PERCENT)
 HIGHEST   100          1200 AM
 LOWEST     49           400 PM
 AVERAGE    75

..........................................................


THE DANVILLE VA CLIMATE NORMALS FOR TODAY
                         NORMAL    RECORD    YEAR
 MAXIMUM TEMPERATURE (F)   53        79      2012
 MINIMUM TEMPERATURE (F)   33        18      2009
                                             1978


SUNRISE AND SUNSET
FEBRUARY 24 2017......SUNRISE   654 AM EST   SUNSET   607 PM EST
FEBRUARY 25 2017......SUNRISE   653 AM EST   SUNSET   608 PM EST


-  INDICATES NEGATIVE NUMBERS.
R  INDICATES RECORD WAS SET OR TIED.
MM INDICATES DATA IS MISSING.
T  INDICATES TRACE AMOUNT.


$$

PW
