000
CDUS41 KRNK 241011
CLIDAN


CLIMATE REPORT
NATIONAL WEATHER SERVICE BLACKSBURG VA
508 AM EST MON NOV 24 2014


...................................

...THE DANVILLE VA CLIMATE SUMMARY FOR NOVEMBER 23 2014...

CLIMATE NORMAL PERIOD 1981 TO 2010
CLIMATE RECORD PERIOD 1948 TO 2014


WEATHER ITEM   OBSERVED TIME   RECORD YEAR NORMAL DEPARTURE LAST
                VALUE   (LST)  VALUE       VALUE  FROM      YEAR
                                                  NORMAL
..................................................................
TEMPERATURE (F)
 YESTERDAY
  MAXIMUM         63   1159 PM  75    1979  57      6       60
  MINIMUM         30   1247 AM  19    1981  36     -6       40
  AVERAGE         47                        46      1

PRECIPITATION (IN)
  YESTERDAY        0.46          1.04 1957   0.11   0.35     0.00
  MONTH TO DATE    1.29                      2.60  -1.31     0.22
  SINCE SEP 1      9.30                     10.09  -0.79     2.57
  SINCE JAN 1     39.05                     40.38  -1.33    43.88

SNOWFALL (IN)
  YESTERDAY        0.0
  MONTH TO DATE    0.0
  SINCE SEP 1      0.0
  SINCE JUL 1      0.0
  SNOW DEPTH       0

DEGREE DAYS
 HEATING
  YESTERDAY       18                        19     -1
  MONTH TO DATE  466                       336    130
  SINCE SEP 1    635                       569     66
  SINCE JUL 1    635                       569     66

 COOLING
  YESTERDAY        0                         0      0
  MONTH TO DATE    0                         0      0
  SINCE SEP 1    229                       209     20
  SINCE JAN 1   1418                      1436    -18
..................................................................


WIND (MPH)
  HIGHEST WIND SPEED    13   HIGHEST WIND DIRECTION     S (160)
  HIGHEST GUST SPEED    20   HIGHEST GUST DIRECTION    SE (140)
  AVERAGE WIND SPEED     3.4


SKY COVER
  POSSIBLE SUNSHINE  MM
  AVERAGE SKY COVER 0.6


WEATHER CONDITIONS
 THE FOLLOWING WEATHER WAS RECORDED YESTERDAY.
  RAIN
  LIGHT RAIN
  FOG


RELATIVE HUMIDITY (PERCENT)
 HIGHEST    96          1000 PM
 LOWEST     42          1200 PM
 AVERAGE    69

..........................................................


THE DANVILLE VA CLIMATE NORMALS FOR TODAY
                         NORMAL    RECORD    YEAR
 MAXIMUM TEMPERATURE (F)   57        75      1979
 MINIMUM TEMPERATURE (F)   36        19      1981


SUNRISE AND SUNSET
NOVEMBER 24 2014......SUNRISE   704 AM EST   SUNSET   504 PM EST
NOVEMBER 25 2014......SUNRISE   705 AM EST   SUNSET   503 PM EST


-  INDICATES NEGATIVE NUMBERS.
R  INDICATES RECORD WAS SET OR TIED.
MM INDICATES DATA IS MISSING.
T  INDICATES TRACE AMOUNT.




$$
