000
CDUS41 KRNK 260853
CLIDAN


CLIMATE REPORT
NATIONAL WEATHER SERVICE BLACKSBURG VA
451 AM EDT MON JUN 26 2017


...................................

...THE DANVILLE VA CLIMATE SUMMARY FOR JUNE 25 2017...

CLIMATE NORMAL PERIOD 1981 TO 2010
CLIMATE RECORD PERIOD 1948 TO 2017


WEATHER ITEM   OBSERVED TIME   RECORD YEAR NORMAL DEPARTURE LAST
                VALUE   (LST)  VALUE       VALUE  FROM      YEAR
                                                  NORMAL
..................................................................
TEMPERATURE (F)
 YESTERDAY
  MAXIMUM         82    152 PM 101    1952  87     -5       82
  MINIMUM         60   1157 PM  53    1972  67     -7       67
  AVERAGE         71                        77     -6       75

PRECIPITATION (IN)
  YESTERDAY        0.00          1.19 1965   0.13  -0.13     0.00
  MONTH TO DATE    4.37                      3.26   1.11     7.35
  SINCE JUN 1      4.37                      3.26   1.11     7.35
  SINCE JAN 1     25.37                     21.14   4.23    26.90

SNOWFALL (IN)
  YESTERDAY        0.0                                       0.0
  MONTH TO DATE    0.0                                       0.0
  SINCE JUN 1      0.0                                       0.0
  SINCE JUL 1      8.8                                      11.1
  SNOW DEPTH       0

DEGREE DAYS
 HEATING
  YESTERDAY        0                         0      0        0
  MONTH TO DATE    3                         0      3        0
  SINCE JUN 1      3                         0      3        0
  SINCE JUL 1   3145                      3811   -666     3061

 COOLING
  YESTERDAY        6                        12     -6       10
  MONTH TO DATE  218                       234    -16      229
  SINCE JUN 1    218                       234    -16      229
  SINCE JAN 1    414                       378     36      368
..................................................................


WIND (MPH)
  HIGHEST WIND SPEED    14   HIGHEST WIND DIRECTION    NW (330)
  HIGHEST GUST SPEED    24   HIGHEST GUST DIRECTION     N (340)
  AVERAGE WIND SPEED     4.5


SKY COVER
  AVERAGE SKY COVER 0.4


WEATHER CONDITIONS
 THE FOLLOWING WEATHER WAS RECORDED YESTERDAY.
  FOG
  FOG W/VISIBILITY <= 1/4 MILE


RELATIVE HUMIDITY (PERCENT)
 HIGHEST   100          1200 AM
 LOWEST     51           300 PM
 AVERAGE    76

..........................................................


THE DANVILLE VA CLIMATE NORMALS FOR TODAY
                         NORMAL    RECORD    YEAR
 MAXIMUM TEMPERATURE (F)   87       101      1952
 MINIMUM TEMPERATURE (F)   67        50      1979


SUNRISE AND SUNSET
JUNE 26 2017..........SUNRISE   601 AM EDT   SUNSET   840 PM EDT
JUNE 27 2017..........SUNRISE   601 AM EDT   SUNSET   840 PM EDT


-  INDICATES NEGATIVE NUMBERS.
R  INDICATES RECORD WAS SET OR TIED.
MM INDICATES DATA IS MISSING.
T  INDICATES TRACE AMOUNT.

$$

RAB
