000
CDUS41 KRNK 242119
CLIDAN


CLIMATE REPORT
NATIONAL WEATHER SERVICE BLACKSBURG VA
517 PM EDT SUN SEP 24 2017


...................................

...THE DANVILLE VA CLIMATE SUMMARY FOR SEPTEMBER 24 2017...
VALID TODAY AS OF 0500 PM LOCAL TIME.

CLIMATE NORMAL PERIOD 1981 TO 2010
CLIMATE RECORD PERIOD 1948 TO 2017


WEATHER ITEM   OBSERVED TIME   RECORD YEAR NORMAL DEPARTURE LAST
                VALUE   (LST)  VALUE       VALUE  FROM      YEAR
                                                  NORMAL
..................................................................
TEMPERATURE (F)
 TODAY
  MAXIMUM         87    326 PM  96    1980  77     10       92
  MINIMUM         59    616 AM  38    1983  57      2       62
  AVERAGE         73                        67      6       77

PRECIPITATION (IN)
  TODAY            0.00          0.82 1975   0.13  -0.13     0.00
  MONTH TO DATE    2.60                      3.16  -0.56     1.13
  SINCE SEP 1      2.60                      3.16  -0.56     1.13
  SINCE JAN 1     36.70                     33.45   3.25    37.39

SNOWFALL (IN)
  TODAY            0.0                                       0.0
  MONTH TO DATE    0.0                                       0.0
  SINCE SEP 1      0.0                                       0.0
  SINCE JUL 1      0.0                                       0.0
  SNOW DEPTH       0

DEGREE DAYS
 HEATING
  TODAY            0                         2     -2        0
  MONTH TO DATE   30                        13     17        0
  SINCE SEP 1     30                        13     17        0
  SINCE JUL 1     30                        13     17        0

 COOLING
  TODAY            8                         4      4       12
  MONTH TO DATE  117                       159    -42      260
  SINCE SEP 1    117                       159    -42      260
  SINCE JAN 1   1291                      1386    -95     1565
..................................................................


WIND (MPH)
  HIGHEST WIND SPEED    14   HIGHEST WIND DIRECTION    NE (50)
  HIGHEST GUST SPEED    17   HIGHEST GUST DIRECTION    NE (60)
  AVERAGE WIND SPEED     3.5


SKY COVER
  AVERAGE SKY COVER 0.0


WEATHER CONDITIONS
 THE FOLLOWING WEATHER WAS RECORDED TODAY.
  NO SIGNIFICANT WEATHER WAS OBSERVED.


RELATIVE HUMIDITY (PERCENT)
 HIGHEST   100           100 AM
 LOWEST     42           100 PM
 AVERAGE    71

..........................................................


THE DANVILLE VA CLIMATE NORMALS FOR TOMORROW
                         NORMAL    RECORD    YEAR
 MAXIMUM TEMPERATURE (F)   76        93      2010
                                             1970
 MINIMUM TEMPERATURE (F)   57        39      1983


SUNRISE AND SUNSET
SEPTEMBER 24 2017.....SUNRISE   707 AM EDT   SUNSET   711 PM EDT
SEPTEMBER 25 2017.....SUNRISE   708 AM EDT   SUNSET   709 PM EDT


-  INDICATES NEGATIVE NUMBERS.
R  INDICATES RECORD WAS SET OR TIED.
MM INDICATES DATA IS MISSING.
T  INDICATES TRACE AMOUNT.


REMARKS:
DUE TO MISSING RAINFALL ON AUGUST 21-24...ALL PRECIPITATION DATA
WILL BE CALCULATED WITHOUT DATA FROM THESE DATES.


$$

PW
