000
CDUS41 KRNK 202204
CLIDAN


CLIMATE REPORT
NATIONAL WEATHER SERVICE BLACKSBURG VA
503 PM EST FRI JAN 20 2017


...................................

...THE DANVILLE VA CLIMATE SUMMARY FOR JANUARY 20 2017...
VALID TODAY AS OF 0500 PM LOCAL TIME.

CLIMATE NORMAL PERIOD 1981 TO 2010
CLIMATE RECORD PERIOD 1948 TO 2017


WEATHER ITEM   OBSERVED TIME   RECORD YEAR NORMAL DEPARTURE LAST
                VALUE   (LST)  VALUE       VALUE  FROM      YEAR
                                                  NORMAL
..................................................................
TEMPERATURE (F)
 TODAY
  MAXIMUM         51    259 PM  71    1951  46      5       40
  MINIMUM         40    348 AM  -1    1994  29     11       14
  AVERAGE         46                        38      8       27

PRECIPITATION (IN)
  TODAY            0.44          1.25 2002   0.11   0.33      T
  MONTH TO DATE    2.49                      2.17   0.32     1.53
  SINCE DEC 1      4.11                      5.44  -1.33     7.09
  SINCE JAN 1      2.49                      2.17   0.32     1.53

SNOWFALL (IN)
  TODAY           MM                                         0.5
  MONTH TO DATE    8.8                                       1.4
  SINCE DEC 1      8.8                                       1.4
  SINCE JUL 1      8.8                                       1.4
  SNOW DEPTH       0

DEGREE DAYS
 HEATING
  TODAY           19                        27     -8       38
  MONTH TO DATE  482                       551    -69      570
  SINCE DEC 1   1216                      1324   -108      961
  SINCE JUL 1   1786                      2033   -247     1503

 COOLING
  TODAY            0                         0      0        0
  MONTH TO DATE    0                         0      0        0
  SINCE DEC 1      0                         0      0       11
  SINCE JAN 1      0                         0      0        0
..................................................................


WIND (MPH)
  HIGHEST WIND SPEED    12   HIGHEST WIND DIRECTION    NW (300)
  HIGHEST GUST SPEED    14   HIGHEST GUST DIRECTION     W (290)
  AVERAGE WIND SPEED     2.5


SKY COVER
  AVERAGE SKY COVER 0.7


WEATHER CONDITIONS
 THE FOLLOWING WEATHER WAS RECORDED TODAY.
  HEAVY RAIN
  RAIN
  LIGHT RAIN
  FOG


RELATIVE HUMIDITY (PERCENT)
 HIGHEST   100           900 AM
 LOWEST     89           200 AM
 AVERAGE    95

..........................................................


THE DANVILLE VA CLIMATE NORMALS FOR TOMORROW
                         NORMAL    RECORD    YEAR
 MAXIMUM TEMPERATURE (F)   46        68      1959
 MINIMUM TEMPERATURE (F)   29        -5      1985


SUNRISE AND SUNSET
JANUARY 20 2017.......SUNRISE   727 AM EST   SUNSET   531 PM EST
JANUARY 21 2017.......SUNRISE   726 AM EST   SUNSET   532 PM EST


-  INDICATES NEGATIVE NUMBERS.
R  INDICATES RECORD WAS SET OR TIED.
MM INDICATES DATA IS MISSING.
T  INDICATES TRACE AMOUNT.




$$
