000
CDUS41 KRNK 210740
CLIDAN


CLIMATE REPORT
NATIONAL WEATHER SERVICE BLACKSBURG VA
239 AM EST SUN JAN 21 2018


...................................

...THE DANVILLE VA CLIMATE SUMMARY FOR JANUARY 20 2018...

CLIMATE NORMAL PERIOD 1981 TO 2010
CLIMATE RECORD PERIOD 1948 TO 2018


WEATHER ITEM   OBSERVED TIME   RECORD YEAR NORMAL DEPARTURE LAST
                VALUE   (LST)  VALUE       VALUE  FROM      YEAR
                                                  NORMAL
..................................................................
TEMPERATURE (F)
 YESTERDAY
  MAXIMUM         59    426 PM  71    1951  46     13       51
  MINIMUM         19    751 AM  -1    1994  29    -10       40
  AVERAGE         39                        38      1       46

PRECIPITATION (IN)
  YESTERDAY        0.00          1.25 2002   0.11  -0.11     0.44
  MONTH TO DATE    1.21                      2.17  -0.96     2.49
  SINCE DEC 1      1.95                      5.44  -3.49     4.11
  SINCE JAN 1      1.21                      2.17  -0.96     2.49

SNOWFALL (IN)
  YESTERDAY        0.0                                       0.0
  MONTH TO DATE    8.8                                       8.8
  SINCE DEC 1     13.7                                       8.8
  SINCE JUL 1     13.7                                       8.8
  SNOW DEPTH       0

DEGREE DAYS
 HEATING
  YESTERDAY       26                        27     -1       19
  MONTH TO DATE  460                       551    -91      482
  SINCE DEC 1   1242                      1324    -82     1216
  SINCE JUL 1   1964                      2033    -69     1786

 COOLING
  YESTERDAY        0                         0      0        0
  MONTH TO DATE    0                         0      0        0
  SINCE DEC 1      0                         0      0        0
  SINCE JAN 1      0                         0      0        0
..................................................................


WIND (MPH)
  HIGHEST WIND SPEED    15   HIGHEST WIND DIRECTION     W (260)
  HIGHEST GUST SPEED    19   HIGHEST GUST DIRECTION     W (270)
  AVERAGE WIND SPEED     6.9


SKY COVER
  AVERAGE SKY COVER 0.0


WEATHER CONDITIONS
 THE FOLLOWING WEATHER WAS RECORDED YESTERDAY.
  NO SIGNIFICANT WEATHER WAS OBSERVED.


RELATIVE HUMIDITY (PERCENT)
 HIGHEST    85          1000 PM
 LOWEST     47           200 PM
 AVERAGE    66

..........................................................


THE DANVILLE VA CLIMATE NORMALS FOR TODAY
                         NORMAL    RECORD    YEAR
 MAXIMUM TEMPERATURE (F)   46        68      1959
 MINIMUM TEMPERATURE (F)   29        -5      1985


SUNRISE AND SUNSET
JANUARY 21 2018.......SUNRISE   726 AM EST   SUNSET   532 PM EST
JANUARY 22 2018.......SUNRISE   726 AM EST   SUNSET   533 PM EST


-  INDICATES NEGATIVE NUMBERS.
R  INDICATES RECORD WAS SET OR TIED.
MM INDICATES DATA IS MISSING.
T  INDICATES TRACE AMOUNT.

REMARKS:
DUE TO MISSING DATA FROM JANUARY 4-9...ALL INFORMATION WILL BE
CALCULATED WITHOUT DATA FROM THESE DATES.

$$
