000
CDUS41 KILN 260602
CLIDAY


CLIMATE REPORT
NATIONAL WEATHER SERVICE WILMINGTON OH
202 AM EDT SAT JUL 26 2014


...................................

...THE DAYTON OH CLIMATE SUMMARY FOR JULY 25 2014...

CLIMATE NORMAL PERIOD 1981 TO 2010
CLIMATE RECORD PERIOD 1869 TO 2014


WEATHER ITEM   OBSERVED TIME   RECORD YEAR NORMAL DEPARTURE LAST
                VALUE   (LST)  VALUE       VALUE  FROM      YEAR
                                                  NORMAL
..................................................................
TEMPERATURE (F)
 YESTERDAY
  MAXIMUM         77    419 PM 104    1934  84     -7       77
  MINIMUM         52    530 AM  50    1906  64    -12       52
                                      1904
  AVERAGE         65                        74     -9       65

PRECIPITATION (IN)
  YESTERDAY        T             1.56 1908   0.13  -0.13     0.00
  MONTH TO DATE    3.16                      3.43  -0.27     2.32
  SINCE JUN 1      6.69                      7.60  -0.91     5.44
  SINCE JAN 1     24.77                     24.64   0.13    19.74

SNOWFALL (IN)
  YESTERDAY        0.0           0.0    MM   0.0    0.0      0.0
  MONTH TO DATE    0.0                       0.0    0.0      0.0
  SINCE JUN 1      0.0                       0.0    0.0      0.0
  SINCE JUL 1      0.0                       0.0    0.0      0.0
  SNOW DEPTH       0

DEGREE DAYS
 HEATING
  YESTERDAY        0                         0      0        0
  MONTH TO DATE    2                         0      2        0
  SINCE JUN 1      4                        22    -18       11
  SINCE JUL 1      2                         0      2        0

 COOLING
  YESTERDAY        0                         9     -9        0
  MONTH TO DATE  161                       225    -64      272
  SINCE JUN 1    424                       415      9      480
  SINCE JAN 1    553                       485     68      611
..................................................................


WIND (MPH)
  RESULTANT WIND SPEED   1   RESULTANT WIND DIRECTION   S (200)
  HIGHEST WIND SPEED    12   HIGHEST WIND DIRECTION    SW (240)
  HIGHEST GUST SPEED    26   HIGHEST GUST DIRECTION    SE (140)
  AVERAGE WIND SPEED     3.0



WEATHER CONDITIONS
 THE FOLLOWING WEATHER WAS RECORDED YESTERDAY.
  NO SIGNIFICANT WEATHER WAS OBSERVED.


RELATIVE HUMIDITY (PERCENT)
 HIGHEST    89           600 AM
 LOWEST     46           100 PM
 AVERAGE    68

..........................................................


THE DAYTON OH CLIMATE NORMALS FOR TODAY
                         NORMAL    RECORD    YEAR
 MAXIMUM TEMPERATURE (F)   84       101      1901
 MINIMUM TEMPERATURE (F)   64        52      1977
                                             1962
                                             1911


SUNRISE AND SUNSET
JULY 26 2014..........SUNRISE   630 AM EDT   SUNSET   856 PM EDT
JULY 27 2014..........SUNRISE   631 AM EDT   SUNSET   855 PM EDT


-  INDICATES NEGATIVE NUMBERS.
R  INDICATES RECORD WAS SET OR TIED.
MM INDICATES DATA IS MISSING.
T  INDICATES TRACE AMOUNT.




$$
