000
CDUS41 KILN 030637
CLIDAY


CLIMATE REPORT
NATIONAL WEATHER SERVICE WILMINGTON OH
233 AM EDT THU SEP 3 2015


...................................

...THE DAYTON OH CLIMATE SUMMARY FOR SEPTEMBER 2 2015...

CLIMATE NORMAL PERIOD 1981 TO 2010
CLIMATE RECORD PERIOD 1869 TO 2015


WEATHER ITEM   OBSERVED TIME   RECORD YEAR NORMAL DEPARTURE LAST
                VALUE   (LST)  VALUE       VALUE  FROM      YEAR
                                                  NORMAL
..................................................................
TEMPERATURE (F)
 YESTERDAY
  MAXIMUM         89    309 PM  99    1953  81      8       80
  MINIMUM         67    453 AM  40    1909  60      7       67
  AVERAGE         78                        70      8       74

PRECIPITATION (IN)
  YESTERDAY        T             1.48 1993   0.12  -0.12     0.26
  MONTH TO DATE    T                         0.23  -0.23     0.26
  SINCE SEP 1      T                         0.23  -0.23     0.26
  SINCE JAN 1     29.74                     28.54   1.20    28.16

SNOWFALL (IN)
  YESTERDAY        0.0           0.0         0.0    0.0      0.0
  MONTH TO DATE    0.0                       0.0    0.0      0.0
  SINCE SEP 1      0.0                       0.0    0.0      0.0
  SINCE JUL 1      0.0                       0.0    0.0      0.0
  SNOW DEPTH       0

DEGREE DAYS
 HEATING
  YESTERDAY        0                         1     -1        0
  MONTH TO DATE    0                         2     -2        0
  SINCE SEP 1      0                         2     -2        0
  SINCE JUL 1      9                         4      5        7

 COOLING
  YESTERDAY       13                         6      7        9
  MONTH TO DATE   25                        12     13       23
  SINCE SEP 1     25                        12     13       23
  SINCE JAN 1    926                       794    132      893
..................................................................


WIND (MPH)
  RESULTANT WIND SPEED   5   RESULTANT WIND DIRECTION  SW (230)
  HIGHEST WIND SPEED    16   HIGHEST WIND DIRECTION    SE (150)
  HIGHEST GUST SPEED    20   HIGHEST GUST DIRECTION    SE (150)
  AVERAGE WIND SPEED     6.7



WEATHER CONDITIONS
 THE FOLLOWING WEATHER WAS RECORDED YESTERDAY.
  THUNDERSTORM
  LIGHT RAIN


RELATIVE HUMIDITY (PERCENT)
 HIGHEST    93           400 AM
 LOWEST     50           300 PM
 AVERAGE    72

..........................................................


THE DAYTON OH CLIMATE NORMALS FOR TODAY
                         NORMAL    RECORD    YEAR
 MAXIMUM TEMPERATURE (F)   80        97      2011
                                             1925
                                             1913
 MINIMUM TEMPERATURE (F)   60        42      1908


SUNRISE AND SUNSET
SEPTEMBER  3 2015.....SUNRISE   706 AM EDT   SUNSET   805 PM EDT
SEPTEMBER  4 2015.....SUNRISE   707 AM EDT   SUNSET   804 PM EDT


-  INDICATES NEGATIVE NUMBERS.
R  INDICATES RECORD WAS SET OR TIED.
MM INDICATES DATA IS MISSING.
T  INDICATES TRACE AMOUNT.




$$
