000
CDUS41 KILN 230529
CLIDAY


CLIMATE REPORT
NATIONAL WEATHER SERVICE WILMINGTON OH
128 AM EDT SAT JUL 23 2016


...................................

...THE DAYTON OH CLIMATE SUMMARY FOR JULY 22 2016...

CLIMATE NORMAL PERIOD 1981 TO 2010
CLIMATE RECORD PERIOD 1869 TO 2016


WEATHER ITEM   OBSERVED TIME   RECORD YEAR NORMAL DEPARTURE LAST
                VALUE   (LST)  VALUE       VALUE  FROM      YEAR
                                                  NORMAL
..................................................................
TEMPERATURE (F)
 YESTERDAY
  MAXIMUM         85    553 PM 108    1901  84      1       79
  MINIMUM         70   1252 AM  50    2007  65      5       56
  AVERAGE         78                        74      4       68

PRECIPITATION (IN)
  YESTERDAY        0.06          1.59 2008   0.13  -0.07     0.00
  MONTH TO DATE    2.49                      3.04  -0.55     3.41
  SINCE JUN 1      6.09                      7.21  -1.12    11.29
  SINCE JAN 1     22.31                     24.25  -1.94    26.61

SNOWFALL (IN)
  YESTERDAY        0.0           0.0         0.0    0.0      0.0
  MONTH TO DATE    0.0                       0.0    0.0      0.0
  SINCE JUN 1      0.0                       0.0    0.0      0.0
  SINCE JUL 1      0.0                       0.0    0.0      0.0
  SNOW DEPTH       0

DEGREE DAYS
 HEATING
  YESTERDAY        0                         0      0        0
  MONTH TO DATE    3                         0      3        0
  SINCE JUN 1      7                        22    -15       20
  SINCE JUL 1      3                         0      3        0

 COOLING
  YESTERDAY       13                         9      4        3
  MONTH TO DATE  207                       198      9      179
  SINCE JUN 1    448                       388     60      433
  SINCE JAN 1    527                       458     69      608
..................................................................


WIND (MPH)
  RESULTANT WIND SPEED   6   RESULTANT WIND DIRECTION   S (200)
  HIGHEST WIND SPEED    15   HIGHEST WIND DIRECTION     S (200)
  HIGHEST GUST SPEED    18   HIGHEST GUST DIRECTION    SW (230)
  AVERAGE WIND SPEED     8.6



WEATHER CONDITIONS
 THE FOLLOWING WEATHER WAS RECORDED YESTERDAY.
  THUNDERSTORM
  RAIN
  LIGHT RAIN
  HAZE


RELATIVE HUMIDITY (PERCENT)
 HIGHEST    90          1200 AM
 LOWEST     70           500 PM
 AVERAGE    80

..........................................................


THE DAYTON OH CLIMATE NORMALS FOR TODAY
                         NORMAL    RECORD    YEAR
 MAXIMUM TEMPERATURE (F)   84       100      1933
 MINIMUM TEMPERATURE (F)   65        52      1985


SUNRISE AND SUNSET
JULY 23 2016..........SUNRISE   628 AM EDT   SUNSET   858 PM EDT
JULY 24 2016..........SUNRISE   629 AM EDT   SUNSET   857 PM EDT


-  INDICATES NEGATIVE NUMBERS.
R  INDICATES RECORD WAS SET OR TIED.
MM INDICATES DATA IS MISSING.
T  INDICATES TRACE AMOUNT.




$$
