000
CDUS41 KILN 240538
CLIDAY


CLIMATE REPORT
NATIONAL WEATHER SERVICE WILMINGTON OH
128 AM EDT FRI MAR 24 2017


...................................

...THE DAYTON OH CLIMATE SUMMARY FOR MARCH 23 2017...

CLIMATE NORMAL PERIOD 1981 TO 2010
CLIMATE RECORD PERIOD 1869 TO 2017


WEATHER ITEM   OBSERVED TIME   RECORD YEAR NORMAL DEPARTURE LAST
                VALUE   (LST)  VALUE       VALUE  FROM      YEAR
                                                  NORMAL
..................................................................
TEMPERATURE (F)
 YESTERDAY
  MAXIMUM         54    550 PM  83    1907  53      1       63
  MINIMUM         23    449 AM   8    1906  33    -10       51
  AVERAGE         39                        43     -4       57

PRECIPITATION (IN)
  YESTERDAY        0.00          1.86 2007   0.11  -0.11     0.00
  MONTH TO DATE    4.04                      2.35   1.69     3.25
  SINCE MAR 1      4.04                      2.35   1.69     3.25
  SINCE JAN 1      8.98                      7.30   1.68     8.07

SNOWFALL (IN)
  YESTERDAY        0.0           2.7  1974   0.1   -0.1      0.0
  MONTH TO DATE    1.3                       2.9   -1.6      1.4
  SINCE MAR 1      1.3                       2.9   -1.6      1.4
  SINCE JUL 1      8.5                      22.2  -13.7     12.0
  SNOW DEPTH       0

DEGREE DAYS
 HEATING
  YESTERDAY       26                        22      4        8
  MONTH TO DATE  664                       601     63      413
  SINCE MAR 1    664                       601     63      413
  SINCE JUL 1   4094                      4876   -782     3954

 COOLING
  YESTERDAY        0                         0      0        0
  MONTH TO DATE    0                         0      0        0
  SINCE MAR 1      0                         0      0        0
  SINCE JAN 1      0                         0      0        0
..................................................................


WIND (MPH)
  RESULTANT WIND SPEED   9   RESULTANT WIND DIRECTION  SE (120)
  HIGHEST WIND SPEED    20   HIGHEST WIND DIRECTION    SE (140)
  HIGHEST GUST SPEED    23   HIGHEST GUST DIRECTION    SE (140)
  AVERAGE WIND SPEED    10.7



WEATHER CONDITIONS
 THE FOLLOWING WEATHER WAS RECORDED YESTERDAY.
  NO SIGNIFICANT WEATHER WAS OBSERVED.


RELATIVE HUMIDITY (PERCENT)
 HIGHEST    74           100 AM
 LOWEST     29           500 PM
 AVERAGE    52

..........................................................


THE DAYTON OH CLIMATE NORMALS FOR TODAY
                         NORMAL    RECORD    YEAR
 MAXIMUM TEMPERATURE (F)   53        87      1910
 MINIMUM TEMPERATURE (F)   34         4      1974


SUNRISE AND SUNSET
MARCH 24 2017.........SUNRISE   733 AM EDT   SUNSET   753 PM EDT
MARCH 25 2017.........SUNRISE   732 AM EDT   SUNSET   754 PM EDT


-  INDICATES NEGATIVE NUMBERS.
R  INDICATES RECORD WAS SET OR TIED.
MM INDICATES DATA IS MISSING.
T  INDICATES TRACE AMOUNT.




$$
