000
CDUS41 KILN 020544
CLIDAY


CLIMATE REPORT
NATIONAL WEATHER SERVICE WILMINGTON OH
143 AM EDT SUN AUG 2 2015


...................................

...THE DAYTON OH CLIMATE SUMMARY FOR AUGUST 1 2015...

CLIMATE NORMAL PERIOD 1981 TO 2010
CLIMATE RECORD PERIOD 1869 TO 2015


WEATHER ITEM   OBSERVED TIME   RECORD YEAR NORMAL DEPARTURE LAST
                VALUE   (LST)  VALUE       VALUE  FROM      YEAR
                                                  NORMAL
..................................................................
TEMPERATURE (F)
 YESTERDAY
  MAXIMUM         82    408 PM  96    1935  83     -1       84
                                      1894
  MINIMUM         61    439 AM  52    1903  64     -3       60
  AVERAGE         72                        74     -2       72

PRECIPITATION (IN)
  YESTERDAY        0.00          2.19 1953   0.10  -0.10     0.00
  MONTH TO DATE    0.00                      0.10  -0.10     0.00
  SINCE JUN 1     12.48                      8.38   4.10     6.76
  SINCE JAN 1     27.80                     25.42   2.38    24.84

SNOWFALL (IN)
  YESTERDAY        0.0           0.0    MM   0.0    0.0      0.0
  MONTH TO DATE    0.0                       0.0    0.0      0.0
  SINCE JUN 1      0.0                       0.0    0.0      0.0
  SINCE JUL 1      0.0                       0.0    0.0      0.0
  SNOW DEPTH       0

DEGREE DAYS
 HEATING
  YESTERDAY        0                         0      0        0
  MONTH TO DATE    0                         0      0        0
  SINCE JUN 1     20                        22     -2        6
  SINCE JUL 1      0                         0      0        4

 COOLING
  YESTERDAY        7                         9     -2        7
  MONTH TO DATE    7                         9     -2        7
  SINCE JUN 1    540                       478     62      462
  SINCE JAN 1    715                       548    167      591
..................................................................


WIND (MPH)
  RESULTANT WIND SPEED   6   RESULTANT WIND DIRECTION  NW (300)
  HIGHEST WIND SPEED    16   HIGHEST WIND DIRECTION    NW (330)
  HIGHEST GUST SPEED    20   HIGHEST GUST DIRECTION    NW (320)
  AVERAGE WIND SPEED     7.5



WEATHER CONDITIONS
 THE FOLLOWING WEATHER WAS RECORDED YESTERDAY.
  NO SIGNIFICANT WEATHER WAS OBSERVED.


RELATIVE HUMIDITY (PERCENT)
 HIGHEST    87           200 AM
 LOWEST     40           400 PM
 AVERAGE    64

..........................................................


THE DAYTON OH CLIMATE NORMALS FOR TODAY
                         NORMAL    RECORD    YEAR
 MAXIMUM TEMPERATURE (F)   83        98      1899
 MINIMUM TEMPERATURE (F)   64        49      1965


SUNRISE AND SUNSET
AUGUST  2 2015........SUNRISE   636 AM EDT   SUNSET   849 PM EDT
AUGUST  3 2015........SUNRISE   637 AM EDT   SUNSET   848 PM EDT


-  INDICATES NEGATIVE NUMBERS.
R  INDICATES RECORD WAS SET OR TIED.
MM INDICATES DATA IS MISSING.
T  INDICATES TRACE AMOUNT.




$$
