000
CDUS41 KILN 040617
CLIDAY


CLIMATE REPORT
NATIONAL WEATHER SERVICE WILMINGTON OH
116 AM EST WED MAR 4 2015


...................................

...THE DAYTON OH CLIMATE SUMMARY FOR MARCH 3 2015...

CLIMATE NORMAL PERIOD 1981 TO 2010
CLIMATE RECORD PERIOD 1869 TO 2015


WEATHER ITEM   OBSERVED TIME   RECORD YEAR NORMAL DEPARTURE LAST
                VALUE   (LST)  VALUE       VALUE  FROM      YEAR
                                                  NORMAL
..................................................................
TEMPERATURE (F)
 YESTERDAY
  MAXIMUM         44    548 PM  77    1976  44      0       16
  MINIMUM         22    103 AM   0    1980  27     -5        5
                                      1943
  AVERAGE         33                        36     -3       11

PRECIPITATION (IN)
  YESTERDAY        0.28          1.21 1953   0.09   0.19     0.00
  MONTH TO DATE    0.71                      0.26   0.45     0.24
  SINCE MAR 1      0.71                      0.26   0.45     0.24
  SINCE JAN 1      5.07                      5.21  -0.14     5.22

SNOWFALL (IN)
  YESTERDAY        0.0           4.0  1960   0.2   -0.2      0.0
  MONTH TO DATE    4.5                       0.5    4.0      2.7
  SINCE MAR 1      4.5                       0.5    4.0      2.7
  SINCE JUL 1     26.5                      19.8    6.7     48.1
  SNOW DEPTH       7

DEGREE DAYS
 HEATING
  YESTERDAY       32                        29      3       54
  MONTH TO DATE  112                        89     23      123
  SINCE MAR 1    112                        89     23      123
  SINCE JUL 1   4675                      4364    311     4722

 COOLING
  YESTERDAY        0                         0      0        0
  MONTH TO DATE    0                         0      0        0
  SINCE MAR 1      0                         0      0        0
  SINCE JAN 1      0                         0      0        0
..................................................................


WIND (MPH)
  RESULTANT WIND SPEED   6   RESULTANT WIND DIRECTION   S (170)
  HIGHEST WIND SPEED    21   HIGHEST WIND DIRECTION     W (260)
  HIGHEST GUST SPEED    25   HIGHEST GUST DIRECTION     W (250)
  AVERAGE WIND SPEED    12.2



WEATHER CONDITIONS
 THE FOLLOWING WEATHER WAS RECORDED YESTERDAY.
  LIGHT RAIN
  LT FREEZING RAIN
  FOG
  HAZE


RELATIVE HUMIDITY (PERCENT)
 HIGHEST   100           300 PM
 LOWEST     63           800 AM
 AVERAGE    82

..........................................................


THE DAYTON OH CLIMATE NORMALS FOR TODAY
                         NORMAL    RECORD    YEAR
 MAXIMUM TEMPERATURE (F)   45        77      1976
 MINIMUM TEMPERATURE (F)   27         1      2002


SUNRISE AND SUNSET
MARCH  4 2015.........SUNRISE   706 AM EST   SUNSET   632 PM EST
MARCH  5 2015.........SUNRISE   704 AM EST   SUNSET   633 PM EST


-  INDICATES NEGATIVE NUMBERS.
R  INDICATES RECORD WAS SET OR TIED.
MM INDICATES DATA IS MISSING.
T  INDICATES TRACE AMOUNT.




$$
