000
CDUS41 KILN 210540
CLIDAY


CLIMATE REPORT
NATIONAL WEATHER SERVICE WILMINGTON OH
1229 AM EST TUE FEB 21 2017


...................................

...THE DAYTON OH CLIMATE SUMMARY FOR FEBRUARY 20 2017...

CLIMATE NORMAL PERIOD 1981 TO 2010
CLIMATE RECORD PERIOD 1869 TO 2017


WEATHER ITEM   OBSERVED TIME   RECORD YEAR NORMAL DEPARTURE LAST
                VALUE   (LST)  VALUE       VALUE  FROM      YEAR
                                                  NORMAL
..................................................................
TEMPERATURE (F)
 YESTERDAY
  MAXIMUM         65    335 PM  69    2016  40     25       69
  MINIMUM         34    614 AM  -6    1904  24     10       46
  AVERAGE         50                        32     18       58

PRECIPITATION (IN)
  YESTERDAY        0.00          2.58 1951   0.08  -0.08     0.00
  MONTH TO DATE    1.00                      1.59  -0.59     1.46
  SINCE DEC 1      7.41                      7.42  -0.01     7.35
  SINCE JAN 1      4.42                      4.30   0.12     2.96

SNOWFALL (IN)
  YESTERDAY        0.0           5.6  2008   0.2   -0.2      0.0
  MONTH TO DATE    1.2                       4.3   -3.1      4.1
  SINCE DEC 1      7.2                      16.7   -9.5      9.1
  SINCE JUL 1      7.2                      17.7  -10.5      9.1
  SNOW DEPTH       0

DEGREE DAYS
 HEATING
  YESTERDAY       15                        33    -18        7
  MONTH TO DATE  532                       700   -168      688
  SINCE DEC 1   2543                      2912   -369     2483
  SINCE JUL 1   3316                      4023   -707     3319

 COOLING
  YESTERDAY        0                         0      0        0
  MONTH TO DATE    0                         0      0        0
  SINCE DEC 1      0                         0      0        0
  SINCE JAN 1      0                         0      0        0
..................................................................


WIND (MPH)
  RESULTANT WIND SPEED   5   RESULTANT WIND DIRECTION  SE (130)
  HIGHEST WIND SPEED    14   HIGHEST WIND DIRECTION    SE (130)
  HIGHEST GUST SPEED    20   HIGHEST GUST DIRECTION    SE (150)
  AVERAGE WIND SPEED     6.0



WEATHER CONDITIONS
 THE FOLLOWING WEATHER WAS RECORDED YESTERDAY.
  FOG
  FOG W/VISIBILITY <= 1/4 MILE
  HAZE


RELATIVE HUMIDITY (PERCENT)
 HIGHEST   100           100 AM
 LOWEST     43           500 PM
 AVERAGE    72

..........................................................


THE DAYTON OH CLIMATE NORMALS FOR TODAY
                         NORMAL    RECORD    YEAR
 MAXIMUM TEMPERATURE (F)   41        68      1930
 MINIMUM TEMPERATURE (F)   24        -4      2008
                                             1963


SUNRISE AND SUNSET
FEBRUARY 21 2017......SUNRISE   721 AM EST   SUNSET   620 PM EST
FEBRUARY 22 2017......SUNRISE   720 AM EST   SUNSET   621 PM EST


-  INDICATES NEGATIVE NUMBERS.
R  INDICATES RECORD WAS SET OR TIED.
MM INDICATES DATA IS MISSING.
T  INDICATES TRACE AMOUNT.




$$
