000
CDUS43 KDVN 232127
CLIDBQ


CLIMATE REPORT
NATIONAL WEATHER SERVICE QUAD CITIES IA IL
424 PM CDT TUE AUG 23 2016


...................................

...THE DUBUQUE IA CLIMATE SUMMARY FOR AUGUST 23 2016...
VALID TODAY AS OF 0400 PM LOCAL TIME.

CLIMATE NORMAL PERIOD 1981 TO 2010
CLIMATE RECORD PERIOD 1873 TO 2016


WEATHER ITEM   OBSERVED TIME   RECORD YEAR NORMAL DEPARTURE LAST
                VALUE   (LST)  VALUE       VALUE  FROM      YEAR
                                                  NORMAL
..................................................................
TEMPERATURE (F)
 TODAY
  MAXIMUM         79    239 PM  97    1948  79      0       72
                                      1947
  MINIMUM         59    537 AM  44    1875  60     -1       52
  AVERAGE         69                        69      0       62

PRECIPITATION (IN)
  TODAY            0.00          2.80 1928   0.14  -0.14     0.08
  MONTH TO DATE    3.03                      3.33  -0.30     1.31
  SINCE JUN 1     17.49                     12.04   5.45    10.85
  SINCE JAN 1     28.44                     24.91   3.53    21.62

SNOWFALL (IN)
  TODAY            0.0          MM      MM   0.0    0.0      0.0
  MONTH TO DATE    0.0                       0.0    0.0      0.0
  SINCE JUN 1      0.0                       0.0    0.0       T
  SINCE JUL 1      0.0                       0.0    0.0      0.0
  SNOW DEPTH       0

DEGREE DAYS
 HEATING
  TODAY            0                         1     -1        3
  MONTH TO DATE    2                         8     -6        7
  SINCE JUN 1     20                        56    -36       43
  SINCE JUL 1      7                        16     -9       20

 COOLING
  TODAY            4                         5     -1        0
  MONTH TO DATE  173                       140     33      138
  SINCE JUN 1    572                       503     69      450
  SINCE JAN 1    623                       540     83      486
..................................................................


WIND (MPH)
  HIGHEST WIND SPEED    21   HIGHEST WIND DIRECTION     S (180)
  HIGHEST GUST SPEED    27   HIGHEST GUST DIRECTION     S (190)
  AVERAGE WIND SPEED    11.0


SKY COVER
  POSSIBLE SUNSHINE  MM
  AVERAGE SKY COVER 0.1


WEATHER CONDITIONS
 THE FOLLOWING WEATHER WAS RECORDED TODAY.
  NO SIGNIFICANT WEATHER WAS OBSERVED.


RELATIVE HUMIDITY (PERCENT)
 HIGHEST    93           500 AM
 LOWEST     60           200 PM
 AVERAGE    77

..........................................................


THE DUBUQUE IA CLIMATE NORMALS FOR TOMORROW
                         NORMAL    RECORD    YEAR
 MAXIMUM TEMPERATURE (F)   79        99      1947
                                             1916
 MINIMUM TEMPERATURE (F)   60        43      1875


SUNRISE AND SUNSET
AUGUST 23 2016........SUNRISE   619 AM CDT   SUNSET   751 PM CDT
AUGUST 24 2016........SUNRISE   620 AM CDT   SUNSET   749 PM CDT


-  INDICATES NEGATIVE NUMBERS.
R  INDICATES RECORD WAS SET OR TIED.
MM INDICATES DATA IS MISSING.
T  INDICATES TRACE AMOUNT.




$$
