000
CDUS43 KDVN 302123
CLIDBQ


CLIMATE REPORT
NATIONAL WEATHER SERVICE QUAD CITIES IA IL
422 PM CDT THU MAR 30 2017


...................................

...THE DUBUQUE IA CLIMATE SUMMARY FOR MARCH 30 2017...
VALID TODAY AS OF 0400 PM LOCAL TIME.

CLIMATE NORMAL PERIOD 1981 TO 2010
CLIMATE RECORD PERIOD 1873 TO 2017


WEATHER ITEM   OBSERVED TIME   RECORD YEAR NORMAL DEPARTURE LAST
                VALUE   (LST)  VALUE       VALUE  FROM      YEAR
                                                  NORMAL
..................................................................
TEMPERATURE (F)
 TODAY
  MAXIMUM         40    547 AM  81    1943  51    -11       67
  MINIMUM         38    203 PM   4    1964  32      6       43
  AVERAGE         39                        42     -3       55

PRECIPITATION (IN)
  TODAY            0.54          2.54 1998   0.10   0.44     0.13
  MONTH TO DATE    2.13                      2.31  -0.18     2.89
  SINCE MAR 1      2.13                      2.31  -0.18     2.89
  SINCE JAN 1      5.94                      4.92   1.02     3.97

SNOWFALL (IN)
  TODAY            0.0          MM      MM   0.2   -0.2      0.0
  MONTH TO DATE    4.5                       6.2   -1.7      2.8
  SINCE MAR 1      4.5                       6.2   -1.7      2.8
  SINCE JUL 1     27.1                      39.8  -12.7     34.3
  SNOW DEPTH       0

DEGREE DAYS
 HEATING
  TODAY           26                        24      2       10
  MONTH TO DATE  862                       895    -33      725
  SINCE MAR 1    862                       895    -33      725
  SINCE JUL 1   5343                      6288   -945     5202

 COOLING
  TODAY            0                         0      0        0
  MONTH TO DATE    0                         0      0        0
  SINCE MAR 1      0                         0      0        0
  SINCE JAN 1      0                         0      0        0
..................................................................


WIND (MPH)
  HIGHEST WIND SPEED    28   HIGHEST WIND DIRECTION    NE (50)
  HIGHEST GUST SPEED    35   HIGHEST GUST DIRECTION    NE (40)
  AVERAGE WIND SPEED    17.5


SKY COVER
  POSSIBLE SUNSHINE  MM
  AVERAGE SKY COVER 0.9


WEATHER CONDITIONS
 THE FOLLOWING WEATHER WAS RECORDED TODAY.
  RAIN
  LIGHT RAIN
  FOG


RELATIVE HUMIDITY (PERCENT)
 HIGHEST   100           800 AM
 LOWEST     92           100 AM
 AVERAGE    96

..........................................................


THE DUBUQUE IA CLIMATE NORMALS FOR TOMORROW
                         NORMAL    RECORD    YEAR
 MAXIMUM TEMPERATURE (F)   52        79      1986
 MINIMUM TEMPERATURE (F)   32         8      1969


SUNRISE AND SUNSET
MARCH 30 2017.........SUNRISE   648 AM CDT   SUNSET   727 PM CDT
MARCH 31 2017.........SUNRISE   646 AM CDT   SUNSET   728 PM CDT


-  INDICATES NEGATIVE NUMBERS.
R  INDICATES RECORD WAS SET OR TIED.
MM INDICATES DATA IS MISSING.
T  INDICATES TRACE AMOUNT.




$$
