000
CDUS43 KDVN 292128
CLIDBQ


CLIMATE REPORT
NATIONAL WEATHER SERVICE QUAD CITIES IA IL
426 PM CDT FRI MAY 29 2015


...................................

...THE DUBUQUE IA CLIMATE SUMMARY FOR MAY 29 2015...
VALID TODAY AS OF 0400 PM LOCAL TIME.

CLIMATE NORMAL PERIOD 1981 TO 2010
CLIMATE RECORD PERIOD 1873 TO 2015


WEATHER ITEM   OBSERVED TIME   RECORD YEAR NORMAL DEPARTURE LAST
                VALUE   (LST)  VALUE       VALUE  FROM      YEAR
                                                  NORMAL
..................................................................
TEMPERATURE (F)
 TODAY
  MAXIMUM         77    100 PM  97    1934  73      4       81
  MINIMUM         63    536 AM  31    1965  53     10       55
  AVERAGE         70                        63      7       68

PRECIPITATION (IN)
  TODAY            0.18          3.55 1962   0.13   0.05     0.00
  MONTH TO DATE    5.71                      3.90   1.81     2.27
  SINCE MAR 1      8.41                      9.97  -1.56     9.40
  SINCE JAN 1     10.70                     12.58  -1.88    11.88

SNOWFALL (IN)
  TODAY            0.0          MM      MM   0.0    0.0      0.0
  MONTH TO DATE    0.0                       0.1   -0.1       T
  SINCE MAR 1      4.1                       8.4   -4.3     11.6
  SINCE JUL 1     33.7                      42.0   -8.3     63.3
  SNOW DEPTH       0

DEGREE DAYS
 HEATING
  TODAY            0                         4     -4        0
  MONTH TO DATE  163                       217    -54      224
  SINCE MAR 1   1518                      1645   -127     1948
  SINCE JUL 1   7366                      7038    328     8324

 COOLING
  TODAY            5                         2      3        3
  MONTH TO DATE   36                        28      8       41
  SINCE MAR 1     36                        33      3       41
  SINCE JAN 1     36                        33      3       41
..................................................................


WIND (MPH)
  HIGHEST WIND SPEED    20   HIGHEST WIND DIRECTION     W (270)
  HIGHEST GUST SPEED    27   HIGHEST GUST DIRECTION     W (280)
  AVERAGE WIND SPEED     8.1


SKY COVER
  POSSIBLE SUNSHINE  MM
  AVERAGE SKY COVER 0.8


WEATHER CONDITIONS
 THE FOLLOWING WEATHER WAS RECORDED TODAY.
  THUNDERSTORM
  LIGHT RAIN
  FOG


RELATIVE HUMIDITY (PERCENT)
 HIGHEST   100           400 AM
 LOWEST     74           100 PM
 AVERAGE    87

..........................................................


THE DUBUQUE IA CLIMATE NORMALS FOR TOMORROW
                         NORMAL    RECORD    YEAR
 MAXIMUM TEMPERATURE (F)   74        94      1934
 MINIMUM TEMPERATURE (F)   53        37      1965


SUNRISE AND SUNSET
MAY 29 2015...........SUNRISE   530 AM CDT   SUNSET   831 PM CDT
MAY 30 2015...........SUNRISE   530 AM CDT   SUNSET   831 PM CDT


-  INDICATES NEGATIVE NUMBERS.
R  INDICATES RECORD WAS SET OR TIED.
MM INDICATES DATA IS MISSING.
T  INDICATES TRACE AMOUNT.




$$
