000
CDUS43 KDVN 200918
CLIDBQ


CLIMATE REPORT
NATIONAL WEATHER SERVICE QUAD CITIES IA IL
417 AM CDT MON OCT 20 2014


...................................

...THE DUBUQUE IA CLIMATE SUMMARY FOR OCTOBER 19 2014...

CLIMATE NORMAL PERIOD 1981 TO 2010
CLIMATE RECORD PERIOD 1873 TO 2014


WEATHER ITEM   OBSERVED TIME   RECORD YEAR NORMAL DEPARTURE LAST
                VALUE   (LST)  VALUE       VALUE  FROM      YEAR
                                                  NORMAL
..................................................................
TEMPERATURE (F)
 YESTERDAY
  MAXIMUM         58    432 PM  83    1953  59     -1       51
  MINIMUM         31    649 AM  18    1972  39     -8       30
  AVERAGE         45                        49     -4       41

PRECIPITATION (IN)
  YESTERDAY        0.00          1.71 1937   0.09  -0.09     0.06
  MONTH TO DATE    2.78                      1.63   1.15     1.35
  SINCE SEP 1      4.92                      5.09  -0.17     3.72
  SINCE JAN 1     35.07                     31.07   4.00    34.41

SNOWFALL (IN)
  YESTERDAY        0.0          MM      MM   0.0    0.0      0.0
  MONTH TO DATE    T                         0.0    0.0      0.0
  SINCE SEP 1      T                         0.0    0.0      0.0
  SINCE JUL 1      T                         0.0    0.0      0.0
  SNOW DEPTH       0

DEGREE DAYS
 HEATING
  YESTERDAY       20                        16      4       24
  MONTH TO DATE  293                       250     43      194
  SINCE SEP 1    464                       401     63      300
  SINCE JUL 1    493                       428     65      332

 COOLING
  YESTERDAY        0                         0      0        0
  MONTH TO DATE    0                         4     -4        8
  SINCE SEP 1     44                        65    -21      104
  SINCE JAN 1    526                       641   -115      640
..................................................................


WIND (MPH)
  HIGHEST WIND SPEED    23   HIGHEST WIND DIRECTION     S (200)
  HIGHEST GUST SPEED    29   HIGHEST GUST DIRECTION    SW (210)
  AVERAGE WIND SPEED    11.9


SKY COVER
  POSSIBLE SUNSHINE  MM
  AVERAGE SKY COVER 0.0


WEATHER CONDITIONS
 THE FOLLOWING WEATHER WAS RECORDED YESTERDAY.
  FOG


RELATIVE HUMIDITY (PERCENT)
 HIGHEST   100           100 AM
 LOWEST     57           300 PM
 AVERAGE    79

..........................................................


THE DUBUQUE IA CLIMATE NORMALS FOR TODAY
                         NORMAL    RECORD    YEAR
 MAXIMUM TEMPERATURE (F)   58        82      1953
 MINIMUM TEMPERATURE (F)   39        22      1972
                                             1952
                                             1930


SUNRISE AND SUNSET
OCTOBER 20 2014.......SUNRISE   722 AM CDT   SUNSET   613 PM CDT
OCTOBER 21 2014.......SUNRISE   723 AM CDT   SUNSET   611 PM CDT


-  INDICATES NEGATIVE NUMBERS.
R  INDICATES RECORD WAS SET OR TIED.
MM INDICATES DATA IS MISSING.
T  INDICATES TRACE AMOUNT.




$$
