000
CDUS43 KDVN 251005
CLIDBQ


CLIMATE REPORT
NATIONAL WEATHER SERVICE QUAD CITIES IA IL
404 AM CST SUN JAN 25 2015


...................................

...THE DUBUQUE IA CLIMATE SUMMARY FOR JANUARY 24 2015...

CLIMATE NORMAL PERIOD 1981 TO 2010
CLIMATE RECORD PERIOD 1873 TO 2015


WEATHER ITEM   OBSERVED TIME   RECORD YEAR NORMAL DEPARTURE LAST
                VALUE   (LST)  VALUE       VALUE  FROM      YEAR
                                                  NORMAL
..................................................................
TEMPERATURE (F)
 YESTERDAY
  MAXIMUM         43    310 PM  59    1967  27     16       32
  MINIMUM         21    512 AM -19    1936  11     10      -13
                                      1904
                                      1897
  AVERAGE         32                        19     13       10

PRECIPITATION (IN)
  YESTERDAY        0.00          0.73 1938   0.04  -0.04     0.05
  MONTH TO DATE    0.45                      0.89  -0.44     0.59
  SINCE DEC 1      1.38                      2.73  -1.35     1.83
  SINCE JAN 1      0.45                      0.89  -0.44     0.59

SNOWFALL (IN)
  YESTERDAY        0.0          MM      MM   0.3   -0.3      0.6
  MONTH TO DATE    6.4                       7.6   -1.2      8.8
  SINCE DEC 1      6.4                      19.4  -13.0     27.2
  SINCE JUL 1      9.9                      22.2  -12.3     31.1
  SNOW DEPTH       1

DEGREE DAYS
 HEATING
  YESTERDAY       33                        46    -13       55
  MONTH TO DATE 1125                      1104     21     1306
  SINCE DEC 1   2269                      2414   -145     2832
  SINCE JUL 1   4051                      3914    137     4431

 COOLING
  YESTERDAY        0                         0      0        0
  MONTH TO DATE    0                         0      0        0
  SINCE DEC 1      0                         0      0        0
  SINCE JAN 1      0                         0      0        0
..................................................................


WIND (MPH)
  HIGHEST WIND SPEED    14   HIGHEST WIND DIRECTION    NW (330)
  HIGHEST GUST SPEED    16   HIGHEST GUST DIRECTION     W (280)
  AVERAGE WIND SPEED     5.3


SKY COVER
  POSSIBLE SUNSHINE  MM
  AVERAGE SKY COVER 0.4


WEATHER CONDITIONS
 THE FOLLOWING WEATHER WAS RECORDED YESTERDAY.
  FOG
  FOG W/VISIBILITY <= 1/4 MILE


RELATIVE HUMIDITY (PERCENT)
 HIGHEST   100           600 AM
 LOWEST     76           200 PM
 AVERAGE    88

..........................................................


THE DUBUQUE IA CLIMATE NORMALS FOR TODAY
                         NORMAL    RECORD    YEAR
 MAXIMUM TEMPERATURE (F)   27        56      2002
                                             1981
                                             1944
 MINIMUM TEMPERATURE (F)   11       -23      1936
                                             1904
                                             1897


SUNRISE AND SUNSET
JANUARY 25 2015.......SUNRISE   723 AM CST   SUNSET   507 PM CST
JANUARY 26 2015.......SUNRISE   722 AM CST   SUNSET   509 PM CST


-  INDICATES NEGATIVE NUMBERS.
R  INDICATES RECORD WAS SET OR TIED.
MM INDICATES DATA IS MISSING.
T  INDICATES TRACE AMOUNT.




$$
