000
CDUS43 KDVN 302129
CLIDBQ


CLIMATE REPORT
NATIONAL WEATHER SERVICE QUAD CITIES IA IL
429 PM CDT THU OCT 30 2014


...................................

...THE DUBUQUE IA CLIMATE SUMMARY FOR OCTOBER 30 2014...
VALID TODAY AS OF 0400 PM LOCAL TIME.

CLIMATE NORMAL PERIOD 1981 TO 2010
CLIMATE RECORD PERIOD 1873 TO 2014


WEATHER ITEM   OBSERVED TIME   RECORD YEAR NORMAL DEPARTURE LAST
                VALUE   (LST)  VALUE       VALUE  FROM      YEAR
                                                  NORMAL
..................................................................
TEMPERATURE (F)
 TODAY
  MAXIMUM         49    259 PM  82    1950  54     -5       58
  MINIMUM         30   1212 AM  10    1925  36     -6       48
  AVERAGE         40                        45     -5       53

PRECIPITATION (IN)
  TODAY            0.00          1.39 1967   0.09  -0.09     0.20
  MONTH TO DATE    3.05                      2.58   0.47     1.60
  SINCE SEP 1      5.19                      6.04  -0.85     3.97
  SINCE JAN 1     35.34                     32.02   3.32    34.66

SNOWFALL (IN)
  TODAY            0.0          MM      MM   0.0    0.0      0.0
  MONTH TO DATE    T                         0.0    0.0       T
  SINCE SEP 1      T                         0.0    0.0       T
  SINCE JUL 1      T                         0.0    0.0       T
  SNOW DEPTH       0

DEGREE DAYS
 HEATING
  TODAY           25                        20      5       12
  MONTH TO DATE  464                       450     14      479
  SINCE SEP 1    635                       601     34      585
  SINCE JUL 1    664                       628     36      617

 COOLING
  TODAY            0                         0      0        0
  MONTH TO DATE    0                         4     -4        8
  SINCE SEP 1     44                        65    -21      104
  SINCE JAN 1    526                       641   -115      640
..................................................................


WIND (MPH)
  HIGHEST WIND SPEED    12   HIGHEST WIND DIRECTION     S (200)
  HIGHEST GUST SPEED    14   HIGHEST GUST DIRECTION    SW (220)
  AVERAGE WIND SPEED     3.5


SKY COVER
  POSSIBLE SUNSHINE  MM
  AVERAGE SKY COVER 0.6


WEATHER CONDITIONS
 THE FOLLOWING WEATHER WAS RECORDED TODAY.
  NO SIGNIFICANT WEATHER WAS OBSERVED.


RELATIVE HUMIDITY (PERCENT)
 HIGHEST    92           500 AM
 LOWEST     66           100 PM
 AVERAGE    79

..........................................................


THE DUBUQUE IA CLIMATE NORMALS FOR TOMORROW
                         NORMAL    RECORD    YEAR
 MAXIMUM TEMPERATURE (F)   53        84      1950
 MINIMUM TEMPERATURE (F)   35        19      1954


SUNRISE AND SUNSET
OCTOBER 30 2014.......SUNRISE   734 AM CDT   SUNSET   559 PM CDT
OCTOBER 31 2014.......SUNRISE   735 AM CDT   SUNSET   557 PM CDT


-  INDICATES NEGATIVE NUMBERS.
R  INDICATES RECORD WAS SET OR TIED.
MM INDICATES DATA IS MISSING.
T  INDICATES TRACE AMOUNT.




$$
