000
CDUS43 KDVN 300859
CLIDBQ


CLIMATE REPORT
NATIONAL WEATHER SERVICE QUAD CITIES IA IL
357 AM CDT FRI SEP 30 2016


...................................

...THE DUBUQUE IA CLIMATE SUMMARY FOR SEPTEMBER 29 2016...

CLIMATE NORMAL PERIOD 1981 TO 2010
CLIMATE RECORD PERIOD 1873 TO 2016


WEATHER ITEM   OBSERVED TIME   RECORD YEAR NORMAL DEPARTURE LAST
                VALUE   (LST)  VALUE       VALUE  FROM      YEAR
                                                  NORMAL
..................................................................
TEMPERATURE (F)
 YESTERDAY
  MAXIMUM         72    318 PM  93    1953  67      5       69
  MINIMUM         50    644 AM  28    1984  46      4       47
  AVERAGE         61                        56      5       58

PRECIPITATION (IN)
  YESTERDAY        0.00          2.18 1878   0.09  -0.09     1.12
  MONTH TO DATE    5.15                      3.36   1.79     4.03
  SINCE SEP 1      5.15                      3.36   1.79     4.03
  SINCE JAN 1     34.31                     29.34   4.97    26.86

SNOWFALL (IN)
  YESTERDAY        0.0          MM      MM   0.0    0.0      0.0
  MONTH TO DATE    0.0                       0.0    0.0      0.0
  SINCE SEP 1      0.0                       0.0    0.0      0.0
  SINCE JUL 1      0.0                       0.0    0.0      0.0
  SNOW DEPTH       0

DEGREE DAYS
 HEATING
  YESTERDAY        4                         9     -5        7
  MONTH TO DATE   43                       142    -99       47
  SINCE SEP 1     43                       142    -99       47
  SINCE JUL 1     50                       169   -119       80

 COOLING
  YESTERDAY        0                         1     -1        0
  MONTH TO DATE   87                        61     26      144
  SINCE SEP 1     87                        61     26      144
  SINCE JAN 1    767                       637    130      637
..................................................................


WIND (MPH)
  HIGHEST WIND SPEED    22   HIGHEST WIND DIRECTION    NE (40)
  HIGHEST GUST SPEED    27   HIGHEST GUST DIRECTION     N (20)
  AVERAGE WIND SPEED    12.7


SKY COVER
  POSSIBLE SUNSHINE  MM
  AVERAGE SKY COVER 0.1


WEATHER CONDITIONS
 THE FOLLOWING WEATHER WAS RECORDED YESTERDAY.
  NO SIGNIFICANT WEATHER WAS OBSERVED.


RELATIVE HUMIDITY (PERCENT)
 HIGHEST    93          1200 AM
 LOWEST     44           100 PM
 AVERAGE    69

..........................................................


THE DUBUQUE IA CLIMATE NORMALS FOR TODAY
                         NORMAL    RECORD    YEAR
 MAXIMUM TEMPERATURE (F)   67        89      1897
 MINIMUM TEMPERATURE (F)   45        24      1899


SUNRISE AND SUNSET
SEPTEMBER 30 2016.....SUNRISE   659 AM CDT   SUNSET   645 PM CDT
OCTOBER  1 2016.......SUNRISE   700 AM CDT   SUNSET   643 PM CDT


-  INDICATES NEGATIVE NUMBERS.
R  INDICATES RECORD WAS SET OR TIED.
MM INDICATES DATA IS MISSING.
T  INDICATES TRACE AMOUNT.




$$
