000
CDUS43 KDVN 271026
CLIDBQ


CLIMATE REPORT
NATIONAL WEATHER SERVICE QUAD CITIES IA IL
424 AM CST THU NOV 27 2014


...................................

...THE DUBUQUE IA CLIMATE SUMMARY FOR NOVEMBER 26 2014...

CLIMATE NORMAL PERIOD 1981 TO 2010
CLIMATE RECORD PERIOD 1873 TO 2014


WEATHER ITEM   OBSERVED TIME   RECORD YEAR NORMAL DEPARTURE LAST
                VALUE   (LST)  VALUE       VALUE  FROM      YEAR
                                                  NORMAL
..................................................................
TEMPERATURE (F)
 YESTERDAY
  MAXIMUM         27    307 PM  67    1914  39    -12       30
  MINIMUM         14   1224 AM -17    1977  23     -9       11
  AVERAGE         21                        31    -10       21

PRECIPITATION (IN)
  YESTERDAY        0.00          1.35 1965   0.07  -0.07     0.00
  MONTH TO DATE    1.18                      2.04  -0.86     1.93
  SINCE SEP 1      6.37                      8.16  -1.79     6.12
  SINCE JAN 1     36.52                     34.14   2.38    36.81

SNOWFALL (IN)
  YESTERDAY        0.0          MM      MM   0.2   -0.2      0.0
  MONTH TO DATE    3.4                       2.0    1.4      3.9
  SINCE SEP 1      3.4                       2.0    1.4      3.9
  SINCE JUL 1      3.4                       2.0    1.4      3.9
  SNOW DEPTH       1

DEGREE DAYS
 HEATING
  YESTERDAY       44                        34     10       44
  MONTH TO DATE  931                       708    223      796
  SINCE SEP 1   1595                      1330    265     1395
  SINCE JUL 1   1624                      1357    267     1427

 COOLING
  YESTERDAY        0                         0      0        0
  MONTH TO DATE    0                         0      0        0
  SINCE SEP 1     44                        67    -23      104
  SINCE JAN 1    526                       643   -117      640
..................................................................


WIND (MPH)
  HIGHEST WIND SPEED    15   HIGHEST WIND DIRECTION     E (90)
  HIGHEST GUST SPEED    17   HIGHEST GUST DIRECTION     E (80)
  AVERAGE WIND SPEED     9.2


SKY COVER
  POSSIBLE SUNSHINE  MM
  AVERAGE SKY COVER 0.7


WEATHER CONDITIONS
 THE FOLLOWING WEATHER WAS RECORDED YESTERDAY.
  FOG


RELATIVE HUMIDITY (PERCENT)
 HIGHEST   100           800 AM
 LOWEST     84           200 PM
 AVERAGE    92

..........................................................


THE DUBUQUE IA CLIMATE NORMALS FOR TODAY
                         NORMAL    RECORD    YEAR
 MAXIMUM TEMPERATURE (F)   38        67      1909
 MINIMUM TEMPERATURE (F)   23        -5      1887


SUNRISE AND SUNSET
NOVEMBER 27 2014......SUNRISE   708 AM CST   SUNSET   433 PM CST
NOVEMBER 28 2014......SUNRISE   709 AM CST   SUNSET   432 PM CST


-  INDICATES NEGATIVE NUMBERS.
R  INDICATES RECORD WAS SET OR TIED.
MM INDICATES DATA IS MISSING.
T  INDICATES TRACE AMOUNT.




$$
