000
CDUS41 KLWX 262203
CLIDCA


CLIMATE REPORT
NATIONAL WEATHER SERVICE BALTIMORE MD/WASHINGTON DC
603 PM EDT WED APR 26 2017


...................................

...THE WASHINGTON NATIONAL DC CLIMATE SUMMARY FOR APRIL 26 2017...
VALID TODAY AS OF 0500 PM LOCAL TIME.

CLIMATE NORMAL PERIOD 1981 TO 2010
CLIMATE RECORD PERIOD 1871 TO 2017


WEATHER ITEM   OBSERVED TIME   RECORD YEAR NORMAL DEPARTURE
                VALUE   (LST)  VALUE       VALUE  FROM
                                                  NORMAL
...............................................................
TEMPERATURE (F)
 TODAY
  MAXIMUM         72    338 PM  94    1915  70      2
  MINIMUM         58    458 AM  34    1883  50      8
  AVERAGE         65                        60      5

PRECIPITATION (IN)
  TODAY            0.01          3.21 1889   0.10  -0.09
  MONTH TO DATE    2.62                      2.64  -0.02
  SINCE MAR 1      5.81                      6.12  -0.31
  SINCE JAN 1      9.24                     11.55  -2.31

SNOWFALL (IN)
  TODAY            0.0           0.0  2002   0.0    0.0
                                      2001
  MONTH TO DATE    0.0                       0.0    0.0
  SINCE JUL 1      3.4                      15.4  -12.0
  SNOW DEPTH       0

DEGREE DAYS
 HEATING
  TODAY            0                               -6
  MONTH TO DATE  123                             -124
  SINCE MAR 1    671                             -144
  SINCE JUL 1   3047                             -876

 COOLING
  TODAY            0                               -1
  MONTH TO DATE   50                               33
  SINCE MAR 1     55                               36
  SINCE JAN 1     56                               37
...............................................................


WIND (MPH)
  HIGHEST WIND SPEED    13   HIGHEST WIND DIRECTION     N (10)
  HIGHEST GUST SPEED    19   HIGHEST GUST DIRECTION     N (340)
  AVERAGE WIND SPEED     8.1




RELATIVE HUMIDITY (PERCENT)
 HIGHEST    93
 LOWEST     66
 AVERAGE    80

..........................................................


THE WASHINGTON NATIONAL DC CLIMATE NORMALS FOR TOMORROW
                         NORMAL    RECORD    YEAR
 MAXIMUM TEMPERATURE (F)   70        95      1915
 MINIMUM TEMPERATURE (F)   51        38      1933
                                             1892
                                             1876


SUNRISE AND SUNSET
APRIL 26 2017.........SUNRISE   616 AM EDT   SUNSET   756 PM EDT
APRIL 27 2017.........SUNRISE   615 AM EDT   SUNSET   757 PM EDT


-  INDICATES NEGATIVE NUMBERS.
R  INDICATES RECORD WAS SET OR TIED.
MM INDICATES DATA IS MISSING.
T  INDICATES TRACE AMOUNT.




$$
