000
CDUS41 KALY 010622
CLIDDH


CLIMATE REPORT
NATIONAL WEATHER SERVICE ALBANY NY
222 AM EDT WED OCT 1 2014


...................................

...THE BENNINGTON VT CLIMATE SUMMARY FOR SEPTEMBER 30 2014...

CLIMATE NORMAL PERIOD 1981 TO 2010
CLIMATE RECORD PERIOD 9999 TO 9999


WEATHER ITEM   OBSERVED TIME   NORMAL DEPARTURE LAST
                VALUE   (LST)  VALUE  FROM      YEAR
                                      NORMAL
......................................................
TEMPERATURE (F)
 YESTERDAY
  MAXIMUM         71    101 PM  65      6       71
  MINIMUM         56   1159 PM  42     14       41
  AVERAGE         64            53     11       56

PRECIPITATION (IN)
  YESTERDAY        0.00          0.13  -0.13     0.00
  MONTH TO DATE    1.02          3.57  -2.55     4.03
  SINCE SEP 1      1.02          3.57  -2.55     4.03
  SINCE JAN 1     26.98         31.11  -4.13    35.75

DEGREE DAYS
 HEATING
  YESTERDAY        1            12    -11        9
  MONTH TO DATE  194           205    -11      259
  SINCE SEP 1    194           206    -12      259
  SINCE JUL 1    247           278    -31      322

 COOLING
  YESTERDAY        0             0      0        0
  MONTH TO DATE   44            23     21       44
  SINCE SEP 1     44            23     21       44
  SINCE JAN 1    297           311    -14      503
......................................................


WIND (MPH)
  HIGHEST WIND SPEED    14   HIGHEST WIND DIRECTION    SE (150)
  HIGHEST GUST SPEED    18   HIGHEST GUST DIRECTION    SE (140)
  AVERAGE WIND SPEED     6.4


SKY COVER
  AVERAGE SKY COVER 0.6



RELATIVE HUMIDITY (PERCENT)
 HIGHEST    86          1100 PM
 LOWEST     61          1100 AM
 AVERAGE    74

..........................................................


THE BENNINGTON VT CLIMATE NORMALS FOR TODAY
                         NORMAL
 MAXIMUM TEMPERATURE (F)   64
 MINIMUM TEMPERATURE (F)   41


SUNRISE AND SUNSET
OCTOBER  1 2014.......SUNRISE   650 AM EDT   SUNSET   634 PM EDT
OCTOBER  2 2014.......SUNRISE   651 AM EDT   SUNSET   633 PM EDT


-  INDICATES NEGATIVE NUMBERS.
R  INDICATES RECORD WAS SET OR TIED.
MM INDICATES DATA IS MISSING.
T  INDICATES TRACE AMOUNT.




$$
