000
CDUS41 KALY 042048
CLIDDH


CLIMATE REPORT
NATIONAL WEATHER SERVICE ALBANY NY
448 PM EDT TUE AUG 4 2015


...................................

...THE BENNINGTON VT CLIMATE SUMMARY FOR AUGUST 4 2015...
VALID TODAY AS OF 0400 PM LOCAL TIME.

CLIMATE NORMAL PERIOD 1981 TO 2010
CLIMATE RECORD PERIOD 9999 TO 9999


WEATHER ITEM   OBSERVED TIME   NORMAL DEPARTURE LAST
                VALUE   (LST)  VALUE  FROM      YEAR
                                      NORMAL
......................................................
TEMPERATURE (F)
 TODAY
  MAXIMUM         80    317 PM  79      1       80
  MINIMUM         62    508 AM  57      5       59
  AVERAGE         71            68      3       70

PRECIPITATION (IN)
  TODAY            T             0.15  -0.15     0.01
  MONTH TO DATE    0.39          0.59  -0.20     0.05
  SINCE JUN 1      5.33          9.06  -3.73    11.33
  SINCE JAN 1     12.89         24.13 -11.24    24.16

DEGREE DAYS
 HEATING
  TODAY            0             1     -1        0
  MONTH TO DATE    0             4     -4        0
  SINCE JUN 1    122           125     -3       58
  SINCE JUL 1     27            28     -1       11

 COOLING
  TODAY            6             4      2        5
  MONTH TO DATE   21            16      5       15
  SINCE JUN 1    205           197      8      201
  SINCE JAN 1    269           211     58      217
......................................................


WIND (MPH)
  HIGHEST WIND SPEED     7   HIGHEST WIND DIRECTION     W (270)
  HIGHEST GUST SPEED    MM   HIGHEST GUST DIRECTION    MM
  AVERAGE WIND SPEED     2.4


SKY COVER
  AVERAGE SKY COVER 0.5



RELATIVE HUMIDITY (PERCENT)
 HIGHEST   100
 LOWEST     48
 AVERAGE    74

..........................................................


THE BENNINGTON VT CLIMATE NORMALS FOR TOMORROW
                         NORMAL
 MAXIMUM TEMPERATURE (F)   79
 MINIMUM TEMPERATURE (F)   57


SUNRISE AND SUNSET
AUGUST  4 2015........SUNRISE   547 AM EDT   SUNSET   811 PM EDT
AUGUST  5 2015........SUNRISE   548 AM EDT   SUNSET   809 PM EDT


-  INDICATES NEGATIVE NUMBERS.
R  INDICATES RECORD WAS SET OR TIED.
MM INDICATES DATA IS MISSING.
T  INDICATES TRACE AMOUNT.




$$
