000
CDUS43 KILX 230641
CLIDEC


CLIMATE REPORT
NATIONAL WEATHER SERVICE LINCOLN IL
141 AM CDT FRI JUN 23 2017


...................................

...THE DECATUR IL AIRPORT CLIMATE SUMMARY FOR JUNE 22 2017...

CLIMATE NORMAL PERIOD 1981 TO 2010
CLIMATE RECORD PERIOD 9999 TO 9999


WEATHER ITEM   OBSERVED TIME   RECORD YEAR NORMAL DEPARTURE LAST
                VALUE   (LST)  VALUE       VALUE  FROM      YEAR
                                                  NORMAL
..................................................................
TEMPERATURE (F)
 YESTERDAY
  MAXIMUM         84    239 PM  MM      MM  85     -1       92
  MINIMUM         69    354 AM  MM      MM  64      5       67
  AVERAGE         77                        74      3       80

PRECIPITATION (IN)
  YESTERDAY        0.13         MM      MM   0.14  -0.01     0.18
  MONTH TO DATE    0.86                      3.34  -2.48     2.16
  SINCE JUN 1      0.86                      3.34  -2.48     2.16
  SINCE JAN 1     19.79                     17.79   2.00    13.02

DEGREE DAYS
 HEATING
  YESTERDAY        0                         0      0        0
  MONTH TO DATE    0                        14    -14        0
  SINCE JUN 1      0                        14    -14        0
  SINCE JUL 1   4411                      5518  -1107     4485

 COOLING
  YESTERDAY       12                         9      3       15
  MONTH TO DATE  210                       148     62      239
  SINCE JUN 1    210                       148     62      239
  SINCE JAN 1    307                       235     72      329
..................................................................


WIND (MPH)
  HIGHEST WIND SPEED    21   HIGHEST WIND DIRECTION     S (180)
  HIGHEST GUST SPEED    27   HIGHEST GUST DIRECTION     S (180)
  AVERAGE WIND SPEED    12.1


SKY COVER
  POSSIBLE SUNSHINE  MM
  AVERAGE SKY COVER 0.6


WEATHER CONDITIONS
 THE FOLLOWING WEATHER WAS RECORDED YESTERDAY.
  LIGHT RAIN
  FOG


RELATIVE HUMIDITY (PERCENT)
 HIGHEST   100           700 PM
 LOWEST     69          1100 AM
 AVERAGE    85

..........................................................


THE DECATUR IL AIRPORT CLIMATE NORMALS FOR TODAY
                         NORMAL    RECORD    YEAR
 MAXIMUM TEMPERATURE (F)   85        MM        MM
 MINIMUM TEMPERATURE (F)   64        MM        MM


SUNRISE AND SUNSET
JUNE 23 2017..........SUNRISE   528 AM CDT   SUNSET   828 PM CDT
JUNE 24 2017..........SUNRISE   528 AM CDT   SUNSET   828 PM CDT


-  INDICATES NEGATIVE NUMBERS.
R  INDICATES RECORD WAS SET OR TIED.
MM INDICATES DATA IS MISSING.
T  INDICATES TRACE AMOUNT.




$$
