000
CDUS43 KILX 240659
CLIDEC


CLIMATE REPORT
NATIONAL WEATHER SERVICE LINCOLN IL
1259 AM CST MON NOV 24 2014


...................................

...THE DECATUR IL AIRPORT CLIMATE SUMMARY FOR NOVEMBER 23 2014...

CLIMATE NORMAL PERIOD 1981 TO 2010
CLIMATE RECORD PERIOD 9999 TO 9999


WEATHER ITEM   OBSERVED TIME   RECORD YEAR NORMAL DEPARTURE LAST
                VALUE   (LST)  VALUE       VALUE  FROM      YEAR
                                                  NORMAL
..................................................................
TEMPERATURE (F)
 YESTERDAY
  MAXIMUM         54   1140 AM  MM      MM  48      6       31
  MINIMUM         49    721 AM  MM      MM  31     18       16
  AVERAGE         52                        39     13       24

PRECIPITATION (IN)
  YESTERDAY        0.69         MM      MM   0.12   0.57     0.00
  MONTH TO DATE    1.44                      2.61  -1.17     1.07
  SINCE SEP 1     10.53                      8.78   1.75     5.65
  SINCE JAN 1     34.46                     35.09  -0.63    32.02

DEGREE DAYS
 HEATING
  YESTERDAY       13                        26    -13       41
  MONTH TO DATE  648                       472    176      499
  SINCE SEP 1   1058                       884    174      878
  SINCE JUL 1   1060                       890    170      888

 COOLING
  YESTERDAY        0                         0      0        0
  MONTH TO DATE    0                         0      0        0
  SINCE SEP 1    107                       130    -23      207
  SINCE JAN 1   1011                      1048    -37     1079
..................................................................


WIND (MPH)
  HIGHEST WIND SPEED    20   HIGHEST WIND DIRECTION    SE (150)
  HIGHEST GUST SPEED    25   HIGHEST GUST DIRECTION    SE (130)
  AVERAGE WIND SPEED    11.6


SKY COVER
  POSSIBLE SUNSHINE  MM
  AVERAGE SKY COVER 0.9


WEATHER CONDITIONS
 THE FOLLOWING WEATHER WAS RECORDED YESTERDAY.
  RAIN
  LIGHT RAIN
  FOG
  HAZE


RELATIVE HUMIDITY (PERCENT)
 HIGHEST   100           300 PM
 LOWEST     74           600 AM
 AVERAGE    87

..........................................................


THE DECATUR IL AIRPORT CLIMATE NORMALS FOR TODAY
                         NORMAL    RECORD    YEAR
 MAXIMUM TEMPERATURE (F)   47        MM        MM
 MINIMUM TEMPERATURE (F)   31        MM        MM


SUNRISE AND SUNSET
NOVEMBER 24 2014......SUNRISE   650 AM CST   SUNSET   434 PM CST
NOVEMBER 25 2014......SUNRISE   651 AM CST   SUNSET   433 PM CST


-  INDICATES NEGATIVE NUMBERS.
R  INDICATES RECORD WAS SET OR TIED.
MM INDICATES DATA IS MISSING.
T  INDICATES TRACE AMOUNT.




$$
