000
CDUS45 KBOU 061429
CLIDEN


CLIMATE REPORT
NATIONAL WEATHER SERVICE DENVER/BOULDER CO
729 AM MST TUE DEC 6 2016


...................................

...THE DENVER CO CLIMATE SUMMARY FOR DECEMBER 6 2016...
VALID AS OF 0700 AM LOCAL TIME.

CLIMATE NORMAL PERIOD 1981 TO 2010
CLIMATE RECORD PERIOD 1872 TO 2016


WEATHER ITEM   OBSERVED TIME   RECORD YEAR NORMAL DEPARTURE LAST
                VALUE   (LST)  VALUE       VALUE  FROM      YEAR
                                                  NORMAL
..................................................................
TEMPERATURE (F)
 TODAY
  MAXIMUM         17   1210 AM  73    1939  44    -27       56
  MINIMUM          4    649 AM -17    1972  18    -14       22
  AVERAGE         11                        31    -20       39

PRECIPITATION (IN)
  TODAY            0.00          1.66 1883   0.01  -0.01     0.00
  MONTH TO DATE    0.01                      0.07  -0.06     0.00
  SINCE DEC 1      0.01                      0.07  -0.06     0.00
  SINCE JAN 1     11.08                     14.02  -2.94    17.60

..................................................................


WIND (MPH)
  HIGHEST WIND SPEED    14   HIGHEST WIND DIRECTION     S (170)
  HIGHEST GUST SPEED    15   HIGHEST GUST DIRECTION     S (170)
  AVERAGE WIND SPEED    10.5




RELATIVE HUMIDITY (PERCENT)
 HIGHEST    76           500 AM
 LOWEST     33          1200 AM
 AVERAGE    55

..........................................................


THE DENVER CO CLIMATE NORMALS FOR TOMORROW
                         NORMAL    RECORD    YEAR
 MAXIMUM TEMPERATURE (F)   43        70      1906
 MINIMUM TEMPERATURE (F)   17       -13      2005


SUNRISE AND SUNSET
DECEMBER  6 2016......SUNRISE   707 AM MST   SUNSET   433 PM MST
DECEMBER  7 2016......SUNRISE   708 AM MST   SUNSET   433 PM MST


-  INDICATES NEGATIVE NUMBERS.
R  INDICATES RECORD WAS SET OR TIED.
MM INDICATES DATA IS MISSING.
T  INDICATES TRACE AMOUNT.




$$
