000
CDUS45 KBOU 160733
CLIDEN


CLIMATE REPORT
NATIONAL WEATHER SERVICE DENVER CO
133 AM MDT TUE SEP 16 2014


...................................

...THE DENVER CO CLIMATE SUMMARY FOR SEPTEMBER 15 2014...

CLIMATE NORMAL PERIOD 1981 TO 2010
CLIMATE RECORD PERIOD 1872 TO 2014


WEATHER ITEM   OBSERVED TIME   RECORD YEAR NORMAL DEPARTURE LAST
                VALUE   (LST)  VALUE       VALUE  FROM      YEAR
                                                  NORMAL
..................................................................
TEMPERATURE (F)
 YESTERDAY
  MAXIMUM         73    457 PM  92    2000  79     -6       61
  MINIMUM         46    608 AM  32    1912  49     -3       54
  AVERAGE         60                        64     -4       58

PRECIPITATION (IN)
  YESTERDAY        0.00          0.89 1958   0.03  -0.03     0.38
  MONTH TO DATE    0.65                      0.50   0.15     4.65
  SINCE SEP 1      0.65                      0.50   0.15     4.65
  SINCE JAN 1     15.76                     11.86   3.90    15.40

SNOWFALL (IN)
  YESTERDAY       0.0
  MONTH TO DATE      T
  SINCE SEP 1        T
  SINCE JUL 1        T
  SNOW DEPTH       0


DEGREE DAYS
 HEATING
  YESTERDAY        5                         4      1        7
  MONTH TO DATE   70                        33     37       10
  SINCE SEP 1     70                        33     37       10
  SINCE JUL 1     77                        49     28       10

 COOLING
  YESTERDAY        0                         2     -2        0
  MONTH TO DATE   26                        56    -30      115
  SINCE SEP 1     26                        56    -30      115
  SINCE JAN 1    639                       744   -105      981
..................................................................


WIND (MPH)
  HIGHEST WIND SPEED    15   HIGHEST WIND DIRECTION    SW (210)
  HIGHEST GUST SPEED    18   HIGHEST GUST DIRECTION    SW (210)
  AVERAGE WIND SPEED     7.4


SKY COVER **
  POSSIBLE SUNSHINE  MM
  AVERAGE SKY COVER 0.3


WEATHER CONDITIONS
 THE FOLLOWING WEATHER WAS RECORDED YESTERDAY.
  NO SIGNIFICANT WEATHER WAS OBSERVED.


RELATIVE HUMIDITY (PERCENT)
 HIGHEST    93           600 AM
 LOWEST     45           100 PM
 AVERAGE    69

..........................................................


THE DENVER CO CLIMATE NORMALS FOR TODAY
                         NORMAL    RECORD    YEAR
 MAXIMUM TEMPERATURE (F)   79        95      2000
 MINIMUM TEMPERATURE (F)   48        30      1965


SUNRISE AND SUNSET
SEPTEMBER 16 2014.....SUNRISE   641 AM MDT   SUNSET   707 PM MDT
SEPTEMBER 17 2014.....SUNRISE   642 AM MDT   SUNSET   705 PM MDT


-  INDICATES NEGATIVE NUMBERS.
R  INDICATES RECORD WAS SET OR TIED.
MM INDICATES DATA IS MISSING.
T  INDICATES TRACE AMOUNT.

&&

** SUNSHINE DATA WILL NO LONGER BE AVAILABLE EFFECTIVE OCTOBER 1ST 2009.




$$
