000
CDUS45 KBOU 011433
CLIDEN


CLIMATE REPORT
NATIONAL WEATHER SERVICE DENVER/BOULDER CO
732 AM MST WED MAR 1 2017


...................................

...THE DENVER CO CLIMATE SUMMARY FOR MARCH 1 2017...
VALID AS OF 0700 AM LOCAL TIME.

CLIMATE NORMAL PERIOD 1981 TO 2010
CLIMATE RECORD PERIOD 1872 TO 2017


WEATHER ITEM   OBSERVED TIME   RECORD YEAR NORMAL DEPARTURE LAST
                VALUE   (LST)  VALUE       VALUE  FROM      YEAR
                                                  NORMAL
..................................................................
TEMPERATURE (F)
 TODAY
  MAXIMUM         26    116 AM  74    2008  50    -24       58
  MINIMUM         14    650 AM  -7    1922  22     -8       27
  AVERAGE         20                        36    -16       43

PRECIPITATION (IN)
  TODAY            0.00          0.76 1940   0.02  -0.02     0.00
  MONTH TO DATE    0.00                      0.02  -0.02     0.00
  SINCE MAR 1      0.00                      0.02  -0.02     0.00
  SINCE JAN 1      0.77                      0.80  -0.03     0.98

..................................................................


WIND (MPH)
  HIGHEST WIND SPEED    16   HIGHEST WIND DIRECTION     W (270)
  HIGHEST GUST SPEED    22   HIGHEST GUST DIRECTION     W (270)
  AVERAGE WIND SPEED    10.9




RELATIVE HUMIDITY (PERCENT)
 HIGHEST    53           500 AM
 LOWEST     33           100 AM
 AVERAGE    43

..........................................................


THE DENVER CO CLIMATE NORMALS FOR TOMORROW
                         NORMAL    RECORD    YEAR
 MAXIMUM TEMPERATURE (F)   50        74      2009
 MINIMUM TEMPERATURE (F)   23        -7      1960


SUNRISE AND SUNSET
MARCH  1 2017.........SUNRISE   631 AM MST   SUNSET   551 PM MST
MARCH  2 2017.........SUNRISE   629 AM MST   SUNSET   552 PM MST


-  INDICATES NEGATIVE NUMBERS.
R  INDICATES RECORD WAS SET OR TIED.
MM INDICATES DATA IS MISSING.
T  INDICATES TRACE AMOUNT.




$$
