000
CDUS45 KBOU 192329
CLIDEN


CLIMATE REPORT
NATIONAL WEATHER SERVICE DENVER/BOULDER CO
529 PM MDT THU OCT 19 2017


...................................

...THE DENVER CO CLIMATE SUMMARY FOR OCTOBER 19 2017...
VALID TODAY AS OF 0500 PM LOCAL TIME.

CLIMATE NORMAL PERIOD 1981 TO 2010
CLIMATE RECORD PERIOD 1872 TO 2017


WEATHER ITEM   OBSERVED TIME   RECORD YEAR NORMAL DEPARTURE LAST
                VALUE   (LST)  VALUE       VALUE  FROM      YEAR
                                                  NORMAL
..................................................................
TEMPERATURE (F)
 TODAY
  MAXIMUM         75   1241 PM  86    2003  64     11       61
  MINIMUM         42    530 AM  18    1916  36      6       37
  AVERAGE         59                        50      9       49

PRECIPITATION (IN)
  TODAY            0.00          0.47 1898   0.04  -0.04     0.00
  MONTH TO DATE    0.94                      0.68   0.26     0.26
  SINCE SEP 1      2.20                      1.64   0.56     0.54
  SINCE JAN 1     11.17                     13.00  -1.83    10.55

DEGREE DAYS
 HEATING
  TODAY            6                        15     -9       16
  MONTH TO DATE  235                       228      7      157
  SINCE SEP 1    357                       353      4      221
  SINCE JUL 1    365                       369     -4      236

 COOLING
  TODAY            0                         0      0        0
  MONTH TO DATE    0                         1     -1       13
  SINCE SEP 1    131                        77     54      112
  SINCE JAN 1    880                       765    115      874
..................................................................


WIND (MPH)
  HIGHEST WIND SPEED    21   HIGHEST WIND DIRECTION     S (190)
  HIGHEST GUST SPEED    25   HIGHEST GUST DIRECTION     S (180)
  AVERAGE WIND SPEED     8.5


SKY COVER **
  POSSIBLE SUNSHINE  MM
  AVERAGE SKY COVER 0.5


WEATHER CONDITIONS
 THE FOLLOWING WEATHER WAS RECORDED TODAY.
  NO SIGNIFICANT WEATHER WAS OBSERVED.


RELATIVE HUMIDITY (PERCENT)
 HIGHEST    45           700 AM
 LOWEST     14          1200 PM
 AVERAGE    30

..........................................................


THE DENVER CO CLIMATE NORMALS FOR TOMORROW
                         NORMAL    RECORD    YEAR
 MAXIMUM TEMPERATURE (F)   64        83      1950
 MINIMUM TEMPERATURE (F)   35        21      1995


SUNRISE AND SUNSET
OCTOBER 19 2017.......SUNRISE   714 AM MDT   SUNSET   613 PM MDT
OCTOBER 20 2017.......SUNRISE   715 AM MDT   SUNSET   612 PM MDT


-  INDICATES NEGATIVE NUMBERS.
R  INDICATES RECORD WAS SET OR TIED.
MM INDICATES DATA IS MISSING.
T  INDICATES TRACE AMOUNT.




$$
