000
CDUS45 KBOU 240756
CLIDEN


CLIMATE REPORT
NATIONAL WEATHER SERVICE DENVER CO
156 AM MDT FRI OCT 24 2014


...................................

...THE DENVER CO CLIMATE SUMMARY FOR OCTOBER 23 2014...

CLIMATE NORMAL PERIOD 1981 TO 2010
CLIMATE RECORD PERIOD 1872 TO 2014


WEATHER ITEM   OBSERVED TIME   RECORD YEAR NORMAL DEPARTURE LAST
                VALUE   (LST)  VALUE       VALUE  FROM      YEAR
                                                  NORMAL
..................................................................
TEMPERATURE (F)
 YESTERDAY
  MAXIMUM         75    217 PM  87    1973  62     13       64
  MINIMUM         40    217 AM  16    1873  34      6       41
  AVERAGE         58                        48     10       53

PRECIPITATION (IN)
  YESTERDAY        0.00          1.81 1914   0.04  -0.04     0.00
  MONTH TO DATE    0.52                      0.81  -0.29     0.70
  SINCE SEP 1      2.31                      1.77   0.54     6.31
  SINCE JAN 1     17.42                     13.13   4.29    17.06

SNOWFALL (IN)
  YESTERDAY        0.0
  MONTH TO DATE      0
  SINCE SEP 1        T
  SINCE JUL 1        T
  SNOW DEPTH       0


DEGREE DAYS
 HEATING
  YESTERDAY        7                        17    -10       12
  MONTH TO DATE  201                       293    -92      368
  SINCE SEP 1    292                       418   -126      451
  SINCE JUL 1    299                       434   -135      451

 COOLING
  YESTERDAY        0                         0      0        0
  MONTH TO DATE    0                         1     -1        0
  SINCE SEP 1     88                        77     11      133
  SINCE JAN 1    701                       765    -64      999
..................................................................


WIND (MPH)
  HIGHEST WIND SPEED    18   HIGHEST WIND DIRECTION     S (200)
  HIGHEST GUST SPEED    23   HIGHEST GUST DIRECTION    SW (210)
  AVERAGE WIND SPEED     9.6


SKY COVER **
  POSSIBLE SUNSHINE  MM
  AVERAGE SKY COVER 0.6


WEATHER CONDITIONS
 THE FOLLOWING WEATHER WAS RECORDED YESTERDAY.
  NO SIGNIFICANT WEATHER WAS OBSERVED.


RELATIVE HUMIDITY (PERCENT)
 HIGHEST    76          1200 AM
 LOWEST     17           100 PM
 AVERAGE    47

..........................................................


THE DENVER CO CLIMATE NORMALS FOR TODAY
                         NORMAL    RECORD    YEAR
 MAXIMUM TEMPERATURE (F)   62        80      2011
 MINIMUM TEMPERATURE (F)   34         8      1887


SUNRISE AND SUNSET
OCTOBER 24 2014.......SUNRISE   719 AM MDT   SUNSET   608 PM MDT
OCTOBER 25 2014.......SUNRISE   720 AM MDT   SUNSET   607 PM MDT


-  INDICATES NEGATIVE NUMBERS.
R  INDICATES RECORD WAS SET OR TIED.
MM INDICATES DATA IS MISSING.
T  INDICATES TRACE AMOUNT.

&&

** SUNSHINE DATA WILL NO LONGER BE AVAILABLE EFFECTIVE OCTOBER 1ST 2009.




$$
