000
CDUS45 KBOU 022239
CLIDEN


CLIMATE REPORT
NATIONAL WEATHER SERVICE DENVER CO
439 PM MDT WED SEP 2 2015


...................................

...THE DENVER CO CLIMATE SUMMARY FOR SEPTEMBER 2 2015...
VALID TODAY AS OF 0400 PM LOCAL TIME.

CLIMATE NORMAL PERIOD 1981 TO 2010
CLIMATE RECORD PERIOD 1872 TO 2015


WEATHER ITEM   OBSERVED TIME   RECORD YEAR NORMAL DEPARTURE LAST
                VALUE   (LST)  VALUE       VALUE  FROM      YEAR
                                                  NORMAL
..................................................................
TEMPERATURE (F)
 TODAY
  MAXIMUM         92    220 PM  95    1983  84      8       88
  MINIMUM         63    556 AM  40    1952  54      9       46
  AVERAGE         78                        69      9       67

PRECIPITATION (IN)
  TODAY            0.00          1.05 1938   0.03  -0.03     0.00
  MONTH TO DATE    T                         0.06  -0.06     0.00
  SINCE SEP 1      T                         0.06  -0.06     0.00
  SINCE JAN 1     13.60                     11.42   2.18    15.11

DEGREE DAYS
 HEATING
  TODAY            0                         1     -1        0
  MONTH TO DATE    0                         2     -2        0
  SINCE SEP 1      0                         2     -2        0
  SINCE JUL 1     18                        18      0        7

 COOLING
  TODAY           13                         5      8        2
  MONTH TO DATE   20                        10     10        2
  SINCE SEP 1     20                        10     10        2
  SINCE JAN 1    733                       698     35      615
..................................................................


WIND (MPH)
  HIGHEST WIND SPEED    18   HIGHEST WIND DIRECTION     S (200)
  HIGHEST GUST SPEED    23   HIGHEST GUST DIRECTION     S (200)
  AVERAGE WIND SPEED     8.1


SKY COVER **
  POSSIBLE SUNSHINE  MM
  AVERAGE SKY COVER 0.7


WEATHER CONDITIONS
 THE FOLLOWING WEATHER WAS RECORDED TODAY.
  NO SIGNIFICANT WEATHER WAS OBSERVED.


RELATIVE HUMIDITY (PERCENT)
 HIGHEST    52           600 AM
 LOWEST     14           100 PM
 AVERAGE    33

..........................................................


THE DENVER CO CLIMATE NORMALS FOR TOMORROW
                         NORMAL    RECORD    YEAR
 MAXIMUM TEMPERATURE (F)   83        95      1995
 MINIMUM TEMPERATURE (F)   53        33      1961


SUNRISE AND SUNSET
SEPTEMBER  2 2015.....SUNRISE   627 AM MST   SUNSET   730 PM MST
SEPTEMBER  3 2015.....SUNRISE   628 AM MST   SUNSET   729 PM MST


-  INDICATES NEGATIVE NUMBERS.
R  INDICATES RECORD WAS SET OR TIED.
MM INDICATES DATA IS MISSING.
T  INDICATES TRACE AMOUNT.




$$
