000
CDUS45 KBOU 162237
CLIDEN


CLIMATE REPORT
NATIONAL WEATHER SERVICE DENVER CO
437 PM MDT WED APR 16 2014


...................................

...THE DENVER CO CLIMATE SUMMARY FOR APRIL 16 2014...
VALID TODAY AS OF 0400 PM LOCAL TIME.

CLIMATE NORMAL PERIOD 1981 TO 2010
CLIMATE RECORD PERIOD 1872 TO 2014


WEATHER ITEM   OBSERVED TIME   RECORD YEAR NORMAL DEPARTURE LAST
                VALUE   (LST)  VALUE       VALUE  FROM      YEAR
                                                  NORMAL
..................................................................
TEMPERATURE (F)
 TODAY
  MAXIMUM         55    234 PM  84    1985  61     -6       38
  MINIMUM         35    531 AM  22    2013  33      2       22
                                      1999
                                      1961
  AVERAGE         45                        47     -2       30

PRECIPITATION (IN)
  TODAY            0.00          0.88 1922   0.07  -0.07     0.02
  MONTH TO DATE    0.69                      0.76  -0.07     1.20
  SINCE MAR 1      1.52                      1.68  -0.16     2.67
  SINCE JAN 1      2.65                      2.46   0.19     3.75

DEGREE DAYS
 HEATING
  TODAY           20                        18      2       35
  MONTH TO DATE  302                       309     -7      397
  SINCE MAR 1   1041                      1072    -31     1237
  SINCE JUL 1   5560                      5511     49     5509

 COOLING
  TODAY            0                         0      0        0
  MONTH TO DATE    0                         0      0        0
  SINCE MAR 1      0                         0      0        0
  SINCE JAN 1      0                         0      0        0
..................................................................


WIND (MPH)
  HIGHEST WIND SPEED    26   HIGHEST WIND DIRECTION    NE (40)
  HIGHEST GUST SPEED    36   HIGHEST GUST DIRECTION     N (20)
  AVERAGE WIND SPEED    12.2


SKY COVER **
  POSSIBLE SUNSHINE  MM
  AVERAGE SKY COVER 0.6


WEATHER CONDITIONS
 THE FOLLOWING WEATHER WAS RECORDED TODAY.
  NO SIGNIFICANT WEATHER WAS OBSERVED.


RELATIVE HUMIDITY (PERCENT)
 HIGHEST    70           300 AM
 LOWEST     24          1200 PM
 AVERAGE    47

..........................................................


THE DENVER CO CLIMATE NORMALS FOR TOMORROW
                         NORMAL    RECORD    YEAR
 MAXIMUM TEMPERATURE (F)   62        83      2006
                                             1987
 MINIMUM TEMPERATURE (F)   34        13      1901


SUNRISE AND SUNSET
APRIL 16 2014.........SUNRISE   620 AM MDT   SUNSET   737 PM MDT
APRIL 17 2014.........SUNRISE   618 AM MDT   SUNSET   738 PM MDT


-  INDICATES NEGATIVE NUMBERS.
R  INDICATES RECORD WAS SET OR TIED.
MM INDICATES DATA IS MISSING.
T  INDICATES TRACE AMOUNT.




$$
