000
CDUS45 KBOU 280757
CLIDEN


CLIMATE REPORT
NATIONAL WEATHER SERVICE DENVER CO
157 AM MDT THU AUG 28 2014


...................................

...THE DENVER CO CLIMATE SUMMARY FOR AUGUST 27 2014...

CLIMATE NORMAL PERIOD 1981 TO 2010
CLIMATE RECORD PERIOD 1872 TO 2014


WEATHER ITEM   OBSERVED TIME   RECORD YEAR NORMAL DEPARTURE LAST
                VALUE   (LST)  VALUE       VALUE  FROM      YEAR
                                                  NORMAL
..................................................................
TEMPERATURE (F)
 YESTERDAY
  MAXIMUM         78    242 PM  98    2012  85     -7       92
                                      1994
  MINIMUM         54   1159 PM  48    2004  56     -2       65
                                      1992
  AVERAGE         66                        70     -4       79

PRECIPITATION (IN)
  YESTERDAY        0.11          1.39 1955   0.04   0.07     0.00
  MONTH TO DATE    2.73                      1.54   1.19     2.78
  SINCE JUN 1      8.40                      5.68   2.72     5.51
  SINCE JAN 1     15.11                     11.21   3.90    10.75

SNOWFALL (IN)
  YESTERDAY        0.0
  MONTH TO DATE      0
  SINCE JUN 1        0
  SINCE JUL 1        0
  SNOW DEPTH       0


DEGREE DAYS
 HEATING
  YESTERDAY        0                         1     -1        0
  MONTH TO DATE    0                         1     -1        0
  SINCE JUN 1     35                        69    -34       29
  SINCE JUL 1      5                         7     -2        0

 COOLING
  YESTERDAY        1                         6     -5       14
  MONTH TO DATE  175                       222    -47      251
  SINCE JUN 1    585                       644    -59      767
  SINCE JAN 1    606                       666    -60      809
..................................................................


WIND (MPH)
  HIGHEST WIND SPEED    25   HIGHEST WIND DIRECTION     N (360)
  HIGHEST GUST SPEED    31   HIGHEST GUST DIRECTION     N (360)
  AVERAGE WIND SPEED     8.4


SKY COVER **
  POSSIBLE SUNSHINE  MM
  AVERAGE SKY COVER 0.6


WEATHER CONDITIONS
 THE FOLLOWING WEATHER WAS RECORDED YESTERDAY.
  THUNDERSTORM
  LIGHT RAIN
  FOG


RELATIVE HUMIDITY (PERCENT)
 HIGHEST    87           500 AM
 LOWEST     46           300 PM
 AVERAGE    67

..........................................................


THE DENVER CO CLIMATE NORMALS FOR TODAY
                         NORMAL    RECORD    YEAR
 MAXIMUM TEMPERATURE (F)   85        96      2012
                                             2011
 MINIMUM TEMPERATURE (F)   55        42      2004


SUNRISE AND SUNSET
AUGUST 28 2014........SUNRISE   623 AM MDT   SUNSET   737 PM MDT
AUGUST 29 2014........SUNRISE   624 AM MDT   SUNSET   736 PM MDT


-  INDICATES NEGATIVE NUMBERS.
R  INDICATES RECORD WAS SET OR TIED.
MM INDICATES DATA IS MISSING.
T  INDICATES TRACE AMOUNT.

&&

** SUNSHINE DATA WILL NO LONGER BE AVAILABLE EFFECTIVE OCTOBER 1ST 2009.




$$
