000
CDUS45 KBOU 230808
CLIDEN


CLIMATE REPORT
NATIONAL WEATHER SERVICE DENVER CO
107 AM MST SUN NOV 23 2014


...................................

...THE DENVER CO CLIMATE SUMMARY FOR NOVEMBER 22 2014...

CLIMATE NORMAL PERIOD 1981 TO 2010
CLIMATE RECORD PERIOD 1872 TO 2014


WEATHER ITEM   OBSERVED TIME   RECORD YEAR NORMAL DEPARTURE LAST
                VALUE   (LST)  VALUE       VALUE  FROM      YEAR
                                                  NORMAL
..................................................................
TEMPERATURE (F)
 YESTERDAY
  MAXIMUM         63   1255 PM  74    1998  49     14       32
  MINIMUM         35    145 AM  -2    1880  22     13       15
  AVERAGE         49                        35     14       24

PRECIPITATION (IN)
  YESTERDAY        0.00          0.36 1999   0.02  -0.02      T
  MONTH TO DATE    0.76                      0.48   0.28     0.26
  SINCE SEP 1      3.07                      2.46   0.61     6.59
  SINCE JAN 1     18.18                     13.82   4.36    17.34

SNOWFALL (IN)
  YESTERDAY        0.0
  MONTH TO DATE      4
  SINCE SEP 1        4
  SINCE JUL 1        4
  SNOW DEPTH       0


DEGREE DAYS
 HEATING
  YESTERDAY       16                        30    -14       41
  MONTH TO DATE  663                       549    114      502
  SINCE SEP 1   1053                      1114    -61     1110
  SINCE JUL 1   1060                      1130    -70     1110

 COOLING
  YESTERDAY        0                         0      0        0
  MONTH TO DATE    0                         0      0        0
  SINCE SEP 1     88                        81      7      133
  SINCE JAN 1    701                       769    -68      999
..................................................................


WIND (MPH)
  HIGHEST WIND SPEED    22   HIGHEST WIND DIRECTION     S (200)
  HIGHEST GUST SPEED    29   HIGHEST GUST DIRECTION     S (200)
  AVERAGE WIND SPEED    12.4


SKY COVER **
  POSSIBLE SUNSHINE  MM
  AVERAGE SKY COVER 0.5


WEATHER CONDITIONS
 THE FOLLOWING WEATHER WAS RECORDED YESTERDAY.
  NO SIGNIFICANT WEATHER WAS OBSERVED.


RELATIVE HUMIDITY (PERCENT)
 HIGHEST    52           200 AM
 LOWEST     14           100 PM
 AVERAGE    33

..........................................................


THE DENVER CO CLIMATE NORMALS FOR TODAY
                         NORMAL    RECORD    YEAR
 MAXIMUM TEMPERATURE (F)   49        73      1915
 MINIMUM TEMPERATURE (F)   21        -4      1880


SUNRISE AND SUNSET
NOVEMBER 23 2014......SUNRISE   653 AM MST   SUNSET   438 PM MST
NOVEMBER 24 2014......SUNRISE   654 AM MST   SUNSET   437 PM MST


-  INDICATES NEGATIVE NUMBERS.
R  INDICATES RECORD WAS SET OR TIED.
MM INDICATES DATA IS MISSING.
T  INDICATES TRACE AMOUNT.

&&

** SUNSHINE DATA WILL NO LONGER BE AVAILABLE EFFECTIVE OCTOBER 1ST 2009.




$$
