000
CDUS45 KBOU 212330
CLIDEN


CLIMATE REPORT
NATIONAL WEATHER SERVICE DENVER CO
526 PM MDT MON JUL 21 2014


...................................

...THE DENVER CO CLIMATE SUMMARY FOR JULY 21 2014...
VALID TODAY AS OF 0500 PM LOCAL TIME.

CLIMATE NORMAL PERIOD 1981 TO 2010
CLIMATE RECORD PERIOD 1872 TO 2014


WEATHER ITEM   OBSERVED TIME   RECORD YEAR NORMAL DEPARTURE LAST
                VALUE   (LST)  VALUE       VALUE  FROM      YEAR
                                                  NORMAL
..................................................................
TEMPERATURE (F)
 TODAY
  MAXIMUM         96    305 PM 104    2005  90      6       90
  MINIMUM         69    448 AM  51    1988  60      9       59
                                      1961
  AVERAGE         83                        75      8       75

PRECIPITATION (IN)
  TODAY            0.00          1.36 1874   0.07  -0.07     0.00
  MONTH TO DATE    0.92                      1.36  -0.44     1.48
  SINCE JUN 1      2.74                      3.34  -0.60     2.23
  SINCE JAN 1      9.45                      8.87   0.58     7.47

DEGREE DAYS
 HEATING
  TODAY            0                         0      0        0
  MONTH TO DATE    0                         1     -1        0
  SINCE JUN 1     30                        63    -33       29
  SINCE JUL 1      0                         1     -1        0

 COOLING
  TODAY           18                        10      8       10
  MONTH TO DATE  207                       189     18      222
  SINCE JUN 1    313                       322     -9      443
  SINCE JAN 1    334                       344    -10      485
..................................................................


WIND (MPH)
  HIGHEST WIND SPEED    16   HIGHEST WIND DIRECTION     W (260)
  HIGHEST GUST SPEED    21   HIGHEST GUST DIRECTION     W (250)
  AVERAGE WIND SPEED    10.4


SKY COVER **
  POSSIBLE SUNSHINE  MM
  AVERAGE SKY COVER 0.7


WEATHER CONDITIONS
 THE FOLLOWING WEATHER WAS RECORDED TODAY.
  NO SIGNIFICANT WEATHER WAS OBSERVED.


RELATIVE HUMIDITY (PERCENT)
 HIGHEST    47          1200 AM
 LOWEST     12          1100 AM
 AVERAGE    30

..........................................................


THE DENVER CO CLIMATE NORMALS FOR TOMORROW
                         NORMAL    RECORD    YEAR
 MAXIMUM TEMPERATURE (F)   90       102      2005
 MINIMUM TEMPERATURE (F)   60        49      1990
                                             1961


SUNRISE AND SUNSET
JULY 21 2014..........SUNRISE   548 AM MDT   SUNSET   822 PM MDT
JULY 22 2014..........SUNRISE   549 AM MDT   SUNSET   822 PM MDT


-  INDICATES NEGATIVE NUMBERS.
R  INDICATES RECORD WAS SET OR TIED.
MM INDICATES DATA IS MISSING.
T  INDICATES TRACE AMOUNT.




$$
