000
CDUS45 KBOU 270756
CLIDEN


CLIMATE REPORT
NATIONAL WEATHER SERVICE DENVER CO
1256 AM MST TUE JAN 27 2015


...................................

...THE DENVER CO CLIMATE SUMMARY FOR JANUARY 26 2015...

CLIMATE NORMAL PERIOD 1981 TO 2010
CLIMATE RECORD PERIOD 1872 TO 2015


WEATHER ITEM   OBSERVED TIME   RECORD YEAR NORMAL DEPARTURE LAST
                VALUE   (LST)  VALUE       VALUE  FROM      YEAR
                                                  NORMAL
..................................................................
TEMPERATURE (F)
 YESTERDAY
  MAXIMUM         71    304 PM  73    1982  44     27       58
  MINIMUM         35    621 AM -20    1902  17     18       17
  AVERAGE         53                        31     22       38

PRECIPITATION (IN)
  YESTERDAY        0.00          0.59 1944   0.01  -0.01      T
  MONTH TO DATE    0.30                      0.34  -0.04     0.58
  SINCE DEC 1      0.89                      0.69   0.20     0.83
  SINCE JAN 1      0.30                      0.34  -0.04     0.58

SNOWFALL (IN)
  YESTERDAY        0.0
  MONTH TO DATE    6.9
  SINCE DEC 1     18.9
  SINCE JUL 1     22.9
  SNOW DEPTH       0


DEGREE DAYS
 HEATING
  YESTERDAY       12                        34    -22       27
  MONTH TO DATE  851                       889    -38      849
  SINCE DEC 1   1888                      1975    -87     1977
  SINCE JUL 1   3142                      3357   -215     3300

 COOLING
  YESTERDAY        0                         0      0        0
  MONTH TO DATE    0                         0      0        0
  SINCE DEC 1      0                         0      0        0
  SINCE JAN 1      0                         0      0        0
..................................................................


WIND (MPH)
  HIGHEST WIND SPEED    20   HIGHEST WIND DIRECTION    SW (210)
  HIGHEST GUST SPEED    23   HIGHEST GUST DIRECTION    SW (210)
  AVERAGE WIND SPEED    10.7


SKY COVER **
  POSSIBLE SUNSHINE  MM
  AVERAGE SKY COVER 0.1


WEATHER CONDITIONS
 THE FOLLOWING WEATHER WAS RECORDED YESTERDAY.
  NO SIGNIFICANT WEATHER WAS OBSERVED.


RELATIVE HUMIDITY (PERCENT)
 HIGHEST    64           600 AM
 LOWEST     14           100 PM
 AVERAGE    39

..........................................................


THE DENVER CO CLIMATE NORMALS FOR TODAY
                         NORMAL    RECORD    YEAR
 MAXIMUM TEMPERATURE (F)   44        76      1888
 MINIMUM TEMPERATURE (F)   17       -14      1897


SUNRISE AND SUNSET
JANUARY 27 2015.......SUNRISE   711 AM MST   SUNSET   511 PM MST
JANUARY 28 2015.......SUNRISE   710 AM MST   SUNSET   512 PM MST


-  INDICATES NEGATIVE NUMBERS.
R  INDICATES RECORD WAS SET OR TIED.
MM INDICATES DATA IS MISSING.
T  INDICATES TRACE AMOUNT.

&&

** SUNSHINE DATA WILL NO LONGER BE AVAILABLE EFFECTIVE OCTOBER 1ST 2009.




$$
