000
CDUS45 KBOU 290800
CLIDEN


CLIMATE REPORT
NATIONAL WEATHER SERVICE DENVER/BOULDER CO
159 AM MDT SAT APR 29 2017


...................................

...THE DENVER CO CLIMATE SUMMARY FOR APRIL 28 2017...

CLIMATE NORMAL PERIOD 1981 TO 2010
CLIMATE RECORD PERIOD 1872 TO 2017


WEATHER ITEM   OBSERVED TIME   RECORD YEAR NORMAL DEPARTURE LAST
                VALUE   (LST)  VALUE       VALUE  FROM      YEAR
                                                  NORMAL
..................................................................
TEMPERATURE (F)
 YESTERDAY
  MAXIMUM         54    150 PM  86    1910  65    -11       40
  MINIMUM         29   1159 PM  24    1917  37     -8       35
  AVERAGE         42                        51     -9       38

PRECIPITATION (IN)
  YESTERDAY        0.12          0.44 1950   0.07   0.05     0.02
  MONTH TO DATE    0.76                      1.57  -0.81     1.68
  SINCE MAR 1      1.66                      2.49  -0.83     2.86
  SINCE JAN 1      2.43                      3.27  -0.84     3.84

SNOWFALL (IN)
  YESTERDAY          T
  MONTH TO DATE    0.1
  SINCE MAR 1      0.1
  SINCE JUL 1     19.4
  SNOW DEPTH       0


DEGREE DAYS
 HEATING
  YESTERDAY       23                        14      9       27
  MONTH TO DATE  422                       501    -79      463
  SINCE MAR 1    945                      1264   -319     1179
  SINCE JUL 1   4747                      5703   -956     5167

 COOLING
  YESTERDAY        0                         0      0        0
  MONTH TO DATE    0                         0      0        0
  SINCE MAR 1      0                         0      0        0
  SINCE JAN 1      0                         0      0        0
..................................................................


WIND (MPH)
  HIGHEST WIND SPEED    33   HIGHEST WIND DIRECTION     N (340)
  HIGHEST GUST SPEED    41   HIGHEST GUST DIRECTION     N (340)
  AVERAGE WIND SPEED    15.3


SKY COVER **
  POSSIBLE SUNSHINE  MM
  AVERAGE SKY COVER 0.6


WEATHER CONDITIONS
 THE FOLLOWING WEATHER WAS RECORDED YESTERDAY.
  THUNDERSTORM
  LIGHT RAIN
  LIGHT SNOW
  FOG
  FOG W/VISIBILITY <= 1/4 MILE


RELATIVE HUMIDITY (PERCENT)
 HIGHEST    89           600 PM
 LOWEST     24           900 AM
 AVERAGE    57

..........................................................


THE DENVER CO CLIMATE NORMALS FOR TODAY
                         NORMAL    RECORD    YEAR
 MAXIMUM TEMPERATURE (F)   65        83      1948
 MINIMUM TEMPERATURE (F)   37        12      1877


SUNRISE AND SUNSET
APRIL 29 2017.........SUNRISE   601 AM MDT   SUNSET   751 PM MDT
APRIL 30 2017.........SUNRISE   559 AM MDT   SUNSET   752 PM MDT


-  INDICATES NEGATIVE NUMBERS.
R  INDICATES RECORD WAS SET OR TIED.
MM INDICATES DATA IS MISSING.
T  INDICATES TRACE AMOUNT.

&&

** SUNSHINE DATA WILL NO LONGER BE AVAILABLE EFFECTIVE OCTOBER 1ST 2009.




$$
