000
CDUS44 KSHV 022213
CLIDEQ


CLIMATE REPORT
NATIONAL WEATHER SERVICE SHREVEPORT, LA
512 PM CDT TUE SEP 2 2014


...................................

...THE DE QUEEN CLIMATE SUMMARY FOR SEPTEMBER 2 2014...
VALID TODAY AS OF 0500 PM LOCAL TIME.

CLIMATE NORMAL PERIOD 1981 TO 2010
CLIMATE RECORD PERIOD 1902 TO 2014


WEATHER ITEM   OBSERVED TIME   RECORD YEAR NORMAL DEPARTURE LAST
                VALUE   (LST)  VALUE       VALUE  FROM      YEAR
                                                  NORMAL
..................................................................
TEMPERATURE (F)
 TODAY
  MAXIMUM         88    411 PM 106    1985  92     -4       95
  MINIMUM         72   1129 AM  50    1967  66      6       72
  AVERAGE         80                        79      1       84

PRECIPITATION (IN)
  TODAY            T             1.97 2003   0.12  -0.12     0.56
  MONTH TO DATE    T                         0.23  -0.23     0.56
  SINCE DEC 1     28.28                     36.18  -7.90    24.91
  SINCE JAN 1     26.35                     31.82  -5.47    20.86

DEGREE DAYS
 HEATING
  TODAY            0                         0      0        0
  MONTH TO DATE    0                         0      0        0
  SINCE SEP 1      0                         0      0        0
  SINCE JUL 1      0                         0      0        0

 COOLING
  TODAY           15                        14      1       19
  MONTH TO DATE   33                        28      5       39
  SINCE SEP 1     33                        28      5       39
  SINCE JAN 1   1363                      1620   -257     1602
..................................................................


WIND (MPH)
  HIGHEST WIND SPEED    28   HIGHEST WIND DIRECTION    NE (40)
  HIGHEST GUST SPEED    38   HIGHEST GUST DIRECTION    NE (40)
  AVERAGE WIND SPEED     4.0


SKY COVER
  POSSIBLE SUNSHINE  MM
  AVERAGE SKY COVER 0.4


WEATHER CONDITIONS
 THE FOLLOWING WEATHER WAS RECORDED TODAY.
  THUNDERSTORM
  LIGHT RAIN
  FOG


RELATIVE HUMIDITY (PERCENT)
 HIGHEST    94           400 AM
 LOWEST     51           300 PM
 AVERAGE    73

..........................................................


THE DE QUEEN CLIMATE NORMALS FOR TOMORROW
                         NORMAL    RECORD    YEAR
 MAXIMUM TEMPERATURE (F)   92       106      2000
 MINIMUM TEMPERATURE (F)   66        49      1952


SUNRISE AND SUNSET
SEPTEMBER  2 2014.....SUNRISE   652 AM CDT   SUNSET   742 PM CDT
SEPTEMBER  3 2014.....SUNRISE   653 AM CDT   SUNSET   741 PM CDT


-  INDICATES NEGATIVE NUMBERS.
R  INDICATES RECORD WAS SET OR TIED.
MM INDICATES DATA IS MISSING.
T  INDICATES TRACE AMOUNT.




$$
