000
CDUS44 KSHV 300742
CLIDEQ


CLIMATE REPORT
NATIONAL WEATHER SERVICE SHREVEPORT, LA
238 AM CDT FRI SEP 30 2016


...................................

...THE DE QUEEN CLIMATE SUMMARY FOR SEPTEMBER 29 2016...

CLIMATE NORMAL PERIOD 1981 TO 2010
CLIMATE RECORD PERIOD 1902 TO 2016


WEATHER ITEM   OBSERVED TIME   RECORD YEAR NORMAL DEPARTURE LAST
                VALUE   (LST)  VALUE       VALUE  FROM      YEAR
                                                  NORMAL
..................................................................
TEMPERATURE (F)
 YESTERDAY
  MAXIMUM         77    421 PM 101    1953  81     -4       90
  MINIMUM         48    625 AM  35    1967  56     -8       66
  AVERAGE         63                        68     -5       78

PRECIPITATION (IN)
  YESTERDAY        0.00          3.12 1980   0.12  -0.12     0.00
  MONTH TO DATE    2.26                      3.51  -1.25     0.58
  SINCE DEC 1     40.27                     39.46   0.81    38.94
  SINCE JAN 1     29.99                     35.10  -5.11    37.22

SNOWFALL (IN)
  YESTERDAY        0.0
  MONTH TO DATE    0.0
  SINCE SEP 1      0.0
  SINCE JUL 1      0.0
  SNOW DEPTH       0

DEGREE DAYS
 HEATING
  YESTERDAY        2                         1      1        0
  MONTH TO DATE    2                         6     -4        0
  SINCE SEP 1      2                         6     -4        0
  SINCE JUL 1      2                         6     -4        0

 COOLING
  YESTERDAY        0                         5     -5       13
  MONTH TO DATE  345                       270     75      353
  SINCE SEP 1    345                       270     75      353
  SINCE JAN 1   2082                      1862    220     2046
..................................................................


WIND (MPH)
  HIGHEST WIND SPEED    13   HIGHEST WIND DIRECTION    NE (40)
  HIGHEST GUST SPEED    19   HIGHEST GUST DIRECTION    NW (320)
  AVERAGE WIND SPEED     3.0


SKY COVER
  POSSIBLE SUNSHINE  MM
  AVERAGE SKY COVER 0.0


WEATHER CONDITIONS
 THE FOLLOWING WEATHER WAS RECORDED YESTERDAY.
  FOG
  HAZE


RELATIVE HUMIDITY (PERCENT)
 HIGHEST   100           300 AM
 LOWEST     38           100 PM
 AVERAGE    69

..........................................................


THE DE QUEEN CLIMATE NORMALS FOR TODAY
                         NORMAL    RECORD    YEAR
 MAXIMUM TEMPERATURE (F)   81       103      1953
 MINIMUM TEMPERATURE (F)   56        40      1992


SUNRISE AND SUNSET
SEPTEMBER 30 2016.....SUNRISE   712 AM CDT   SUNSET   702 PM CDT
OCTOBER  1 2016.......SUNRISE   712 AM CDT   SUNSET   701 PM CDT


-  INDICATES NEGATIVE NUMBERS.
R  INDICATES RECORD WAS SET OR TIED.
MM INDICATES DATA IS MISSING.
T  INDICATES TRACE AMOUNT.




$$
