000
CDUS44 KSHV 250743
CLIDEQ


CLIMATE REPORT
NATIONAL WEATHER SERVICE SHREVEPORT, LA
243 AM CDT WED MAY 25 2016


...................................

...THE DE QUEEN CLIMATE SUMMARY FOR MAY 24 2016...

CLIMATE NORMAL PERIOD 1981 TO 2010
CLIMATE RECORD PERIOD 1902 TO 2016


WEATHER ITEM   OBSERVED TIME   RECORD YEAR NORMAL DEPARTURE LAST
                VALUE   (LST)  VALUE       VALUE  FROM      YEAR
                                                  NORMAL
..................................................................
TEMPERATURE (F)
 YESTERDAY
  MAXIMUM         84    350 PM  94    1958  83      1       77
  MINIMUM         67   1257 AM  48    1940  61      6       71
  AVERAGE         76                        72      4       74

PRECIPITATION (IN)
  YESTERDAY        T             1.73 1993   0.13  -0.13     0.47
  MONTH TO DATE    1.27                      4.65  -3.38    10.85
  SINCE DEC 1     28.75                     24.58   4.17    28.79
  SINCE JAN 1     18.47                     20.22  -1.75    27.07

SNOWFALL (IN)
  YESTERDAY        0.0
  MONTH TO DATE    0.0
  SINCE MAR 1      0.0
  SINCE JUL 1      0.0
  SNOW DEPTH       0

DEGREE DAYS
 HEATING
  YESTERDAY        0                         0      0        0
  MONTH TO DATE   27                        21      6       10
  SINCE MAR 1    370                       551   -181      455
  SINCE JUL 1   2322                      3042   -720     3107

 COOLING
  YESTERDAY       11                         7      4        9
  MONTH TO DATE   76                       114    -38      132
  SINCE MAR 1    126                       159    -33      180
  SINCE JAN 1    126                       161    -35      180
..................................................................


WIND (MPH)
  HIGHEST WIND SPEED    14   HIGHEST WIND DIRECTION     S (170)
  HIGHEST GUST SPEED    18   HIGHEST GUST DIRECTION     S (180)
  AVERAGE WIND SPEED     5.3


SKY COVER
  POSSIBLE SUNSHINE  MM
  AVERAGE SKY COVER 0.7


WEATHER CONDITIONS
 THE FOLLOWING WEATHER WAS RECORDED YESTERDAY.
  FOG


RELATIVE HUMIDITY (PERCENT)
 HIGHEST    93           100 AM
 LOWEST     69           300 PM
 AVERAGE    81

..........................................................


THE DE QUEEN CLIMATE NORMALS FOR TODAY
                         NORMAL    RECORD    YEAR
 MAXIMUM TEMPERATURE (F)   83        93      1964
 MINIMUM TEMPERATURE (F)   61        47      1979


SUNRISE AND SUNSET
MAY 25 2016...........SUNRISE   610 AM CDT   SUNSET   820 PM CDT
MAY 26 2016...........SUNRISE   609 AM CDT   SUNSET   820 PM CDT


-  INDICATES NEGATIVE NUMBERS.
R  INDICATES RECORD WAS SET OR TIED.
MM INDICATES DATA IS MISSING.
T  INDICATES TRACE AMOUNT.




$$
