000
CDUS44 KSHV 302137
CLIDEQ


CLIMATE REPORT
NATIONAL WEATHER SERVICE SHREVEPORT, LA
435 PM CDT SAT MAY 30 2015


...................................

...THE DE QUEEN CLIMATE SUMMARY FOR MAY 30 2015...
VALID TODAY AS OF 0400 PM LOCAL TIME.

CLIMATE NORMAL PERIOD 1981 TO 2010
CLIMATE RECORD PERIOD 1902 TO 2015


WEATHER ITEM   OBSERVED TIME   RECORD YEAR NORMAL DEPARTURE LAST
                VALUE   (LST)  VALUE       VALUE  FROM      YEAR
                                                  NORMAL
..................................................................
TEMPERATURE (F)
 TODAY
  MAXIMUM         80    259 PM  94    1977  84     -4       82
  MINIMUM         65    415 AM  46    1992  63      2       68
  AVERAGE         73                        74     -1       75

PRECIPITATION (IN)
  TODAY            0.00          2.22 1994   0.12  -0.12     0.21
  MONTH TO DATE   12.35                      5.42   6.93     5.96
  SINCE DEC 1     30.29                     25.35   4.94    16.29
  SINCE JAN 1     28.57                     20.99   7.58    14.36

DEGREE DAYS
 HEATING
  TODAY            0                         0      0        0
  MONTH TO DATE   10                        21    -11       51
  SINCE MAR 1    455                       551    -96      692
  SINCE JUL 1   3107                      3042     65     3464

 COOLING
  TODAY            8                         9     -1       10
  MONTH TO DATE  182                       162     20      159
  SINCE MAR 1    230                       207     23      197
  SINCE JAN 1    230                       209     21      197
..................................................................


WIND (MPH)
  HIGHEST WIND SPEED    13   HIGHEST WIND DIRECTION     N (360)
  HIGHEST GUST SPEED    18   HIGHEST GUST DIRECTION     N (360)
  AVERAGE WIND SPEED     5.7


SKY COVER
  POSSIBLE SUNSHINE  MM
  AVERAGE SKY COVER 0.6


WEATHER CONDITIONS
 THE FOLLOWING WEATHER WAS RECORDED TODAY.
  FOG
  FOG W/VISIBILITY <= 1/4 MILE


RELATIVE HUMIDITY (PERCENT)
 HIGHEST   100           500 AM
 LOWEST     71           300 PM
 AVERAGE    86

..........................................................


THE DE QUEEN CLIMATE NORMALS FOR TOMORROW
                         NORMAL    RECORD    YEAR
 MAXIMUM TEMPERATURE (F)   85        96      2003
 MINIMUM TEMPERATURE (F)   63        46      1992


SUNRISE AND SUNSET
MAY 30 2015...........SUNRISE   608 AM CDT   SUNSET   823 PM CDT
MAY 31 2015...........SUNRISE   608 AM CDT   SUNSET   823 PM CDT


-  INDICATES NEGATIVE NUMBERS.
R  INDICATES RECORD WAS SET OR TIED.
MM INDICATES DATA IS MISSING.
T  INDICATES TRACE AMOUNT.




$$
