000
CDUS44 KSHV 300803
CLIDEQ


CLIMATE REPORT
NATIONAL WEATHER SERVICE SHREVEPORT, LA
257 AM CDT SUN APR 30 2017


...................................

...THE DE QUEEN CLIMATE SUMMARY FOR APRIL 29 2017...

CLIMATE NORMAL PERIOD 1981 TO 2010
CLIMATE RECORD PERIOD 1902 TO 2017


WEATHER ITEM   OBSERVED TIME   RECORD YEAR NORMAL DEPARTURE LAST
                VALUE   (LST)  VALUE       VALUE  FROM      YEAR
                                                  NORMAL
..................................................................
TEMPERATURE (F)
 YESTERDAY
  MAXIMUM         82    132 PM  91    1955  77      5       72
  MINIMUM         67   1159 PM  36    1965  53     14       64
  AVERAGE         75                        65     10       68

PRECIPITATION (IN)
  YESTERDAY        0.25          6.07 2016   0.17   0.08     6.07
  MONTH TO DATE    8.38                      3.74   4.64    10.64
  SINCE DEC 1     19.16                     19.74  -0.58    27.48
  SINCE JAN 1     16.45                     15.38   1.07    17.20

SNOWFALL (IN)
  YESTERDAY        0.0
  MONTH TO DATE    0.0
  SINCE MAR 1      0.0
  SINCE JUL 1      0.3
  SNOW DEPTH       0

DEGREE DAYS
 HEATING
  YESTERDAY        0                         2     -2        0
  MONTH TO DATE   69                       151    -82       89
  SINCE MAR 1    302                       528   -226      343
  SINCE JUL 1   2071                      3019   -948     2295

 COOLING
  YESTERDAY       10                         2      8        3
  MONTH TO DATE   70                        36     34       34
  SINCE MAR 1     97                        45     52       42
  SINCE JAN 1    107                        47     60       42
..................................................................


WIND (MPH)
  HIGHEST WIND SPEED    21   HIGHEST WIND DIRECTION     S (180)
  HIGHEST GUST SPEED    30   HIGHEST GUST DIRECTION     S (190)
  AVERAGE WIND SPEED     8.0


SKY COVER
  POSSIBLE SUNSHINE  MM
  AVERAGE SKY COVER 0.9


WEATHER CONDITIONS
 THE FOLLOWING WEATHER WAS RECORDED YESTERDAY.
  THUNDERSTORM
  RAIN
  LIGHT RAIN
  FOG


RELATIVE HUMIDITY (PERCENT)
 HIGHEST   100           600 AM
 LOWEST     79           400 PM
 AVERAGE    90

..........................................................


THE DE QUEEN CLIMATE NORMALS FOR TODAY
                         NORMAL    RECORD    YEAR
 MAXIMUM TEMPERATURE (F)   77        92      1990
 MINIMUM TEMPERATURE (F)   53        36      1996


SUNRISE AND SUNSET
APRIL 30 2017.........SUNRISE   629 AM CDT   SUNSET   801 PM CDT
MAY  1 2017...........SUNRISE   628 AM CDT   SUNSET   802 PM CDT


-  INDICATES NEGATIVE NUMBERS.
R  INDICATES RECORD WAS SET OR TIED.
MM INDICATES DATA IS MISSING.
T  INDICATES TRACE AMOUNT.




$$
