000
CDUS44 KSHV 220842
CLIDEQ


CLIMATE REPORT
NATIONAL WEATHER SERVICE SHREVEPORT, LA
241 AM CST THU FEB 22 2018


...................................

...THE DE QUEEN CLIMATE SUMMARY FOR FEBRUARY 21 2018...

CLIMATE NORMAL PERIOD 1981 TO 2010
CLIMATE RECORD PERIOD 1902 TO 2018


WEATHER ITEM   OBSERVED TIME   RECORD YEAR NORMAL DEPARTURE LAST
                VALUE   (LST)  VALUE       VALUE  FROM      YEAR
                                                  NORMAL
..................................................................
TEMPERATURE (F)
 YESTERDAY
  MAXIMUM         57   1215 AM  87    1986  60     -3       70
  MINIMUM         45    857 PM  18    1939  34     11       53
  AVERAGE         51                        47      4       62

PRECIPITATION (IN)
  YESTERDAY        0.67          2.25 1997   0.11   0.56     0.25
  MONTH TO DATE    4.00                      2.97   1.03     1.09
  SINCE DEC 1     11.48                     10.65   0.83     6.41
  SINCE JAN 1      6.23                      6.29  -0.06     3.70

SNOWFALL (IN)
  YESTERDAY       MM
  MONTH TO DATE    T
  SINCE DEC 1      0.1
  SINCE JUL 1      0.1
  SNOW DEPTH       0

DEGREE DAYS
 HEATING
  YESTERDAY       14                        18     -4        3
  MONTH TO DATE  395                       436    -41      249
  SINCE DEC 1   1832                      1846    -14     1386
  SINCE JUL 1   2295                      2372    -77     1700

 COOLING
  YESTERDAY        0                         0      0        0
  MONTH TO DATE    1                         0      1        4
  SINCE DEC 1      2                         1      1        9
  SINCE JAN 1      1                         1      0        7
..................................................................


WIND (MPH)
  HIGHEST WIND SPEED    17   HIGHEST WIND DIRECTION     N (350)
  HIGHEST GUST SPEED    24   HIGHEST GUST DIRECTION     N (350)
  AVERAGE WIND SPEED     7.6


SKY COVER
  POSSIBLE SUNSHINE  MM
  AVERAGE SKY COVER 1.0


WEATHER CONDITIONS
 THE FOLLOWING WEATHER WAS RECORDED YESTERDAY.
  HEAVY RAIN
  RAIN
  LIGHT RAIN
  FOG


RELATIVE HUMIDITY (PERCENT)
 HIGHEST   100          1200 AM
 LOWEST     93           700 AM
 AVERAGE    97

..........................................................


THE DE QUEEN CLIMATE NORMALS FOR TODAY
                         NORMAL    RECORD    YEAR
 MAXIMUM TEMPERATURE (F)   60        88      1996
 MINIMUM TEMPERATURE (F)   34        14      1963


SUNRISE AND SUNSET
FEBRUARY 22 2018......SUNRISE   655 AM CST   SUNSET   608 PM CST
FEBRUARY 23 2018......SUNRISE   653 AM CST   SUNSET   609 PM CST


-  INDICATES NEGATIVE NUMBERS.
R  INDICATES RECORD WAS SET OR TIED.
MM INDICATES DATA IS MISSING.
T  INDICATES TRACE AMOUNT.




$$
