490
CDUS44 KSHV 062237
CLIDEQ


CLIMATE REPORT
NATIONAL WEATHER SERVICE SHREVEPORT, LA
436 PM CST SAT FEB 6 2016


...................................

...THE DE QUEEN CLIMATE SUMMARY FOR FEBRUARY 6 2016...
VALID TODAY AS OF 0400 PM LOCAL TIME.

CLIMATE NORMAL PERIOD 1981 TO 2010
CLIMATE RECORD PERIOD 1902 TO 2016


WEATHER ITEM   OBSERVED TIME   RECORD YEAR NORMAL DEPARTURE LAST
                VALUE   (LST)  VALUE       VALUE  FROM      YEAR
                                                  NORMAL
..................................................................
TEMPERATURE (F)
 TODAY
  MAXIMUM         59    354 PM  74    1963  56      3       54
  MINIMUM         28    121 AM  10    1996  30     -2       32
  AVERAGE         44                        43      1       43

PRECIPITATION (IN)
  TODAY            0.00          0.88 2005   0.15  -0.15     0.00
  MONTH TO DATE    0.10                      0.95  -0.85     0.46
  SINCE DEC 1     11.25                      8.63   2.62     7.26
  SINCE JAN 1      0.97                      4.27  -3.30     5.54

SNOWFALL (IN)
  TODAY            0.0
  MONTH TO DATE    0.0
  SINCE DEC 1      0.0
  SINCE JUL 1      0.0
  SNOW DEPTH       0

DEGREE DAYS
 HEATING
  TODAY           21                        22     -1       22
  MONTH TO DATE  119                       135    -16      145
  SINCE DEC 1   1253                      1545   -292     1481
  SINCE JUL 1   1594                      2071   -477     2103

 COOLING
  TODAY            0                         0      0        0
  MONTH TO DATE    0                         0      0        0
  SINCE DEC 1      3                         1      2        0
  SINCE JAN 1      0                         1     -1        0
..................................................................


WIND (MPH)
  HIGHEST WIND SPEED     8   HIGHEST WIND DIRECTION    NE (40)
  HIGHEST GUST SPEED    12   HIGHEST GUST DIRECTION     S (190)
  AVERAGE WIND SPEED     2.5


SKY COVER
  POSSIBLE SUNSHINE  MM
  AVERAGE SKY COVER 0.2


WEATHER CONDITIONS
 THE FOLLOWING WEATHER WAS RECORDED TODAY.
  FOG


RELATIVE HUMIDITY (PERCENT)
 HIGHEST    92          1200 AM
 LOWEST     23           400 PM
 AVERAGE    58

..........................................................


THE DE QUEEN CLIMATE NORMALS FOR TOMORROW
                         NORMAL    RECORD    YEAR
 MAXIMUM TEMPERATURE (F)   56        80      1937
 MINIMUM TEMPERATURE (F)   30        14      1975


SUNRISE AND SUNSET
FEBRUARY  6 2016......SUNRISE   711 AM CST   SUNSET   553 PM CST
FEBRUARY  7 2016......SUNRISE   710 AM CST   SUNSET   554 PM CST


-  INDICATES NEGATIVE NUMBERS.
R  INDICATES RECORD WAS SET OR TIED.
MM INDICATES DATA IS MISSING.
T  INDICATES TRACE AMOUNT.




$$
