000
CDUS44 KSHV 232136
CLIDEQ


CLIMATE REPORT
NATIONAL WEATHER SERVICE SHREVEPORT, LA
435 PM CDT TUE SEP 23 2014


...................................

...THE DE QUEEN CLIMATE SUMMARY FOR SEPTEMBER 23 2014...
VALID TODAY AS OF 0400 PM LOCAL TIME.

CLIMATE NORMAL PERIOD 1981 TO 2010
CLIMATE RECORD PERIOD 1902 TO 2014


WEATHER ITEM   OBSERVED TIME   RECORD YEAR NORMAL DEPARTURE LAST
                VALUE   (LST)  VALUE       VALUE  FROM      YEAR
                                                  NORMAL
..................................................................
TEMPERATURE (F)
 TODAY
  MAXIMUM         79    239 PM  97    1939  83     -4       82
  MINIMUM         50    534 AM  40    1994  58     -8       50
  AVERAGE         65                        71     -6       66

PRECIPITATION (IN)
  TODAY            0.00          3.80 1955   0.12  -0.12     0.00
  MONTH TO DATE    7.09                      2.77   4.32     4.88
  SINCE DEC 1     35.37                     38.72  -3.35    29.23
  SINCE JAN 1     33.44                     34.36  -0.92    25.18

DEGREE DAYS
 HEATING
  TODAY            0                         0      0        0
  MONTH TO DATE    1                         0      1        0
  SINCE SEP 1      1                         0      1        0
  SINCE JUL 1      1                         0      1        0

 COOLING
  TODAY            0                         6     -6        1
  MONTH TO DATE  263                       238     25      307
  SINCE SEP 1    263                       238     25      307
  SINCE JAN 1   1593                      1830   -237     1870
..................................................................


WIND (MPH)
  HIGHEST WIND SPEED    13   HIGHEST WIND DIRECTION    SE (120)
  HIGHEST GUST SPEED    16   HIGHEST GUST DIRECTION     E (110)
  AVERAGE WIND SPEED     4.2


SKY COVER
  POSSIBLE SUNSHINE  MM
  AVERAGE SKY COVER 0.0


WEATHER CONDITIONS
 THE FOLLOWING WEATHER WAS RECORDED TODAY.
  FOG


RELATIVE HUMIDITY (PERCENT)
 HIGHEST   100          1200 AM
 LOWEST     43          1200 PM
 AVERAGE    72

..........................................................


THE DE QUEEN CLIMATE NORMALS FOR TOMORROW
                         NORMAL    RECORD    YEAR
 MAXIMUM TEMPERATURE (F)   83        98      1939
 MINIMUM TEMPERATURE (F)   58        37      1989


SUNRISE AND SUNSET
SEPTEMBER 23 2014.....SUNRISE   706 AM CDT   SUNSET   713 PM CDT
SEPTEMBER 24 2014.....SUNRISE   707 AM CDT   SUNSET   711 PM CDT


-  INDICATES NEGATIVE NUMBERS.
R  INDICATES RECORD WAS SET OR TIED.
MM INDICATES DATA IS MISSING.
T  INDICATES TRACE AMOUNT.




$$
