000
CDUS44 KSHV 130844
CLIDEQ


CLIMATE REPORT
NATIONAL WEATHER SERVICE SHREVEPORT, LA
239 AM CST WED DEC 13 2017


...................................

...THE DE QUEEN CLIMATE SUMMARY FOR DECEMBER 12 2017...

CLIMATE NORMAL PERIOD 1981 TO 2010
CLIMATE RECORD PERIOD 1902 TO 2017


WEATHER ITEM   OBSERVED TIME   RECORD YEAR NORMAL DEPARTURE LAST
                VALUE   (LST)  VALUE       VALUE  FROM      YEAR
                                                  NORMAL
..................................................................
TEMPERATURE (F)
 YESTERDAY
  MAXIMUM         57    236 PM  78    1996  56      1       59
  MINIMUM         26   1159 PM  12    1962  31     -5       50
  AVERAGE         42                        43     -1       55

PRECIPITATION (IN)
  YESTERDAY        0.00          2.75 1954   0.12  -0.12     0.00
  MONTH TO DATE    0.90                      1.47  -0.57     0.89
  SINCE DEC 1      0.90                      1.47  -0.57     0.89
  SINCE JAN 1     36.42                     46.10  -9.68    35.71

SNOWFALL (IN)
  YESTERDAY        0.0
  MONTH TO DATE    0.0
  SINCE DEC 1      0.0
  SINCE JUL 1      0.0
  SNOW DEPTH       0

DEGREE DAYS
 HEATING
  YESTERDAY       23                        22      1       10
  MONTH TO DATE  207                       249    -42      239
  SINCE DEC 1    207                       249    -42      239
  SINCE JUL 1    670                       775   -105      553

 COOLING
  YESTERDAY        0                         0      0        0
  MONTH TO DATE    1                         0      1        0
  SINCE DEC 1      1                         0      1        0
  SINCE JAN 1   2089                      1941    148     2239
..................................................................


WIND (MPH)
  HIGHEST WIND SPEED    18   HIGHEST WIND DIRECTION     N (340)
  HIGHEST GUST SPEED    26   HIGHEST GUST DIRECTION    NW (320)
  AVERAGE WIND SPEED     5.8


SKY COVER
  POSSIBLE SUNSHINE  MM
  AVERAGE SKY COVER 0.0


WEATHER CONDITIONS
 THE FOLLOWING WEATHER WAS RECORDED YESTERDAY.
  NO SIGNIFICANT WEATHER WAS OBSERVED.


RELATIVE HUMIDITY (PERCENT)
 HIGHEST    92          1100 PM
 LOWEST     18           300 PM
 AVERAGE    55

..........................................................


THE DE QUEEN CLIMATE NORMALS FOR TODAY
                         NORMAL    RECORD    YEAR
 MAXIMUM TEMPERATURE (F)   55        78      1948
 MINIMUM TEMPERATURE (F)   30        14      1989


SUNRISE AND SUNSET
DECEMBER 13 2017......SUNRISE   715 AM CST   SUNSET   509 PM CST
DECEMBER 14 2017......SUNRISE   715 AM CST   SUNSET   510 PM CST


-  INDICATES NEGATIVE NUMBERS.
R  INDICATES RECORD WAS SET OR TIED.
MM INDICATES DATA IS MISSING.
T  INDICATES TRACE AMOUNT.




$$
