000
CDUS46 KOTX 200827
CLIDEW


CLIMATE REPORT
NATIONAL WEATHER SERVICE SPOKANE, WA
1226 AM PST MON NOV 20 2017


...................................

...THE DEER_PARK WA AIRPORT CLIMATE SUMMARY FOR NOVEMBER 19 2017...

CLIMATE NORMAL PERIOD 1981 TO 2010
CLIMATE RECORD PERIOD 9999 TO 9999


WEATHER ITEM   OBSERVED TIME   RECORD YEAR NORMAL DEPARTURE LAST
                VALUE   (LST)  VALUE       VALUE  FROM      YEAR
                                                  NORMAL
..................................................................
TEMPERATURE (F)
 YESTERDAY
  MAXIMUM         43   1000 PM  MM      MM  40      3       38
  MINIMUM         24    701 AM  MM      MM  26     -2       36
  AVERAGE         34                        33      1       37

PRECIPITATION (IN)
  YESTERDAY        0.13         MM      MM   0.12   0.01     0.16
  MONTH TO DATE    2.06                      2.02   0.04     1.26
  SINCE OCT 1      4.29                      3.64   0.65     8.82
  SINCE JAN 1     22.19                     18.08   4.11    23.39

SNOWFALL (IN)
  YESTERDAY       MM

DEGREE DAYS
 HEATING
  YESTERDAY       31                        32     -1       28
  MONTH TO DATE  571                       557     14      392
  SINCE SEP 1   1475                      1481     -6     1218
  SINCE JUL 1   1512                      1625   -113     1338

 COOLING
  YESTERDAY        0                         0      0        0
  MONTH TO DATE    0                         0      0        0
  SINCE SEP 1     36                        12     24        0
  SINCE JAN 1    305                       187    118      212
..................................................................


WIND (MPH)
  HIGHEST WIND SPEED    26   HIGHEST WIND DIRECTION    SW (230)
  HIGHEST GUST SPEED    34   HIGHEST GUST DIRECTION    SW (220)
  AVERAGE WIND SPEED     6.0


SKY COVER
  POSSIBLE SUNSHINE  MM
  AVERAGE SKY COVER 0.3


WEATHER CONDITIONS
 THE FOLLOWING WEATHER WAS RECORDED YESTERDAY.
  RAIN
  LIGHT RAIN
  FOG


RELATIVE HUMIDITY (PERCENT)
 HIGHEST   100           300 AM
 LOWEST     53          1000 PM
 AVERAGE    77

..........................................................


THE DEER_PARK WA AIRPORT CLIMATE NORMALS FOR TODAY
                         NORMAL    RECORD    YEAR
 MAXIMUM TEMPERATURE (F)   39        MM        MM
 MINIMUM TEMPERATURE (F)   25        MM        MM


SUNRISE AND SUNSET
NOVEMBER 20 2017......SUNRISE   704 AM PST   SUNSET   406 PM PST
NOVEMBER 21 2017......SUNRISE   705 AM PST   SUNSET   406 PM PST


-  INDICATES NEGATIVE NUMBERS.
R  INDICATES RECORD WAS SET OR TIED.
MM INDICATES DATA IS MISSING.
T  INDICATES TRACE AMOUNT.




$$
