000
CDUS46 KOTX 210836
CLIDEW


CLIMATE REPORT
NATIONAL WEATHER SERVICE SPOKANE, WA
136 AM PDT THU SEP 21 2017


...................................

...THE DEER_PARK WA AIRPORT CLIMATE SUMMARY FOR SEPTEMBER 20 2017...

CLIMATE NORMAL PERIOD 1981 TO 2010
CLIMATE RECORD PERIOD 9999 TO 9999


WEATHER ITEM   OBSERVED TIME   RECORD YEAR NORMAL DEPARTURE LAST
                VALUE   (LST)  VALUE       VALUE  FROM      YEAR
                                                  NORMAL
..................................................................
TEMPERATURE (F)
 YESTERDAY
  MAXIMUM         51        MM  MM      MM  72    -21       68
  MINIMUM         37        MM  MM      MM  38     -1       35
  AVERAGE         44                        55    -11       52

PRECIPITATION (IN)
  YESTERDAY        0.00         MM      MM   0.03  -0.03     0.00
  MONTH TO DATE    0.84                      0.63   0.21     0.29
  SINCE OCT 1     29.25                     21.89   7.36    23.53
  SINCE JAN 1     17.81                     14.07   3.74    14.54

SNOWFALL (IN)
  YESTERDAY       MM

DEGREE DAYS
 HEATING
  YESTERDAY       21                        10     11       13
  MONTH TO DATE  127                       148    -21      199
  SINCE SEP 1    127                       148    -21      199
  SINCE JUL 1    164                       292   -128      319

 COOLING
  YESTERDAY        0                         0      0        0
  MONTH TO DATE   36                        10     26        0
  SINCE SEP 1     36                        10     26        0
  SINCE JAN 1    305                       185    120      212
..................................................................


WIND (MPH)
  HIGHEST WIND SPEED    13   HIGHEST WIND DIRECTION     S (200)
  HIGHEST GUST SPEED    MM   HIGHEST GUST DIRECTION    MM
  AVERAGE WIND SPEED     4.0


SKY COVER
  POSSIBLE SUNSHINE  MM
  AVERAGE SKY COVER 0.9


WEATHER CONDITIONS
 THE FOLLOWING WEATHER WAS RECORDED YESTERDAY.
  FOG


RELATIVE HUMIDITY (PERCENT)
 HIGHEST   100          1200 AM
 LOWEST     66           100 PM
 AVERAGE    83

..........................................................


THE DEER_PARK WA AIRPORT CLIMATE NORMALS FOR TODAY
                         NORMAL    RECORD    YEAR
 MAXIMUM TEMPERATURE (F)   71        MM        MM
 MINIMUM TEMPERATURE (F)   37        MM        MM


SUNRISE AND SUNSET
SEPTEMBER 21 2017.....SUNRISE   635 AM PDT   SUNSET   649 PM PDT
SEPTEMBER 22 2017.....SUNRISE   637 AM PDT   SUNSET   647 PM PDT


-  INDICATES NEGATIVE NUMBERS.
R  INDICATES RECORD WAS SET OR TIED.
MM INDICATES DATA IS MISSING.
T  INDICATES TRACE AMOUNT.




$$
