000
CDUS44 KFWD 250637
CLIDFW


CLIMATE REPORT
NATIONAL WEATHER SERVICE FORT WORTH TX
137 AM CDT TUE JUL 25 2017


...................................

...THE DALLAS FORT WORTH CLIMATE SUMMARY FOR JULY 24 2017...

CLIMATE NORMAL PERIOD 1981 TO 2010
CLIMATE RECORD PERIOD 1898 TO 2017


WEATHER ITEM   OBSERVED TIME   RECORD YEAR NORMAL DEPARTURE LAST
                VALUE   (LST)  VALUE       VALUE  FROM      YEAR
                                                  NORMAL
..................................................................
TEMPERATURE (F)
 YESTERDAY
  MAXIMUM         92    505 PM 108    1977  96     -4      100
                                      1954
  MINIMUM         73   1202 AM  64    1911  76     -3       81
  AVERAGE         83                        86     -3       91

PRECIPITATION (IN)
  YESTERDAY        0.47          1.22 1913   0.06   0.41     0.00
  MONTH TO DATE    4.12                      1.79   2.33     3.86
  SINCE JUN 1     12.56                      5.58   6.98     7.46
  SINCE JAN 1     24.42                     21.83   2.59    24.22

DEGREE DAYS
 HEATING
  YESTERDAY        0                         0      0        0
  MONTH TO DATE    0                         0      0        0
  SINCE JUN 1      0                         0      0        0
  SINCE JUL 1      0                         0      0        0

 COOLING
  YESTERDAY       18                        21     -3       26
  MONTH TO DATE  514                       483     31      535
  SINCE JUN 1   1046                       974     72     1109
  SINCE JAN 1   1728                      1396    332     1532
..................................................................


WIND (MPH)
  HIGHEST WIND SPEED    18   HIGHEST WIND DIRECTION     W (290)
  HIGHEST GUST SPEED    24   HIGHEST GUST DIRECTION     W (280)
  AVERAGE WIND SPEED     8.1


SKY COVER
  POSSIBLE SUNSHINE  MM
  AVERAGE SKY COVER 0.6


WEATHER CONDITIONS
 THE FOLLOWING WEATHER WAS RECORDED YESTERDAY.
  THUNDERSTORM
  HEAVY RAIN
  RAIN
  LIGHT RAIN
  FOG


RELATIVE HUMIDITY (PERCENT)
 HIGHEST    94           200 AM
 LOWEST     56           300 PM
 AVERAGE    75

..........................................................


THE DALLAS FORT WORTH CLIMATE NORMALS FOR TODAY
                         NORMAL    RECORD    YEAR
 MAXIMUM TEMPERATURE (F)   97       109      1954
 MINIMUM TEMPERATURE (F)   76        65      1915


SUNRISE AND SUNSET
JULY 25 2017..........SUNRISE   637 AM CDT   SUNSET   832 PM CDT
JULY 26 2017..........SUNRISE   638 AM CDT   SUNSET   831 PM CDT


-  INDICATES NEGATIVE NUMBERS.
R  INDICATES RECORD WAS SET OR TIED.
MM INDICATES DATA IS MISSING.
T  INDICATES TRACE AMOUNT.




$$
