000
CDUS44 KFWD 260646
CLIDFW


CLIMATE REPORT
NATIONAL WEATHER SERVICE FORT WORTH TX
146 AM CDT THU MAY 26 2016


...................................

...THE DALLAS FORT WORTH CLIMATE SUMMARY FOR MAY 25 2016...

CLIMATE NORMAL PERIOD 1981 TO 2010
CLIMATE RECORD PERIOD 1898 TO 2016


WEATHER ITEM   OBSERVED TIME   RECORD YEAR NORMAL DEPARTURE LAST
                VALUE   (LST)  VALUE       VALUE  FROM      YEAR
                                                  NORMAL
..................................................................
TEMPERATURE (F)
 YESTERDAY
  MAXIMUM         86    506 PM  97    1980  86      0       76
  MINIMUM         78    646 AM  51    1979  67     11       59
  AVERAGE         82                        76      6       68

PRECIPITATION (IN)
  YESTERDAY        0.00          2.31 1957   0.15  -0.15     0.43
  MONTH TO DATE    2.95                      3.96  -1.01    11.88
  SINCE MAR 1     10.22                     10.52  -0.30    19.97
  SINCE JAN 1     13.46                     15.31  -1.85    26.55

DEGREE DAYS
 HEATING
  YESTERDAY        0                         0      0        0
  MONTH TO DATE   12                         6      6        6
  SINCE MAR 1    181                       350   -169      363
  SINCE JUL 1   1592                      2282   -690     2399

 COOLING
  YESTERDAY       17                        12      5        3
  MONTH TO DATE  182                       210    -28      158
  SINCE MAR 1    343                       341      2      281
  SINCE JAN 1    354                       348      6      281
..................................................................


WIND (MPH)
  HIGHEST WIND SPEED    24   HIGHEST WIND DIRECTION     S (180)
  HIGHEST GUST SPEED    32   HIGHEST GUST DIRECTION     S (180)
  AVERAGE WIND SPEED    15.6


SKY COVER
  POSSIBLE SUNSHINE  MM
  AVERAGE SKY COVER 1.0


WEATHER CONDITIONS
 THE FOLLOWING WEATHER WAS RECORDED YESTERDAY.
  NO SIGNIFICANT WEATHER WAS OBSERVED.


RELATIVE HUMIDITY (PERCENT)
 HIGHEST    79           500 AM
 LOWEST     65           100 PM
 AVERAGE    72

..........................................................


THE DALLAS FORT WORTH CLIMATE NORMALS FOR TODAY
                         NORMAL    RECORD    YEAR
 MAXIMUM TEMPERATURE (F)   86        99      1980
 MINIMUM TEMPERATURE (F)   67        50      1901


SUNRISE AND SUNSET
MAY 26 2016...........SUNRISE   623 AM CDT   SUNSET   828 PM CDT
MAY 27 2016...........SUNRISE   622 AM CDT   SUNSET   829 PM CDT


-  INDICATES NEGATIVE NUMBERS.
R  INDICATES RECORD WAS SET OR TIED.
MM INDICATES DATA IS MISSING.
T  INDICATES TRACE AMOUNT.




$$
