000
CDUS44 KFWD 300645
CLIDFW


CLIMATE REPORT
NATIONAL WEATHER SERVICE FORT WORTH TX
145 AM CDT SAT MAY 30 2015


...................................

...THE DALLAS FORT WORTH CLIMATE SUMMARY FOR MAY 29 2015...

CLIMATE NORMAL PERIOD 1981 TO 2010
CLIMATE RECORD PERIOD 1898 TO 2015


WEATHER ITEM   OBSERVED TIME   RECORD YEAR NORMAL DEPARTURE LAST
                VALUE   (LST)  VALUE       VALUE  FROM      YEAR
                                                  NORMAL
..................................................................
TEMPERATURE (F)
 YESTERDAY
  MAXIMUM         77    601 PM  99    1951  87    -10       89
                                      1916
  MINIMUM         65    540 AM  46    1947  68     -3       68
  AVERAGE         71                        78     -7       79

PRECIPITATION (IN)
  YESTERDAY        2.20          3.48 1946   0.15   2.05     0.00
  MONTH TO DATE   16.07                      4.58  11.49     3.39
  SINCE MAR 1     24.16                     11.14  13.02     6.58
  SINCE JAN 1     30.74                     15.93  14.81     7.32

DEGREE DAYS
 HEATING
  YESTERDAY        0                         0      0        0
  MONTH TO DATE    6                         6      0        9
  SINCE MAR 1    363                       350     13      430
  SINCE JUL 1   2399                      2282    117     2603

 COOLING
  YESTERDAY        6                        13     -7       14
  MONTH TO DATE  187                       259    -72      280
  SINCE MAR 1    310                       390    -80      447
  SINCE JAN 1    310                       397    -87      447
..................................................................


WIND (MPH)
  HIGHEST WIND SPEED    18   HIGHEST WIND DIRECTION     N (10)
  HIGHEST GUST SPEED    22   HIGHEST GUST DIRECTION     N (10)
  AVERAGE WIND SPEED     6.4


SKY COVER
  POSSIBLE SUNSHINE  MM
  AVERAGE SKY COVER 0.8


WEATHER CONDITIONS
 THE FOLLOWING WEATHER WAS RECORDED YESTERDAY.
  THUNDERSTORM
  HEAVY RAIN
  RAIN
  LIGHT RAIN
  FOG


RELATIVE HUMIDITY (PERCENT)
 HIGHEST   100          1200 AM
 LOWEST     64           500 PM
 AVERAGE    82

..........................................................


THE DALLAS FORT WORTH CLIMATE NORMALS FOR TODAY
                         NORMAL    RECORD    YEAR
 MAXIMUM TEMPERATURE (F)   88       103      1985
 MINIMUM TEMPERATURE (F)   68        47      1947


SUNRISE AND SUNSET
MAY 30 2015...........SUNRISE   621 AM CDT   SUNSET   830 PM CDT
MAY 31 2015...........SUNRISE   621 AM CDT   SUNSET   831 PM CDT


-  INDICATES NEGATIVE NUMBERS.
R  INDICATES RECORD WAS SET OR TIED.
MM INDICATES DATA IS MISSING.
T  INDICATES TRACE AMOUNT.




$$
