000
CDUS44 KFWD 270641
CLIDFW

CLIMATE REPORT
NATIONAL WEATHER SERVICE FORT WORTH TX
1238 AM CST TUE JAN 27 2015

...THE DALLAS FORT WORTH CLIMATE SUMMARY FOR JANUARY 26 2015...

CLIMATE NORMAL PERIOD 1981 TO 2010
CLIMATE RECORD PERIOD 1898 TO 2015


WEATHER ITEM   OBSERVED TIME   RECORD YEAR NORMAL DEPARTURE LAST
                VALUE   (LST)  VALUE       VALUE  FROM      YEAR
                                                  NORMAL
..................................................................
TEMPERATURE (F)
 YESTERDAY
  MAXIMUM         72    522 PM  82    1953  57     15       74
  MINIMUM         34    722 AM  12    1904  36     -2       47
  AVERAGE         53                        47      6       61

PRECIPITATION (IN)
  YESTERDAY        0.00          1.46 1916   0.08  -0.08     0.00
  MONTH TO DATE    3.08                      1.74   1.34     0.33
  SINCE DEC 1      4.21                      4.29  -0.08     3.09
  SINCE JAN 1      3.08                      1.74   1.34     0.33

SNOWFALL (IN)
  YESTERDAY        0.0           T    1963   0.0    0.0      0.0
                                      1948
                                      1925
  MONTH TO DATE    T                         0.2   -0.2       T
  SINCE DEC 1      T                         0.5   -0.5      2.1
  SINCE JUL 1      T                         0.5   -0.5      2.1
  SNOW DEPTH       0

DEGREE DAYS
 HEATING
  YESTERDAY       12                        18     -6        4
  MONTH TO DATE  583                       504     79      487
  SINCE DEC 1   1039                      1062    -23     1158
  SINCE JUL 1   1457                      1416     41     1559

 COOLING
  YESTERDAY        0                         0      0        0
  MONTH TO DATE    0                         0      0        0
  SINCE DEC 1      1                         4     -3        0
  SINCE JAN 1      0                         0      0        0
..................................................................


WIND (MPH)
  HIGHEST WIND SPEED    14   HIGHEST WIND DIRECTION    SW (230)
  HIGHEST GUST SPEED    17   HIGHEST GUST DIRECTION     W (260)
  AVERAGE WIND SPEED     7.6


SKY COVER
  POSSIBLE SUNSHINE  MM
  AVERAGE SKY COVER 0.2


WEATHER CONDITIONS
 THE FOLLOWING WEATHER WAS RECORDED YESTERDAY.
  NO SIGNIFICANT WEATHER WAS OBSERVED.


RELATIVE HUMIDITY (PERCENT)
 HIGHEST    70           700 AM
 LOWEST     28           600 PM
 AVERAGE    49

..........................................................


THE DALLAS FORT WORTH CLIMATE NORMALS FOR TODAY
                         NORMAL    RECORD    YEAR
 MAXIMUM TEMPERATURE (F)   57        81      1975
 MINIMUM TEMPERATURE (F)   36        12      1963


SUNRISE AND SUNSET
JANUARY 27 2015.......SUNRISE   726 AM CST   SUNSET   556 PM CST
JANUARY 28 2015.......SUNRISE   726 AM CST   SUNSET   557 PM CST


-  INDICATES NEGATIVE NUMBERS.
R  INDICATES RECORD WAS SET OR TIED.
MM INDICATES DATA IS MISSING.
T  INDICATES TRACE AMOUNT.

$$
