000
CDUS44 KFWD 300639
CLIDFW


CLIMATE REPORT
NATIONAL WEATHER SERVICE FORT WORTH TX
138 AM CDT TUE JUN 30 2015


...................................

...THE DALLAS FORT WORTH CLIMATE SUMMARY FOR JUNE 29 2015...

CLIMATE NORMAL PERIOD 1981 TO 2010
CLIMATE RECORD PERIOD 1898 TO 2015


WEATHER ITEM   OBSERVED TIME   RECORD YEAR NORMAL DEPARTURE LAST
                VALUE   (LST)  VALUE       VALUE  FROM      YEAR
                                                  NORMAL
..................................................................
TEMPERATURE (F)
 YESTERDAY
  MAXIMUM         96    348 PM 108    1980  94      2       94
  MINIMUM         75    415 AM  62    1985  74      1       79
  AVERAGE         86                        84      2       87

PRECIPITATION (IN)
  YESTERDAY        0.00          2.64 2004   0.10  -0.10     0.00
  MONTH TO DATE    3.92                      3.69   0.23     3.26
  SINCE JUN 1      3.92                      3.69   0.23     3.26
  SINCE JAN 1     35.55                     19.94  15.61    10.59

DEGREE DAYS
 HEATING
  YESTERDAY        0                         0      0        0
  MONTH TO DATE    0                         0      0        0
  SINCE JUN 1      0                         0      0        0
  SINCE JUL 1   2399                      2284    115     2603

 COOLING
  YESTERDAY       21                        19      2       22
  MONTH TO DATE  502                       473     29      506
  SINCE JUN 1    502                       473     29      506
  SINCE JAN 1    821                       895    -74      982
..................................................................


WIND (MPH)
  HIGHEST WIND SPEED    16   HIGHEST WIND DIRECTION    SW (210)
  HIGHEST GUST SPEED    20   HIGHEST GUST DIRECTION     S (200)
  AVERAGE WIND SPEED     7.8


SKY COVER
  POSSIBLE SUNSHINE  MM
  AVERAGE SKY COVER 0.6


WEATHER CONDITIONS
 THE FOLLOWING WEATHER WAS RECORDED YESTERDAY.
  NO SIGNIFICANT WEATHER WAS OBSERVED.


RELATIVE HUMIDITY (PERCENT)
 HIGHEST    82           300 AM
 LOWEST     36           300 PM
 AVERAGE    59

..........................................................


THE DALLAS FORT WORTH CLIMATE NORMALS FOR TODAY
                         NORMAL    RECORD    YEAR
 MAXIMUM TEMPERATURE (F)   94       107      1980
 MINIMUM TEMPERATURE (F)   74        64      1899


SUNRISE AND SUNSET
JUNE 30 2015..........SUNRISE   623 AM CDT   SUNSET   841 PM CDT
JULY  1 2015..........SUNRISE   623 AM CDT   SUNSET   840 PM CDT


-  INDICATES NEGATIVE NUMBERS.
R  INDICATES RECORD WAS SET OR TIED.
MM INDICATES DATA IS MISSING.
T  INDICATES TRACE AMOUNT.




$$
