000
CDUS44 KFWD 230658
CLIDFW


CLIMATE REPORT
NATIONAL WEATHER SERVICE FORT WORTH TX
155 AM CDT MON OCT 23 2017

...................................

...THE DALLAS FORT WORTH CLIMATE SUMMARY FOR OCTOBER 22 2017...

CLIMATE NORMAL PERIOD 1981 TO 2010
CLIMATE RECORD PERIOD 1898 TO 2017


WEATHER ITEM   OBSERVED TIME   RECORD YEAR NORMAL DEPARTURE LAST
                VALUE   (LST)  VALUE       VALUE  FROM      YEAR
                                                  NORMAL
..................................................................
TEMPERATURE (F)
 YESTERDAY
  MAXIMUM         76    253 PM  94    1939  77     -1       79
  MINIMUM         52   1157 PM  31    1898  55     -3       51
  AVERAGE         64                        66     -2       65

PRECIPITATION (IN)
  YESTERDAY        1.21          2.58 2015   0.15   1.06     0.00
  MONTH TO DATE    2.08                      2.90  -0.82     2.01
  SINCE SEP 1      2.55                      5.45  -2.90     2.99
  SINCE JAN 1     31.21                     29.56   1.65    31.66

SNOWFALL (IN)
  YESTERDAY        0.0           0.0    MM   0.0    0.0      0.0
  MONTH TO DATE    0.0                       0.0    0.0      0.0
  SINCE SEP 1      0.0                       0.0    0.0      0.0
  SINCE JUL 1      0.0                       0.0    0.0      0.0
  SNOW DEPTH       0

DEGREE DAYS
 HEATING
  YESTERDAY        1                         3     -2        0
  MONTH TO DATE    8                        33    -25        1
  SINCE SEP 1      8                        39    -31        1
  SINCE JUL 1      8                        39    -31        1

 COOLING
  YESTERDAY        0                         3     -3        0
  MONTH TO DATE  203                       120     83      206
  SINCE SEP 1    679                       515    164      707
  SINCE JAN 1   3180                      2697    483     3058
..................................................................

WIND (MPH)
  HIGHEST WIND SPEED    24   HIGHEST WIND DIRECTION     N (350)
  HIGHEST GUST SPEED    28   HIGHEST GUST DIRECTION     N (10)
  AVERAGE WIND SPEED    10.9


SKY COVER
  POSSIBLE SUNSHINE  MM
  AVERAGE SKY COVER 0.5


WEATHER CONDITIONS
 THE FOLLOWING WEATHER WAS RECORDED YESTERDAY.
  THUNDERSTORM
  HEAVY RAIN
  RAIN
  LIGHT RAIN
  FOG


RELATIVE HUMIDITY (PERCENT)
 HIGHEST   100           200 AM
 LOWEST     25           300 PM
 AVERAGE    63

..........................................................

THE DALLAS FORT WORTH CLIMATE NORMALS FOR TODAY
                         NORMAL    RECORD    YEAR
 MAXIMUM TEMPERATURE (F)   76        91      1939
                                             1925
 MINIMUM TEMPERATURE (F)   55        36      1990
                                             1917


SUNRISE AND SUNSET
OCTOBER 23 2017.......SUNRISE   739 AM CDT   SUNSET   646 PM CDT
OCTOBER 24 2017.......SUNRISE   740 AM CDT   SUNSET   645 PM CDT


-  INDICATES NEGATIVE NUMBERS.
R  INDICATES RECORD WAS SET OR TIED.
MM INDICATES DATA IS MISSING.
T  INDICATES TRACE AMOUNT.


$$
