000
CDUS44 KFWD 300704
CLIDFW


CLIMATE REPORT
NATIONAL WEATHER SERVICE FORT WORTH TX
204 AM CDT TUE MAY 30 2017


...................................

...THE DALLAS FORT WORTH CLIMATE SUMMARY FOR MAY 29 2017...

CLIMATE NORMAL PERIOD 1981 TO 2010
CLIMATE RECORD PERIOD 1898 TO 2017


WEATHER ITEM   OBSERVED TIME   RECORD YEAR NORMAL DEPARTURE LAST
                VALUE   (LST)  VALUE       VALUE  FROM      YEAR
                                                  NORMAL
..................................................................
TEMPERATURE (F)
 YESTERDAY
  MAXIMUM         89    409 PM  99    1951  87      2       88
                                      1916
  MINIMUM         67    513 AM  46    1947  68     -1       67
  AVERAGE         78                        78      0       78

PRECIPITATION (IN)
  YESTERDAY        0.00          3.48 1946   0.15  -0.15     0.40
  MONTH TO DATE    0.70                      4.58  -3.88     4.42
  SINCE MAR 1      5.14                     11.14  -6.00    11.69
  SINCE JAN 1     11.86                     15.93  -4.07    14.93

DEGREE DAYS
 HEATING
  YESTERDAY        0                         0      0        0
  MONTH TO DATE    0                         6     -6       12
  SINCE MAR 1    117                       350   -233      181
  SINCE JUL 1   1305                      2282   -977     1592

 COOLING
  YESTERDAY       13                        13      0       13
  MONTH TO DATE  301                       259     42      226
  SINCE MAR 1    584                       390    194      387
  SINCE JAN 1    652                       397    255      398
..................................................................


WIND (MPH)
  HIGHEST WIND SPEED    15   HIGHEST WIND DIRECTION    NE (60)
  HIGHEST GUST SPEED    18   HIGHEST GUST DIRECTION     E (70)
  AVERAGE WIND SPEED     6.1


SKY COVER
  POSSIBLE SUNSHINE  MM
  AVERAGE SKY COVER 0.6


WEATHER CONDITIONS
 THE FOLLOWING WEATHER WAS RECORDED YESTERDAY.
  NO SIGNIFICANT WEATHER WAS OBSERVED.


RELATIVE HUMIDITY (PERCENT)
 HIGHEST    90           200 AM
 LOWEST     26           200 PM
 AVERAGE    58

..........................................................


THE DALLAS FORT WORTH CLIMATE NORMALS FOR TODAY
                         NORMAL    RECORD    YEAR
 MAXIMUM TEMPERATURE (F)   88       103      1985
 MINIMUM TEMPERATURE (F)   68        47      1947


SUNRISE AND SUNSET
MAY 30 2017...........SUNRISE   621 AM CDT   SUNSET   831 PM CDT
MAY 31 2017...........SUNRISE   621 AM CDT   SUNSET   831 PM CDT


-  INDICATES NEGATIVE NUMBERS.
R  INDICATES RECORD WAS SET OR TIED.
MM INDICATES DATA IS MISSING.
T  INDICATES TRACE AMOUNT.




$$
