000
CDUS44 KTAE 310655
CLIDHN


CLIMATE REPORT
NATIONAL WEATHER SERVICE TALLAHASSEE FL
251 AM EDT THU JUL 31 2014


...................................

...THE DOTHAN CLIMATE SUMMARY FOR JULY 30 2014...

CLIMATE NORMAL PERIOD 1981 TO 2010
CLIMATE RECORD PERIOD 1965 TO 2014


WEATHER ITEM   OBSERVED TIME   NORMAL DEPARTURE LAST
                VALUE   (LST)  VALUE  FROM      YEAR
                                      NORMAL
......................................................
TEMPERATURE (F)
 YESTERDAY
  MAXIMUM         85    352 PM  92     -7       92
  MINIMUM         63    532 AM  72     -9       74
  AVERAGE         74            82     -8       83

PRECIPITATION (IN)
  YESTERDAY        0.00          0.20  -0.20      T
  MONTH TO DATE    5.21          5.76  -0.55    17.57
  SINCE JUN 1      7.69         11.36  -3.67    22.16
  SINCE JAN 1     37.76         33.72   4.04    49.46

SNOWFALL (IN)
  YESTERDAY        0.0

DEGREE DAYS
 COOLING
  YESTERDAY        9            17     -8       18
  MONTH TO DATE  485           509    -24      430
  SINCE JUN 1    959           953      6      890
  SINCE JAN 1   1344          1366    -22     1262
......................................................


WIND (MPH)
  HIGHEST WIND SPEED    10   HIGHEST WIND DIRECTION     N (350)
  HIGHEST GUST SPEED    14   HIGHEST GUST DIRECTION     N (340)
  AVERAGE WIND SPEED     4.0








-  INDICATES NEGATIVE NUMBERS.
R  INDICATES RECORD WAS SET OR TIED.
MM INDICATES DATA IS MISSING.
T  INDICATES TRACE AMOUNT.




$$
