000
CDUS44 KTAE 240630
CLIDHN


CLIMATE REPORT
NATIONAL WEATHER SERVICE TALLAHASSEE FL
230 AM EDT SUN SEP 24 2017


...................................

...THE DOTHAN CLIMATE SUMMARY FOR SEPTEMBER 23 2017...

CLIMATE NORMAL PERIOD 1981 TO 2010
CLIMATE RECORD PERIOD 1965 TO 2017


WEATHER ITEM   OBSERVED TIME   NORMAL DEPARTURE LAST
                VALUE   (LST)  VALUE  FROM      YEAR
                                      NORMAL
......................................................
TEMPERATURE (F)
 YESTERDAY
  MAXIMUM         89    304 PM  86      3       97
  MINIMUM         68    625 AM  63      5       69
  AVERAGE         79            75      4       83

PRECIPITATION (IN)
  YESTERDAY        0.02          0.09  -0.07     0.00
  MONTH TO DATE    2.85          2.95  -0.10     0.76
  SINCE SEP 1      2.85          2.95  -0.10     0.76
  SINCE JAN 1     44.10         41.34   2.76    43.99

SNOWFALL (IN)
  YESTERDAY        0.0

DEGREE DAYS
 HEATING
  YESTERDAY        0             0      0        0
  MONTH TO DATE    4             0      4        0
  SINCE SEP 1      4             0      4        0
  SINCE JUL 1      4             0      4        0

 COOLING
  YESTERDAY       14            10      4       18
  MONTH TO DATE  265           288    -23      339
  SINCE SEP 1    265           288    -23      339
  SINCE JAN 1   2323          2168    155     2407
......................................................


WIND (MPH)
  HIGHEST WIND SPEED    13   HIGHEST WIND DIRECTION     E (100)
  HIGHEST GUST SPEED    17   HIGHEST GUST DIRECTION     E (80)
  AVERAGE WIND SPEED     5.2








-  INDICATES NEGATIVE NUMBERS.
R  INDICATES RECORD WAS SET OR TIED.
MM INDICATES DATA IS MISSING.
T  INDICATES TRACE AMOUNT.




$$
