000
CDUS44 KTAE 260631
CLIDHN


CLIMATE REPORT
NATIONAL WEATHER SERVICE TALLAHASSEE FL
231 AM EDT FRI MAY 26 2017


...................................

...THE DOTHAN CLIMATE SUMMARY FOR MAY 25 2017...

CLIMATE NORMAL PERIOD 1981 TO 2010
CLIMATE RECORD PERIOD 1965 TO 2017


WEATHER ITEM   OBSERVED TIME   NORMAL DEPARTURE LAST
                VALUE   (LST)  VALUE  FROM      YEAR
                                      NORMAL
......................................................
TEMPERATURE (F)
 YESTERDAY
  MAXIMUM         79    426 PM  88     -9       89
  MINIMUM         58    638 AM  65     -7       63
  AVERAGE         69            76     -7       76

PRECIPITATION (IN)
  YESTERDAY        0.00          0.16  -0.16     0.00
  MONTH TO DATE    4.55          2.51   2.04     1.50
  SINCE MAR 1      7.66         11.91  -4.25    13.45
  SINCE JAN 1     27.25         21.31   5.94    24.30

SNOWFALL (IN)
  YESTERDAY        0.0

DEGREE DAYS
 COOLING
  YESTERDAY        4            11     -7       11
  MONTH TO DATE  208           219    -11      196
  SINCE MAR 1    477           330    147      356
  SINCE JAN 1    515           340    175      362
......................................................


WIND (MPH)
  HIGHEST WIND SPEED    23   HIGHEST WIND DIRECTION    NW (300)
  HIGHEST GUST SPEED    31   HIGHEST GUST DIRECTION     W (290)
  AVERAGE WIND SPEED    10.2








-  INDICATES NEGATIVE NUMBERS.
R  INDICATES RECORD WAS SET OR TIED.
MM INDICATES DATA IS MISSING.
T  INDICATES TRACE AMOUNT.




$$
