000
CDUS44 KTAE 250633
CLIDHN


CLIMATE REPORT
NATIONAL WEATHER SERVICE TALLAHASSEE FL
231 AM EDT TUE JUL 25 2017

...................................

...THE DOTHAN CLIMATE SUMMARY FOR JULY 24 2017...

CLIMATE NORMAL PERIOD 1981 TO 2010
CLIMATE RECORD PERIOD 1965 TO 2017


WEATHER ITEM   OBSERVED TIME   NORMAL DEPARTURE LAST
                VALUE   (LST)  VALUE  FROM      YEAR
                                      NORMAL
......................................................
TEMPERATURE (F)
 YESTERDAY
  MAXIMUM         92    301 PM  92      0       93
  MINIMUM         74    616 AM  72      2       73
  AVERAGE         83            82      1       83

PRECIPITATION (IN)
  YESTERDAY        T             0.21  -0.21     0.00
  MONTH TO DATE    1.93          4.62  -2.69     6.70
  SINCE JUN 1      7.32         10.22  -2.90    11.79
  SINCE JAN 1     34.57         32.58   1.99    36.21

SNOWFALL (IN)
  YESTERDAY        0.0

DEGREE DAYS
 COOLING
  YESTERDAY       18            17      1       18
  MONTH TO DATE  416           407      9      439
  SINCE JUN 1    825           851    -26      930
  SINCE JAN 1   1421          1264    157     1383
......................................................


WIND (MPH)
  HIGHEST WIND SPEED    18   HIGHEST WIND DIRECTION     W (280)
  HIGHEST GUST SPEED    22   HIGHEST GUST DIRECTION    SW (240)
  AVERAGE WIND SPEED     7.1





-  INDICATES NEGATIVE NUMBERS.
R  INDICATES RECORD WAS SET OR TIED.
MM INDICATES DATA IS MISSING.
T  INDICATES TRACE AMOUNT.

$$
