000
CDUS44 KTAE 200630
CLIDHN


CLIMATE REPORT
NATIONAL WEATHER SERVICE TALLAHASSEE FL
130 AM EST FRI JAN 20 2017


...................................

...THE DOTHAN CLIMATE SUMMARY FOR JANUARY 19 2017...

CLIMATE NORMAL PERIOD 1981 TO 2010
CLIMATE RECORD PERIOD 1965 TO 2017


WEATHER ITEM   OBSERVED TIME   NORMAL DEPARTURE LAST
                VALUE   (LST)  VALUE  FROM      YEAR
                                      NORMAL
......................................................
TEMPERATURE (F)
 YESTERDAY
  MAXIMUM         78    251 PM  60     18       51
  MINIMUM         54    659 AM  38     16       27
  AVERAGE         66            49     17       39

PRECIPITATION (IN)
  YESTERDAY        0.34          0.12   0.22     0.00
  MONTH TO DATE    8.70          2.52   6.18     1.97
  SINCE DEC 1     19.06          6.91  12.15    12.10
  SINCE JAN 1      8.70          2.52   6.18     1.97

SNOWFALL (IN)
  YESTERDAY        0.0

DEGREE DAYS
 HEATING
  YESTERDAY        0            16    -16       26
  MONTH TO DATE  165           315   -150      342
  SINCE DEC 1    446           751   -305      523
  SINCE JUL 1    607          1028   -421      658
......................................................


WIND (MPH)
  HIGHEST WIND SPEED    25   HIGHEST WIND DIRECTION    SE (150)
  HIGHEST GUST SPEED    31   HIGHEST GUST DIRECTION    SE (150)
  AVERAGE WIND SPEED     8.0








-  INDICATES NEGATIVE NUMBERS.
R  INDICATES RECORD WAS SET OR TIED.
MM INDICATES DATA IS MISSING.
T  INDICATES TRACE AMOUNT.




$$
