000
CDUS44 KTAE 030632
CLIDHN


CLIMATE REPORT
NATIONAL WEATHER SERVICE TALLAHASSEE FL
231 AM EDT THU SEP 3 2015


...................................

...THE DOTHAN CLIMATE SUMMARY FOR SEPTEMBER 2 2015...

CLIMATE NORMAL PERIOD 1981 TO 2010
CLIMATE RECORD PERIOD 1965 TO 2015


WEATHER ITEM   OBSERVED TIME   NORMAL DEPARTURE LAST
                VALUE   (LST)  VALUE  FROM      YEAR
                                      NORMAL
......................................................
TEMPERATURE (F)
 YESTERDAY
  MAXIMUM         94    313 PM  90      4       97
  MINIMUM         72    533 AM  69      3       72
  AVERAGE         83            80      3       85

PRECIPITATION (IN)
  YESTERDAY        0.00          0.16  -0.16     0.01
  MONTH TO DATE    0.00          0.30  -0.30     0.01
  SINCE SEP 1      0.00          0.30  -0.30     0.01
  SINCE JAN 1     36.67         38.69  -2.02    39.95

SNOWFALL (IN)
  YESTERDAY        0.0

DEGREE DAYS
 HEATING
  YESTERDAY        0             0      0        0
  MONTH TO DATE    0             0      0        0
  SINCE SEP 1      0             0      0        0
  SINCE JUL 1      0             0      0        0

 COOLING
  YESTERDAY       18            15      3       20
  MONTH TO DATE   34            30      4       39
  SINCE SEP 1     34            30      4       39
  SINCE JAN 1   2250          1910    340     1924
......................................................


WIND (MPH)
  HIGHEST WIND SPEED     9   HIGHEST WIND DIRECTION    NE (40)
  HIGHEST GUST SPEED    13   HIGHEST GUST DIRECTION    NE (30)
  AVERAGE WIND SPEED     1.9








-  INDICATES NEGATIVE NUMBERS.
R  INDICATES RECORD WAS SET OR TIED.
MM INDICATES DATA IS MISSING.
T  INDICATES TRACE AMOUNT.




$$
