000
CDUS44 KTAE 050633
CLIDHN


CLIMATE REPORT
NATIONAL WEATHER SERVICE TALLAHASSEE FL
132 AM EST MON DEC 5 2016


...................................

...THE DOTHAN CLIMATE SUMMARY FOR DECEMBER 4 2016...

CLIMATE NORMAL PERIOD 1981 TO 2010
CLIMATE RECORD PERIOD 1965 TO 2016


WEATHER ITEM   OBSERVED TIME   NORMAL DEPARTURE LAST
                VALUE   (LST)  VALUE  FROM      YEAR
                                      NORMAL
......................................................
TEMPERATURE (F)
 YESTERDAY
  MAXIMUM         66    907 PM  65      1       61
  MINIMUM         54   1203 AM  42     12       38
  AVERAGE         60            54      6       50

PRECIPITATION (IN)
  YESTERDAY       MM             0.20  MM        0.00
  MONTH TO DATE    0.00          0.78  -0.78     0.48
  SINCE DEC 1      0.00          0.78  -0.78     0.48
  SINCE JAN 1     43.99         50.36  -6.37    59.91

SNOWFALL (IN)
  YESTERDAY        0.0

DEGREE DAYS
 HEATING
  YESTERDAY        5            12     -7       15
  MONTH TO DATE   38            46     -8       36
  SINCE DEC 1     38            46     -8       36
  SINCE JUL 1    199           323   -124      171
......................................................


WIND (MPH)
  HIGHEST WIND SPEED    20   HIGHEST WIND DIRECTION    NW (300)
  HIGHEST GUST SPEED    25   HIGHEST GUST DIRECTION    NW (300)
  AVERAGE WIND SPEED     7.4








-  INDICATES NEGATIVE NUMBERS.
R  INDICATES RECORD WAS SET OR TIED.
MM INDICATES DATA IS MISSING.
T  INDICATES TRACE AMOUNT.




$$
