000
CDUS44 KAMA 242135
CLIDHT


CLIMATE REPORT
NATIONAL WEATHER SERVICE AMARILLO TX
434 PM CDT THU APR 24 2014


...................................

...THE DALHART CLIMATE SUMMARY FOR APRIL 24 2014...
VALID TODAY AS OF 0400 PM LOCAL TIME.

CLIMATE NORMAL PERIOD 1981 TO 2010
CLIMATE RECORD PERIOD 1894 TO 2014


WEATHER ITEM   OBSERVED TIME   RECORD YEAR NORMAL DEPARTURE LAST
                VALUE   (LST)  VALUE       VALUE  FROM      YEAR
                                                  NORMAL
..................................................................
TEMPERATURE (F)
 TODAY
  MAXIMUM         69    250 PM  94    2012  72     -3       63
  MINIMUM         44    703 AM  17    2013  41      3       17
  AVERAGE         57                        56      1       40

PRECIPITATION (IN)
  TODAY            T             1.11 1997   0.05  -0.05     0.00
  MONTH TO DATE    0.11                      0.82  -0.71      T
  SINCE MAR 1      0.20                      1.99  -1.79     0.06
  SINCE JAN 1      0.29                      2.91  -2.62     0.86

SNOWFALL (IN)
  TODAY            0.0           0.0    MM   0.0    0.0      0.0
  MONTH TO DATE    1.0                       1.1   -0.1       T
  SINCE MAR 1      2.1                       5.3   -3.2      3.3
  SINCE JUL 1     17.4                      18.8   -1.4     21.6
  SNOW DEPTH       0

DEGREE DAYS
 HEATING
  TODAY            8                         9     -1       25
  MONTH TO DATE  264                       298    -34      398
  SINCE MAR 1    853                       909    -56      931
  SINCE JUL 1   4447                      4552   -105     4256

 COOLING
  TODAY            0                         0      0        0
  MONTH TO DATE   12                         0     12        1
  SINCE MAR 1     12                         0     12        1
  SINCE JAN 1     12                         0     12        1
..................................................................


WIND (MPH)
  RESULTANT WIND SPEED  17   RESULTANT WIND DIRECTION   N (340)
  HIGHEST WIND SPEED    35   HIGHEST WIND DIRECTION     N (360)
  HIGHEST GUST SPEED    43   HIGHEST GUST DIRECTION     N (360)
  AVERAGE WIND SPEED    18.5


SKY COVER
  AVERAGE SKY COVER 0.3


WEATHER CONDITIONS
 THE FOLLOWING WEATHER WAS RECORDED TODAY.
  NO SIGNIFICANT WEATHER WAS OBSERVED.


RELATIVE HUMIDITY (PERCENT)
 HIGHEST    83           600 AM
 LOWEST     14           100 PM
 AVERAGE    49

..........................................................


THE DALHART CLIMATE NORMALS FOR TOMORROW
                         NORMAL    RECORD    YEAR
 MAXIMUM TEMPERATURE (F)   72        96      2012
 MINIMUM TEMPERATURE (F)   41        28      1950


SUNRISE AND SUNSET
APRIL 24 2014.........SUNRISE   706 AM CDT   SUNSET   832 PM CDT
APRIL 25 2014.........SUNRISE   704 AM CDT   SUNSET   832 PM CDT


-  INDICATES NEGATIVE NUMBERS.
R  INDICATES RECORD WAS SET OR TIED.
MM INDICATES DATA IS MISSING.
T  INDICATES TRACE AMOUNT.




$$
