000
CDUS44 KAMA 162140
CLIDHT


CLIMATE REPORT
NATIONAL WEATHER SERVICE AMARILLO TX
438 PM CDT MON OCT 16 2017


...................................

...THE DALHART CLIMATE SUMMARY FOR OCTOBER 16 2017...
VALID TODAY AS OF 0400 PM LOCAL TIME.

CLIMATE NORMAL PERIOD 1981 TO 2010
CLIMATE RECORD PERIOD 1948 TO 2017


WEATHER ITEM   OBSERVED TIME   RECORD YEAR NORMAL DEPARTURE LAST
                VALUE   (LST)  VALUE       VALUE  FROM      YEAR
                                                  NORMAL
..................................................................
TEMPERATURE (F)
 TODAY
  MAXIMUM         75    259 PM  96    2016  71      4       96
  MINIMUM         33    648 AM  27    2001  40     -7       45
  AVERAGE         54                        56     -2       71

PRECIPITATION (IN)
  TODAY            0.00          0.91 1984   0.05  -0.05     0.00
  MONTH TO DATE    4.03                      0.76   3.27     0.10
  SINCE SEP 1      7.04                      2.41   4.63     3.52
  SINCE JAN 1     24.28                     15.76   8.52    17.71

SNOWFALL (IN)
  TODAY            0.0           T    2013   0.0    0.0      0.0
                                      1999
  MONTH TO DATE    0.0                       0.1   -0.1      0.0
  SINCE SEP 1      0.0                       0.1   -0.1      0.0
  SINCE JUL 1      0.0                       0.1   -0.1      0.0
  SNOW DEPTH       0

DEGREE DAYS
 HEATING
  TODAY           11                         9      2        0
  MONTH TO DATE   77                       116    -39       54
  SINCE SEP 1    115                       176    -61       65
  SINCE JUL 1    115                       179    -64       65

 COOLING
  TODAY            0                         0      0        6
  MONTH TO DATE   34                         8     26       38
  SINCE SEP 1    192                       140     52      258
  SINCE JAN 1   1340                      1136    204     1533
..................................................................


WIND (MPH)
  RESULTANT WIND SPEED  11   RESULTANT WIND DIRECTION  SW (210)
  HIGHEST WIND SPEED    23   HIGHEST WIND DIRECTION    SW (210)
  HIGHEST GUST SPEED    29   HIGHEST GUST DIRECTION    SW (210)
  AVERAGE WIND SPEED    10.9


SKY COVER
  AVERAGE SKY COVER 0.0


WEATHER CONDITIONS
 THE FOLLOWING WEATHER WAS RECORDED TODAY.
  NO SIGNIFICANT WEATHER WAS OBSERVED.


RELATIVE HUMIDITY (PERCENT)
 HIGHEST    89           700 AM
 LOWEST     23           200 PM
 AVERAGE    56

..........................................................


THE DALHART CLIMATE NORMALS FOR TOMORROW
                         NORMAL    RECORD    YEAR
 MAXIMUM TEMPERATURE (F)   71        95      2016
 MINIMUM TEMPERATURE (F)   40        30      1992


SUNRISE AND SUNSET
OCTOBER 16 2017.......SUNRISE   758 AM CDT   SUNSET   713 PM CDT
OCTOBER 17 2017.......SUNRISE   759 AM CDT   SUNSET   711 PM CDT


-  INDICATES NEGATIVE NUMBERS.
R  INDICATES RECORD WAS SET OR TIED.
MM INDICATES DATA IS MISSING.
T  INDICATES TRACE AMOUNT.




$$
