000
CDUS44 KAMA 211508
CLIDHT


CLIMATE REPORT
NATIONAL WEATHER SERVICE AMARILLO TX
908 AM CST TUE FEB 21 2017


...................................

...THE DALHART CLIMATE SUMMARY FOR FEBRUARY 21 2017...
VALID AS OF 0900 AM LOCAL TIME.

CLIMATE NORMAL PERIOD 1981 TO 2010
CLIMATE RECORD PERIOD 1948 TO 2017


WEATHER ITEM   OBSERVED TIME   RECORD YEAR NORMAL DEPARTURE LAST
                VALUE   (LST)  VALUE       VALUE  FROM      YEAR
                                                  NORMAL
..................................................................
TEMPERATURE (F)
 TODAY
  MINIMUM         28    658 AM   1    1955  24      4       35

PRECIPITATION (IN)
  TODAY            0.00          0.86 1985   0.02  -0.02     0.00
  MONTH TO DATE    0.05                      0.30  -0.25     0.03
  SINCE DEC 1      1.28                      1.36  -0.08     0.82
  SINCE JAN 1      1.08                      0.82   0.26     0.27

SNOWFALL (IN)
  TODAY            0.0           6.0  1971   0.1   -0.1      0.0
  MONTH TO DATE    T                         2.4   -2.4      0.5
  SINCE DEC 1      1.3                      11.0   -9.7      6.0
  SINCE JUL 1      1.3                      12.9  -11.6      6.5
  SNOW DEPTH       0

..................................................................


WIND (MPH)
  RESULTANT WIND SPEED   7   RESULTANT WIND DIRECTION   W (290)
  HIGHEST WIND SPEED    12   HIGHEST WIND DIRECTION     W (290)
  HIGHEST GUST SPEED    14   HIGHEST GUST DIRECTION     W (290)
  AVERAGE WIND SPEED     7.4


SKY COVER
  AVERAGE SKY COVER 0.0


WEATHER CONDITIONS
 THE FOLLOWING WEATHER WAS RECORDED TODAY.
  NO SIGNIFICANT WEATHER WAS OBSERVED.


RELATIVE HUMIDITY (PERCENT)
 HIGHEST    58           700 AM
 LOWEST     41           100 AM
 AVERAGE    50

..........................................................


THE DALHART CLIMATE NORMALS FOR TOMORROW
                         NORMAL    RECORD    YEAR
 MAXIMUM TEMPERATURE (F)   54        77      2012
                                             1996
 MINIMUM TEMPERATURE (F)   24         8      1960


SUNRISE AND SUNSET
FEBRUARY 21 2017......SUNRISE   730 AM CST   SUNSET   638 PM CST
FEBRUARY 22 2017......SUNRISE   729 AM CST   SUNSET   639 PM CST


-  INDICATES NEGATIVE NUMBERS.
R  INDICATES RECORD WAS SET OR TIED.
MM INDICATES DATA IS MISSING.
T  INDICATES TRACE AMOUNT.




$$
