000
CDUS44 KAMA 290738
CLIDHT


CLIMATE REPORT
NATIONAL WEATHER SERVICE AMARILLO TX
135 AM CST THU JAN 29 2015


...................................

...THE DALHART CLIMATE SUMMARY FOR JANUARY 28 2015...

CLIMATE NORMAL PERIOD 1981 TO 2010
CLIMATE RECORD PERIOD 1894 TO 2015


WEATHER ITEM   OBSERVED TIME   RECORD YEAR NORMAL DEPARTURE LAST
                VALUE   (LST)  VALUE       VALUE  FROM      YEAR
                                                  NORMAL
..................................................................
TEMPERATURE (F)
 YESTERDAY
  MAXIMUM         70    328 PM  76    1986  51     19       35
  MINIMUM         35    222 AM   3    1951  20     15       11
  AVERAGE         53                        35     18       23

PRECIPITATION (IN)
  YESTERDAY        0.00          2.25 2010   0.02  -0.02     0.00
  MONTH TO DATE    1.09                      0.46   0.63     0.01
  SINCE DEC 1      1.42                      1.00   0.42     0.22
  SINCE JAN 1      1.09                      0.46   0.63     0.01

SNOWFALL (IN)
  YESTERDAY        0.0          12.0  2010   0.1   -0.1      0.0
  MONTH TO DATE   15.0                       3.8   11.2      3.0
  SINCE DEC 1     19.5                       8.1   11.4      9.5
  SINCE JUL 1     21.0                      10.0   11.0     12.5
  SNOW DEPTH       0

DEGREE DAYS
 HEATING
  YESTERDAY       12                        30    -18       42
  MONTH TO DATE  800                       851    -51      827
  SINCE DEC 1   1663                      1799   -136     1816
  SINCE JUL 1   2516                      2794   -278     2762

 COOLING
  YESTERDAY        0                         0      0        0
  MONTH TO DATE    0                         0      0        0
  SINCE DEC 1      0                         0      0        0
  SINCE JAN 1      0                         0      0        0
..................................................................


WIND (MPH)
  RESULTANT WIND SPEED   4   RESULTANT WIND DIRECTION   W (250)
  HIGHEST WIND SPEED    20   HIGHEST WIND DIRECTION     N (20)
  HIGHEST GUST SPEED    26   HIGHEST GUST DIRECTION     N (20)
  AVERAGE WIND SPEED     8.3


SKY COVER
  AVERAGE SKY COVER 0.0


WEATHER CONDITIONS
 THE FOLLOWING WEATHER WAS RECORDED YESTERDAY.
  NO SIGNIFICANT WEATHER WAS OBSERVED.


RELATIVE HUMIDITY (PERCENT)
 HIGHEST    89           200 AM
 LOWEST     23           200 PM
 AVERAGE    56

..........................................................


THE DALHART CLIMATE NORMALS FOR TODAY
                         NORMAL    RECORD    YEAR
 MAXIMUM TEMPERATURE (F)   51        75      1971
 MINIMUM TEMPERATURE (F)   20        -3      1951


SUNRISE AND SUNSET
JANUARY 29 2015.......SUNRISE   753 AM CST   SUNSET   614 PM CST
JANUARY 30 2015.......SUNRISE   752 AM CST   SUNSET   615 PM CST


-  INDICATES NEGATIVE NUMBERS.
R  INDICATES RECORD WAS SET OR TIED.
MM INDICATES DATA IS MISSING.
T  INDICATES TRACE AMOUNT.




$$
