000
CDUS44 KAMA 260712
CLIDHT


CLIMATE REPORT
NATIONAL WEATHER SERVICE AMARILLO TX
211 AM CDT SUN MAR 26 2017


...................................

...THE DALHART CLIMATE SUMMARY FOR MARCH 25 2017...

CLIMATE NORMAL PERIOD 1981 TO 2010
CLIMATE RECORD PERIOD 1948 TO 2017


WEATHER ITEM   OBSERVED TIME   RECORD YEAR NORMAL DEPARTURE LAST
                VALUE   (LST)  VALUE       VALUE  FROM      YEAR
                                                  NORMAL
..................................................................
TEMPERATURE (F)
 YESTERDAY
  MAXIMUM         70    441 PM  90    2012  64      6       70
  MINIMUM         31    526 AM  11    1955  32     -1       34
  AVERAGE         51                        48      3       52

PRECIPITATION (IN)
  YESTERDAY        0.00          0.16 1959   0.05  -0.05     0.00
  MONTH TO DATE    0.24                      0.91  -0.67      T
  SINCE MAR 1      0.24                      0.91  -0.67      T
  SINCE JAN 1      1.32                      1.83  -0.51     0.38

SNOWFALL (IN)
  YESTERDAY        0.0           T    1973   0.1   -0.1      0.0
  MONTH TO DATE    0.0                       3.4   -3.4      0.0
  SINCE MAR 1      0.0                       3.4   -3.4      0.0
  SINCE JUL 1      1.3                      16.9  -15.6      6.7
  SNOW DEPTH       0

DEGREE DAYS
 HEATING
  YESTERDAY       14                        17     -3       13
  MONTH TO DATE  321                       513   -192      376
  SINCE MAR 1    321                       513   -192      376
  SINCE JUL 1   3138                      4156  -1018     3321

 COOLING
  YESTERDAY        0                         0      0        0
  MONTH TO DATE    6                         0      6        0
  SINCE MAR 1      6                         0      6        0
  SINCE JAN 1      6                         0      6        0
..................................................................


WIND (MPH)
  RESULTANT WIND SPEED   1   RESULTANT WIND DIRECTION   W (290)
  HIGHEST WIND SPEED    17   HIGHEST WIND DIRECTION     N (340)
  HIGHEST GUST SPEED    22   HIGHEST GUST DIRECTION    NW (330)
  AVERAGE WIND SPEED     9.3


SKY COVER
  AVERAGE SKY COVER 0.0


WEATHER CONDITIONS
 THE FOLLOWING WEATHER WAS RECORDED YESTERDAY.
  NO SIGNIFICANT WEATHER WAS OBSERVED.


RELATIVE HUMIDITY (PERCENT)
 HIGHEST    89           400 AM
 LOWEST     23           300 PM
 AVERAGE    56

..........................................................


THE DALHART CLIMATE NORMALS FOR TODAY
                         NORMAL    RECORD    YEAR
 MAXIMUM TEMPERATURE (F)   64        88      1956
 MINIMUM TEMPERATURE (F)   32        10      1955


SUNRISE AND SUNSET
MARCH 26 2017.........SUNRISE   745 AM CDT   SUNSET   807 PM CDT
MARCH 27 2017.........SUNRISE   743 AM CDT   SUNSET   808 PM CDT


-  INDICATES NEGATIVE NUMBERS.
R  INDICATES RECORD WAS SET OR TIED.
MM INDICATES DATA IS MISSING.
T  INDICATES TRACE AMOUNT.




$$
