000
CDUS44 KAMA 310631
CLIDHT


CLIMATE REPORT
NATIONAL WEATHER SERVICE AMARILLO TX
131 AM CDT THU JUL 31 2014


...................................

...THE DALHART CLIMATE SUMMARY FOR JULY 30 2014...

CLIMATE NORMAL PERIOD 1981 TO 2010
CLIMATE RECORD PERIOD 1894 TO 2014


WEATHER ITEM   OBSERVED TIME   RECORD YEAR NORMAL DEPARTURE LAST
                VALUE   (LST)  VALUE       VALUE  FROM      YEAR
                                                  NORMAL
..................................................................
TEMPERATURE (F)
 YESTERDAY
  MAXIMUM         77   1230 PM 103    1969  91    -14       88
  MINIMUM         63   1159 PM  56    2004  62      1       68
  AVERAGE         70                        77     -7       78

PRECIPITATION (IN)
  YESTERDAY        T             2.02 1982   0.11  -0.11     0.24
  MONTH TO DATE    2.15                      2.69  -0.54     1.53
  SINCE JUN 1      5.92                      4.99   0.93     2.16
  SINCE JAN 1      7.76                     10.40  -2.64     3.46

SNOWFALL (IN)
  YESTERDAY        0.0           0.0    MM   0.0    0.0      0.0
  MONTH TO DATE    0.0                       0.0    0.0      0.0
  SINCE JUN 1      0.0                       0.0    0.0      0.0
  SINCE JUL 1      0.0                       0.0    0.0      0.0
  SNOW DEPTH       0

DEGREE DAYS
 HEATING
  YESTERDAY        0                         0      0        0
  MONTH TO DATE    0                         0      0        0
  SINCE JUN 1      4                        12     -8        0
  SINCE JUL 1      0                         0      0        0

 COOLING
  YESTERDAY        5                        12     -7       13
  MONTH TO DATE  373                       356     17      389
  SINCE JUN 1    669                       596     73      796
  SINCE JAN 1    789                       668    121      950
..................................................................


WIND (MPH)
  RESULTANT WIND SPEED  11   RESULTANT WIND DIRECTION   N (10)
  HIGHEST WIND SPEED    31   HIGHEST WIND DIRECTION    NE (30)
  HIGHEST GUST SPEED    37   HIGHEST GUST DIRECTION    NE (40)
  AVERAGE WIND SPEED    15.0


SKY COVER
  AVERAGE SKY COVER 0.7


WEATHER CONDITIONS
 THE FOLLOWING WEATHER WAS RECORDED YESTERDAY.
  LIGHT RAIN
  FOG


RELATIVE HUMIDITY (PERCENT)
 HIGHEST    87           400 AM
 LOWEST     60          1100 AM
 AVERAGE    74

..........................................................


THE DALHART CLIMATE NORMALS FOR TODAY
                         NORMAL    RECORD    YEAR
 MAXIMUM TEMPERATURE (F)   91       101      2012
 MINIMUM TEMPERATURE (F)   62        49      2005


SUNRISE AND SUNSET
JULY 31 2014..........SUNRISE   657 AM CDT   SUNSET   856 PM CDT
AUGUST  1 2014........SUNRISE   658 AM CDT   SUNSET   855 PM CDT


-  INDICATES NEGATIVE NUMBERS.
R  INDICATES RECORD WAS SET OR TIED.
MM INDICATES DATA IS MISSING.
T  INDICATES TRACE AMOUNT.




$$
