000
CDUS44 KAMA 040628
CLIDHT


CLIMATE REPORT
NATIONAL WEATHER SERVICE AMARILLO TX
126 AM CDT FRI SEP 4 2015


...................................

...THE DALHART CLIMATE SUMMARY FOR SEPTEMBER 3 2015...

CLIMATE NORMAL PERIOD 1981 TO 2010
CLIMATE RECORD PERIOD 1948 TO 2015


WEATHER ITEM   OBSERVED TIME   RECORD YEAR NORMAL DEPARTURE LAST
                VALUE   (LST)  VALUE       VALUE  FROM      YEAR
                                                  NORMAL
..................................................................
TEMPERATURE (F)
 YESTERDAY
  MAXIMUM         97    342 PM 100    2014  86     11      100
                                      2000
  MINIMUM         61    648 AM  43    1961  58      3       65
  AVERAGE         79                        72      7       83

PRECIPITATION (IN)
  YESTERDAY        0.00          0.76 1986   0.06  -0.06     0.00
  MONTH TO DATE    0.05                      0.18  -0.13     0.00
  SINCE SEP 1      0.05                      0.18  -0.13     0.00
  SINCE JAN 1     13.48                     13.53  -0.05     8.64

SNOWFALL (IN)
  YESTERDAY        0.0           0.0    MM   0.0    0.0      0.0
  MONTH TO DATE    0.0                       0.0    0.0      0.0
  SINCE SEP 1      0.0                       0.0    0.0      0.0
  SINCE JUL 1      0.0                       0.0    0.0      0.0
  SNOW DEPTH       0

DEGREE DAYS
 HEATING
  YESTERDAY        0                         0      0        0
  MONTH TO DATE    0                         0      0        0
  SINCE SEP 1      0                         0      0        0
  SINCE JUL 1      0                         3     -3        0

 COOLING
  YESTERDAY       14                         7      7       18
  MONTH TO DATE   44                        23     21       41
  SINCE SEP 1     44                        23     21       41
  SINCE JAN 1   1253                      1019    234     1256
..................................................................


WIND (MPH)
  RESULTANT WIND SPEED  13   RESULTANT WIND DIRECTION   S (200)
  HIGHEST WIND SPEED    26   HIGHEST WIND DIRECTION     S (170)
  HIGHEST GUST SPEED    34   HIGHEST GUST DIRECTION     S (170)
  AVERAGE WIND SPEED    14.3


SKY COVER
  AVERAGE SKY COVER 0.0


WEATHER CONDITIONS
 THE FOLLOWING WEATHER WAS RECORDED YESTERDAY.
  NO SIGNIFICANT WEATHER WAS OBSERVED.


RELATIVE HUMIDITY (PERCENT)
 HIGHEST    72           600 AM
 LOWEST     18           200 PM
 AVERAGE    45

..........................................................


THE DALHART CLIMATE NORMALS FOR TODAY
                         NORMAL    RECORD    YEAR
 MAXIMUM TEMPERATURE (F)   86       102      1995
 MINIMUM TEMPERATURE (F)   58        36      1961


SUNRISE AND SUNSET
SEPTEMBER  4 2015.....SUNRISE   724 AM CDT   SUNSET   814 PM CDT
SEPTEMBER  5 2015.....SUNRISE   725 AM CDT   SUNSET   812 PM CDT


-  INDICATES NEGATIVE NUMBERS.
R  INDICATES RECORD WAS SET OR TIED.
MM INDICATES DATA IS MISSING.
T  INDICATES TRACE AMOUNT.




$$
