000
CDUS44 KAMA 280634
CLIDHT


CLIMATE REPORT
NATIONAL WEATHER SERVICE AMARILLO TX
134 AM CDT THU JUL 28 2016


...................................

...THE DALHART CLIMATE SUMMARY FOR JULY 27 2016...

CLIMATE NORMAL PERIOD 1981 TO 2010
CLIMATE RECORD PERIOD 1948 TO 2016


WEATHER ITEM   OBSERVED TIME   RECORD YEAR NORMAL DEPARTURE LAST
                VALUE   (LST)  VALUE       VALUE  FROM      YEAR
                                                  NORMAL
..................................................................
TEMPERATURE (F)
 YESTERDAY
  MAXIMUM         97    307 PM 105    2011  91      6      101
  MINIMUM         65   1143 PM  53    2005  62      3       69
  AVERAGE         81                        77      4       85

PRECIPITATION (IN)
  YESTERDAY        T             1.38 1998   0.09  -0.09     0.00
  MONTH TO DATE    1.49                      2.39  -0.90     2.58
  SINCE JUN 1      3.50                      4.69  -1.19     3.43
  SINCE JAN 1     10.72                     10.10   0.62    10.14

SNOWFALL (IN)
  YESTERDAY        0.0           0.0    MM   0.0    0.0      0.0
  MONTH TO DATE    0.0                       0.0    0.0      0.0
  SINCE JUN 1      0.0                       0.0    0.0      0.0
  SINCE JUL 1      0.0                       0.0    0.0      0.0
  SNOW DEPTH       0

DEGREE DAYS
 HEATING
  YESTERDAY        0                         0      0        0
  MONTH TO DATE    0                         0      0        0
  SINCE JUN 1      0                        12    -12        0
  SINCE JUL 1      0                         0      0        0

 COOLING
  YESTERDAY       16                        12      4       20
  MONTH TO DATE  470                       320    150      417
  SINCE JUN 1    820                       560    260      750
  SINCE JAN 1    866                       632    234      772
..................................................................


WIND (MPH)
  RESULTANT WIND SPEED   7   RESULTANT WIND DIRECTION  SE (150)
  HIGHEST WIND SPEED    39   HIGHEST WIND DIRECTION    NE (50)
  HIGHEST GUST SPEED    48   HIGHEST GUST DIRECTION    NE (60)
  AVERAGE WIND SPEED    10.5


SKY COVER
  AVERAGE SKY COVER 0.1


WEATHER CONDITIONS
 THE FOLLOWING WEATHER WAS RECORDED YESTERDAY.
  THUNDERSTORM
  LIGHT RAIN
  HAZE


RELATIVE HUMIDITY (PERCENT)
 HIGHEST    78           400 AM
 LOWEST     24           200 PM
 AVERAGE    51

..........................................................


THE DALHART CLIMATE NORMALS FOR TODAY
                         NORMAL    RECORD    YEAR
 MAXIMUM TEMPERATURE (F)   91       103      1995
 MINIMUM TEMPERATURE (F)   62        49      2005


SUNRISE AND SUNSET
JULY 28 2016..........SUNRISE   655 AM CDT   SUNSET   858 PM CDT
JULY 29 2016..........SUNRISE   656 AM CDT   SUNSET   857 PM CDT


-  INDICATES NEGATIVE NUMBERS.
R  INDICATES RECORD WAS SET OR TIED.
MM INDICATES DATA IS MISSING.
T  INDICATES TRACE AMOUNT.




$$
