696
CDUS44 KAMA 102229
CLIDHT


CLIMATE REPORT
NATIONAL WEATHER SERVICE AMARILLO TX
428 PM CST SAT DEC 10 2016


...................................

...THE DALHART CLIMATE SUMMARY FOR DECEMBER 10 2016...
VALID TODAY AS OF 0430 PM LOCAL TIME.

CLIMATE NORMAL PERIOD 1981 TO 2010
CLIMATE RECORD PERIOD 1948 TO 2016


WEATHER ITEM   OBSERVED TIME   RECORD YEAR NORMAL DEPARTURE LAST
                VALUE   (LST)  VALUE       VALUE  FROM      YEAR
                                                  NORMAL
..................................................................
TEMPERATURE (F)
 TODAY
  MAXIMUM         71    254 PM  75    1981  49     22       72
  MINIMUM         20    245 AM   3    2013  20      0       42
  AVERAGE         46                        35     11       57

PRECIPITATION (IN)
  TODAY            0.00          0.27 1965   0.02  -0.02     0.00
                                      1965
                                      2007
  MONTH TO DATE    0.03                      0.17  -0.14     0.00
  SINCE DEC 1      0.03                      0.17  -0.14     0.00
  SINCE JAN 1     18.91                     17.22   1.69    20.82

SNOWFALL (IN)
  TODAY            0.0           2.0  1961   0.2   -0.2      0.0
  MONTH TO DATE    0.5                       1.3   -0.8      0.0
  SINCE DEC 1      0.5                       1.3   -0.8      0.0
  SINCE JUL 1      0.5                       3.2   -2.7      0.5
  SNOW DEPTH       0

DEGREE DAYS
 HEATING
  TODAY           19                        30    -11        8
  MONTH TO DATE  303                       292     11      192
  SINCE DEC 1    303                       292     11      192
  SINCE JUL 1    879                      1287   -408      902

 COOLING
  TODAY            0                         0      0        0
  MONTH TO DATE    0                         0      0        0
  SINCE DEC 1      0                         0      0        0
  SINCE JAN 1   1556                      1138    418     1538
..................................................................


WIND (MPH)
  RESULTANT WIND SPEED   8   RESULTANT WIND DIRECTION  SW (210)
  HIGHEST WIND SPEED    24   HIGHEST WIND DIRECTION    SW (220)
  HIGHEST GUST SPEED    30   HIGHEST GUST DIRECTION    SW (210)
  AVERAGE WIND SPEED     9.7


SKY COVER
  AVERAGE SKY COVER 0.0


WEATHER CONDITIONS
 THE FOLLOWING WEATHER WAS RECORDED TODAY.
  FOG


RELATIVE HUMIDITY (PERCENT)
 HIGHEST   100           500 AM
 LOWEST     19           300 PM
 AVERAGE    60

..........................................................


THE DALHART CLIMATE NORMALS FOR TOMORROW
                         NORMAL    RECORD    YEAR
 MAXIMUM TEMPERATURE (F)   49        74      1990
 MINIMUM TEMPERATURE (F)   20        -9      1961


SUNRISE AND SUNSET
DECEMBER 10 2016......SUNRISE   750 AM CST   SUNSET   536 PM CST
DECEMBER 11 2016......SUNRISE   751 AM CST   SUNSET   536 PM CST


-  INDICATES NEGATIVE NUMBERS.
R  INDICATES RECORD WAS SET OR TIED.
MM INDICATES DATA IS MISSING.
T  INDICATES TRACE AMOUNT.




$$
