000
CDUS44 KAMA 161516
CLIDHT


CLIMATE REPORT
NATIONAL WEATHER SERVICE AMARILLO TX
915 AM CST MON JAN 16 2017


...................................

...THE DALHART CLIMATE SUMMARY FOR JANUARY 16 2017...
VALID AS OF 0900 AM LOCAL TIME.

CLIMATE NORMAL PERIOD 1981 TO 2010
CLIMATE RECORD PERIOD 1948 TO 2017


WEATHER ITEM   OBSERVED TIME   RECORD YEAR NORMAL DEPARTURE LAST
                VALUE   (LST)  VALUE       VALUE  FROM      YEAR
                                                  NORMAL
..................................................................
TEMPERATURE (F)
 TODAY
  MINIMUM         31    758 AM   3    2007  19     12       21
                                      1982

PRECIPITATION (IN)
  TODAY            0.11          0.52 1960   0.02   0.09      T
  MONTH TO DATE    0.89                      0.23   0.66     0.24
  SINCE DEC 1      1.09                      0.77   0.32     0.79
  SINCE JAN 1      0.89                      0.23   0.66     0.24

SNOWFALL (IN)
  TODAY           MM             6.0  1960   0.2   MM         T
  MONTH TO DATE    0.0                       2.0   -2.0      4.0
  SINCE DEC 1      1.3                       6.3   -5.0      5.5
  SINCE JUL 1      1.3                       8.2   -6.9      6.0
  SNOW DEPTH       0

..................................................................


WIND (MPH)
  RESULTANT WIND SPEED   6   RESULTANT WIND DIRECTION  NW (300)
  HIGHEST WIND SPEED    14   HIGHEST WIND DIRECTION    NW (330)
  HIGHEST GUST SPEED    18   HIGHEST GUST DIRECTION    NW (330)
  AVERAGE WIND SPEED     6.6


SKY COVER
  AVERAGE SKY COVER 0.8


WEATHER CONDITIONS
 THE FOLLOWING WEATHER WAS RECORDED TODAY.
  LIGHT SNOW
  FOG


RELATIVE HUMIDITY (PERCENT)
 HIGHEST    96           100 AM
 LOWEST     92           700 AM
 AVERAGE    94

..........................................................


THE DALHART CLIMATE NORMALS FOR TOMORROW
                         NORMAL    RECORD    YEAR
 MAXIMUM TEMPERATURE (F)   50        76      1974
 MINIMUM TEMPERATURE (F)   19         1      2008


SUNRISE AND SUNSET
JANUARY 16 2017.......SUNRISE   800 AM CST   SUNSET   601 PM CST
JANUARY 17 2017.......SUNRISE   759 AM CST   SUNSET   602 PM CST


-  INDICATES NEGATIVE NUMBERS.
R  INDICATES RECORD WAS SET OR TIED.
MM INDICATES DATA IS MISSING.
T  INDICATES TRACE AMOUNT.




$$
