000
CDUS43 KBIS 280033
CLIDIK


CLIMATE REPORT
NATIONAL WEATHER SERVICE BISMARCK ND
733 PM CDT SUN JUL 27 2014


...................................

...THE DICKINSON ND CLIMATE SUMMARY FOR JULY 27 2014...
VALID TODAY AS OF 0700 PM LOCAL TIME.

CLIMATE NORMAL PERIOD 1981 TO 2010
CLIMATE RECORD PERIOD 1903 TO 2014


WEATHER ITEM   OBSERVED TIME   RECORD YEAR NORMAL DEPARTURE LAST
                VALUE   (LST)  VALUE       VALUE  FROM      YEAR
                                                  NORMAL
..................................................................
TEMPERATURE (F)
 TODAY
  MAXIMUM         73        MM 109    1931  85    -12       72
  MINIMUM         53    200 AM  40    2013  56     -3       40
                                      1971
  AVERAGE         63                        71     -8       56

PRECIPITATION (IN)
  TODAY            0.00          0.60 1979   0.06  -0.06     0.00
  MONTH TO DATE    1.11                      2.20  -1.09     1.93
  SINCE JUN 1      4.94                      5.40  -0.46     4.25
  SINCE JAN 1     12.98                     10.51   2.47    13.18

DEGREE DAYS
 HEATING
  TODAY            2                         1      1        9
  MONTH TO DATE   47                        33     14       27
  SINCE JUN 1    212                       170     42      151
  SINCE JUL 1     47                        33     14       27

 COOLING
  TODAY            0                         6     -6        0
  MONTH TO DATE   83                       138    -55      107
  SINCE JUN 1     95                       192    -97      133
  SINCE JAN 1    125                       202    -77      142
..................................................................


WIND (MPH)
  RESULTANT WIND SPEED   7   RESULTANT WIND DIRECTION  NW (330)
  HIGHEST WIND SPEED    13   HIGHEST WIND DIRECTION     N (340)
  HIGHEST GUST SPEED    MM   HIGHEST GUST DIRECTION    MM
  AVERAGE WIND SPEED     8.5


SKY COVER
  POSSIBLE SUNSHINE  MM
  AVERAGE SKY COVER 0.7


WEATHER CONDITIONS
 THE FOLLOWING WEATHER WAS RECORDED TODAY.
  NO SIGNIFICANT WEATHER WAS OBSERVED.


RELATIVE HUMIDITY (PERCENT)
 HIGHEST    93           500 AM
 LOWEST     46           300 PM
 AVERAGE    70

..........................................................


THE DICKINSON ND CLIMATE NORMALS FOR TOMORROW
                         NORMAL    RECORD    YEAR
 MAXIMUM TEMPERATURE (F)   85       106      1935
 MINIMUM TEMPERATURE (F)   56        33      1942


SUNRISE AND SUNSET
JULY 27 2014..........SUNRISE   525 AM MDT   SUNSET   829 PM MDT
JULY 28 2014..........SUNRISE   526 AM MDT   SUNSET   828 PM MDT


-  INDICATES NEGATIVE NUMBERS.
R  INDICATES RECORD WAS SET OR TIED.
MM INDICATES DATA IS MISSING.
T  INDICATES TRACE AMOUNT.




$$
