420
CDUS43 KBIS 220757
CLIDIK


CLIMATE REPORT
NATIONAL WEATHER SERVICE BISMARCK ND
157 AM CST WED FEB 22 2017


...................................

...THE DICKINSON ND CLIMATE SUMMARY FOR FEBRUARY 21 2017...

CLIMATE NORMAL PERIOD 1981 TO 2010
CLIMATE RECORD PERIOD 1893 TO 2017


WEATHER ITEM   OBSERVED TIME   RECORD YEAR NORMAL DEPARTURE LAST
                VALUE   (LST)  VALUE       VALUE  FROM      YEAR
                                                  NORMAL
..................................................................
TEMPERATURE (F)
 YESTERDAY
  MAXIMUM         55   1244 PM  65    1995  32     23       34
  MINIMUM         32   1003 PM -28    1939  11     21       23
  AVERAGE         44                        22     22       29

PRECIPITATION (IN)
  YESTERDAY        0.08          0.30 1975   0.02   0.06     0.01
  MONTH TO DATE    0.11                      0.22  -0.11     0.26
  SINCE DEC 1      0.31                      0.76  -0.45     0.68
  SINCE JAN 1      0.15                      0.52  -0.37     0.42

DEGREE DAYS
 HEATING
  YESTERDAY       21                        43    -22       36
  MONTH TO DATE  877                       953    -76      763
  SINCE DEC 1   4149                      3923    226     3485
  SINCE JUL 1   5816                      6000   -184     5159

 COOLING
  YESTERDAY        0                         0      0        0
  MONTH TO DATE    0                         0      0        0
  SINCE DEC 1      0                         0      0        0
  SINCE JAN 1      0                         0      0        0
..................................................................


WIND (MPH)
  HIGHEST WIND SPEED    31   HIGHEST WIND DIRECTION     W (260)
  HIGHEST GUST SPEED    42   HIGHEST GUST DIRECTION     W (260)
  AVERAGE WIND SPEED     8.4


SKY COVER
  POSSIBLE SUNSHINE  MM
  AVERAGE SKY COVER 0.4


WEATHER CONDITIONS
 THE FOLLOWING WEATHER WAS RECORDED YESTERDAY.
  RAIN
  LIGHT RAIN


RELATIVE HUMIDITY (PERCENT)
 HIGHEST    96          1000 PM
 LOWEST     46           100 PM
 AVERAGE    71

..........................................................


THE DICKINSON ND CLIMATE NORMALS FOR TODAY
                         NORMAL    RECORD    YEAR
 MAXIMUM TEMPERATURE (F)   33        66      2002
 MINIMUM TEMPERATURE (F)   12       -34      1910


SUNRISE AND SUNSET
FEBRUARY 22 2017......SUNRISE   643 AM MST   SUNSET   527 PM MST
FEBRUARY 23 2017......SUNRISE   641 AM MST   SUNSET   528 PM MST


-  INDICATES NEGATIVE NUMBERS.
R  INDICATES RECORD WAS SET OR TIED.
MM INDICATES DATA IS MISSING.
T  INDICATES TRACE AMOUNT.




$$
