000
CDUS43 KBIS 270036
CLIDIK


CLIMATE REPORT
NATIONAL WEATHER SERVICE BISMARCK ND
735 PM CDT WED APR 26 2017


...................................

...THE DICKINSON ND CLIMATE SUMMARY FOR APRIL 26 2017...
VALID TODAY AS OF 0700 PM LOCAL TIME.

CLIMATE NORMAL PERIOD 1981 TO 2010
CLIMATE RECORD PERIOD 1893 TO 2017


WEATHER ITEM   OBSERVED TIME   RECORD YEAR NORMAL DEPARTURE LAST
                VALUE   (LST)  VALUE       VALUE  FROM      YEAR
                                                  NORMAL
..................................................................
TEMPERATURE (F)
 TODAY
  MAXIMUM         47        MM  87    1952  60    -13       37
  MINIMUM         29        MM  16    1931  33     -4       31
  AVERAGE         38                        46     -8       34

PRECIPITATION (IN)
  TODAY            0.00          2.29 1989   0.06  -0.06     0.16
  MONTH TO DATE    0.50                      1.20  -0.70     1.81
  SINCE MAR 1      0.84                      1.89  -1.05     2.06
  SINCE JAN 1      1.12                      2.52  -1.40     2.48

DEGREE DAYS
 HEATING
  TODAY           27                        19      8       31
  MONTH TO DATE  603                       610     -7      585
  SINCE MAR 1   1616                      1696    -80     1456
  SINCE JUL 1   7746                      7990   -244     6865

 COOLING
  TODAY            0                         0      0        0
  MONTH TO DATE    0                         0      0        0
  SINCE MAR 1      0                         0      0        0
  SINCE JAN 1      0                         0      0        0
..................................................................


WIND (MPH)
  RESULTANT WIND SPEED   8   RESULTANT WIND DIRECTION  NE (30)
  HIGHEST WIND SPEED    15   HIGHEST WIND DIRECTION    NE (50)
  HIGHEST GUST SPEED    22   HIGHEST GUST DIRECTION     N (360)
  AVERAGE WIND SPEED     9.0


SKY COVER
  POSSIBLE SUNSHINE  MM
  AVERAGE SKY COVER 0.5


WEATHER CONDITIONS
 THE FOLLOWING WEATHER WAS RECORDED TODAY.
  NO SIGNIFICANT WEATHER WAS OBSERVED.


RELATIVE HUMIDITY (PERCENT)
 HIGHEST    78          1200 AM
 LOWEST     34           400 PM
 AVERAGE    56

..........................................................


THE DICKINSON ND CLIMATE NORMALS FOR TOMORROW
                         NORMAL    RECORD    YEAR
 MAXIMUM TEMPERATURE (F)   60        88      1910
 MINIMUM TEMPERATURE (F)   33        13      1907


SUNRISE AND SUNSET
APRIL 26 2017.........SUNRISE   544 AM MDT   SUNSET   755 PM MDT
APRIL 27 2017.........SUNRISE   542 AM MDT   SUNSET   756 PM MDT


-  INDICATES NEGATIVE NUMBERS.
R  INDICATES RECORD WAS SET OR TIED.
MM INDICATES DATA IS MISSING.
T  INDICATES TRACE AMOUNT.




$$
