000
CDUS43 KBIS 230746
CLIDIK


CLIMATE REPORT
NATIONAL WEATHER SERVICE BISMARCK ND
245 AM CDT TUE SEP 23 2014


...................................

...THE DICKINSON ND CLIMATE SUMMARY FOR SEPTEMBER 22 2014...

CLIMATE NORMAL PERIOD 1981 TO 2010
CLIMATE RECORD PERIOD 1903 TO 2014


WEATHER ITEM   OBSERVED TIME   RECORD YEAR NORMAL DEPARTURE LAST
                VALUE   (LST)  VALUE       VALUE  FROM      YEAR
                                                  NORMAL
..................................................................
TEMPERATURE (F)
 YESTERDAY
  MAXIMUM         79    141 PM  95    1938  68     11       85
  MINIMUM         42    439 AM  19    1995  40      2       42
  AVERAGE         61                        54      7       64

PRECIPITATION (IN)
  YESTERDAY        0.00          0.97 2006   0.05  -0.05      T
  MONTH TO DATE    0.77                      1.08  -0.31     2.76
  SINCE SEP 1      0.77                      1.08  -0.31     2.76
  SINCE JAN 1     20.54                     13.37   7.17    17.77

DEGREE DAYS
 HEATING
  YESTERDAY        4                        11     -7        1
  MONTH TO DATE  218                       162     56       58
  SINCE SEP 1    218                       162     56       58
  SINCE JUL 1    319                       248     71       98

 COOLING
  YESTERDAY        0                         0      0        0
  MONTH TO DATE    1                        30    -29       74
  SINCE SEP 1      1                        30    -29       74
  SINCE JAN 1    233                       416   -183      386
..................................................................


WIND (MPH)
  HIGHEST WIND SPEED    23   HIGHEST WIND DIRECTION    SE (150)
  HIGHEST GUST SPEED    28   HIGHEST GUST DIRECTION     S (160)
  AVERAGE WIND SPEED    12.7


SKY COVER
  POSSIBLE SUNSHINE  MM
  AVERAGE SKY COVER 0.0


WEATHER CONDITIONS
 THE FOLLOWING WEATHER WAS RECORDED YESTERDAY.
  NO SIGNIFICANT WEATHER WAS OBSERVED.


RELATIVE HUMIDITY (PERCENT)
 HIGHEST    77          1100 PM
 LOWEST     36          1200 PM
 AVERAGE    57

..........................................................


THE DICKINSON ND CLIMATE NORMALS FOR TODAY
                         NORMAL    RECORD    YEAR
 MAXIMUM TEMPERATURE (F)   68        97      1917
 MINIMUM TEMPERATURE (F)   40        25      1943


SUNRISE AND SUNSET
SEPTEMBER 23 2014.....SUNRISE   639 AM MDT   SUNSET   647 PM MDT
SEPTEMBER 24 2014.....SUNRISE   641 AM MDT   SUNSET   645 PM MDT


-  INDICATES NEGATIVE NUMBERS.
R  INDICATES RECORD WAS SET OR TIED.
MM INDICATES DATA IS MISSING.
T  INDICATES TRACE AMOUNT.




$$
