073
CDUS43 KBIS 060925
CLIDIK


CLIMATE REPORT
NATIONAL WEATHER SERVICE BISMARCK ND
424 AM CDT FRI MAY 6 2016


...................................

...THE DICKINSON ND CLIMATE SUMMARY FOR MAY 5 2016...

CLIMATE NORMAL PERIOD 1981 TO 2010
CLIMATE RECORD PERIOD 1893 TO 2016


WEATHER ITEM   OBSERVED TIME   RECORD YEAR NORMAL DEPARTURE LAST
                VALUE   (LST)  VALUE       VALUE  FROM      YEAR
                                                  NORMAL
..................................................................
TEMPERATURE (F)
 YESTERDAY
  MAXIMUM         86    247 PM  94    1926  63     23       74
  MINIMUM         49    454 AM  14    1944  36     13       39
  AVERAGE         68                        50     18       57

PRECIPITATION (IN)
  YESTERDAY        0.00          1.20 1893   0.07  -0.07     0.00
  MONTH TO DATE    0.00                      0.34  -0.34     0.00
  SINCE MAR 1      2.63                      2.50   0.13     1.50
  SINCE JAN 1      3.05                      3.13  -0.08     1.77

DEGREE DAYS
 HEATING
  YESTERDAY        0                        16    -16        8
  MONTH TO DATE   46                        82    -36       53
  SINCE MAR 1   1592                      1850   -258     1520
  SINCE JUL 1   7001                      8144  -1143     7635

 COOLING
  YESTERDAY        3                         0      3        0
  MONTH TO DATE    3                         0      3        0
  SINCE MAR 1      3                         1      2        0
  SINCE JAN 1      3                         1      2        0
..................................................................


WIND (MPH)
  HIGHEST WIND SPEED    17   HIGHEST WIND DIRECTION     S (190)
  HIGHEST GUST SPEED    22   HIGHEST GUST DIRECTION     S (200)
  AVERAGE WIND SPEED     8.3


SKY COVER
  POSSIBLE SUNSHINE  MM
  AVERAGE SKY COVER 0.0


WEATHER CONDITIONS
 THE FOLLOWING WEATHER WAS RECORDED YESTERDAY.
  NO SIGNIFICANT WEATHER WAS OBSERVED.


RELATIVE HUMIDITY (PERCENT)
 HIGHEST    71           400 AM
 LOWEST     14           300 PM
 AVERAGE    43

..........................................................


THE DICKINSON ND CLIMATE NORMALS FOR TODAY
                         NORMAL    RECORD    YEAR
 MAXIMUM TEMPERATURE (F)   63        89      1992
 MINIMUM TEMPERATURE (F)   37        14      1929
                                             1907


SUNRISE AND SUNSET
MAY  6 2016...........SUNRISE   528 AM MDT   SUNSET   809 PM MDT
MAY  7 2016...........SUNRISE   526 AM MDT   SUNSET   810 PM MDT


-  INDICATES NEGATIVE NUMBERS.
R  INDICATES RECORD WAS SET OR TIED.
MM INDICATES DATA IS MISSING.
T  INDICATES TRACE AMOUNT.




$$
