000
CDUS43 KBIS 160737
CLIDIK


CLIMATE REPORT
NATIONAL WEATHER SERVICE BISMARCK ND
136 AM CST SAT DEC 16 2017


...................................

...THE DICKINSON ND CLIMATE SUMMARY FOR DECEMBER 15 2017...

CLIMATE NORMAL PERIOD 1981 TO 2010
CLIMATE RECORD PERIOD 1893 TO 2017


WEATHER ITEM   OBSERVED TIME   RECORD YEAR NORMAL DEPARTURE LAST
                VALUE   (LST)  VALUE       VALUE  FROM      YEAR
                                                  NORMAL
..................................................................
TEMPERATURE (F)
 YESTERDAY
  MAXIMUM         46    235 PM  59    1912  28     18        7
  MINIMUM         26    302 AM -30    1901   7     19      -11
  AVERAGE         36                        18     18       -2

PRECIPITATION (IN)
  YESTERDAY        0.00          0.24 1948   0.01  -0.01     0.01
  MONTH TO DATE    0.01                      0.11  -0.10     0.06
  SINCE DEC 1      0.01                      0.11  -0.10     0.06
  SINCE JAN 1     10.23                     15.64  -5.41    16.43

DEGREE DAYS
 HEATING
  YESTERDAY       29                        47    -18       67
  MONTH TO DATE  513                       681   -168      896
  SINCE DEC 1    513                       681   -168      896
  SINCE JUL 1   2466                      2758   -292     2563

 COOLING
  YESTERDAY        0                         0      0        0
  MONTH TO DATE    0                         0      0        0
  SINCE DEC 1      0                         0      0        0
  SINCE JAN 1    487                       419     68      315
..................................................................


WIND (MPH)
  HIGHEST WIND SPEED    24   HIGHEST WIND DIRECTION     W (290)
  HIGHEST GUST SPEED    30   HIGHEST GUST DIRECTION     W (280)
  AVERAGE WIND SPEED    12.2


SKY COVER
  POSSIBLE SUNSHINE  MM
  AVERAGE SKY COVER 0.3


WEATHER CONDITIONS
 THE FOLLOWING WEATHER WAS RECORDED YESTERDAY.
  NO SIGNIFICANT WEATHER WAS OBSERVED.


RELATIVE HUMIDITY (PERCENT)
 HIGHEST    85           600 AM
 LOWEST     41           100 PM
 AVERAGE    63

..........................................................


THE DICKINSON ND CLIMATE NORMALS FOR TODAY
                         NORMAL    RECORD    YEAR
 MAXIMUM TEMPERATURE (F)   28        58      1962
 MINIMUM TEMPERATURE (F)    7       -29      1914


SUNRISE AND SUNSET
DECEMBER 16 2017......SUNRISE   730 AM MST   SUNSET   404 PM MST
DECEMBER 17 2017......SUNRISE   731 AM MST   SUNSET   404 PM MST


-  INDICATES NEGATIVE NUMBERS.
R  INDICATES RECORD WAS SET OR TIED.
MM INDICATES DATA IS MISSING.
T  INDICATES TRACE AMOUNT.




$$
