000
CDUS43 KBIS 170733
CLIDIK


CLIMATE REPORT
NATIONAL WEATHER SERVICE BISMARCK ND
232 AM CDT THU AUG 17 2017


...................................

...THE DICKINSON ND CLIMATE SUMMARY FOR AUGUST 16 2017...

CLIMATE NORMAL PERIOD 1981 TO 2010
CLIMATE RECORD PERIOD 1893 TO 2017


WEATHER ITEM   OBSERVED TIME   RECORD YEAR NORMAL DEPARTURE LAST
                VALUE   (LST)  VALUE       VALUE  FROM      YEAR
                                                  NORMAL
..................................................................
TEMPERATURE (F)
 YESTERDAY
  MAXIMUM         81    450 PM 100    2003  84     -3       87
                                      1906
  MINIMUM         54    556 AM  39    1943  54      0       49
  AVERAGE         68                        69     -1       68

PRECIPITATION (IN)
  YESTERDAY        0.00          0.87 1899   0.05  -0.05     0.00
  MONTH TO DATE    1.96                      0.81   1.15     0.30
  SINCE JUN 1      4.71                      6.45  -1.74     6.86
  SINCE JAN 1      7.04                     11.56  -4.52    11.28

DEGREE DAYS
 HEATING
  YESTERDAY        0                         1     -1        0
  MONTH TO DATE   39                        16     23        4
  SINCE JUN 1    131                       187    -56       80
  SINCE JUL 1     39                        50    -11       21

 COOLING
  YESTERDAY        3                         5     -2        3
  MONTH TO DATE   13                        94    -81       60
  SINCE JUN 1    378                       313     65      251
  SINCE JAN 1    388                       323     65      254
..................................................................


WIND (MPH)
  HIGHEST WIND SPEED    10   HIGHEST WIND DIRECTION    SE (140)
  HIGHEST GUST SPEED    14   HIGHEST GUST DIRECTION     N (20)
  AVERAGE WIND SPEED     6.3


SKY COVER
  POSSIBLE SUNSHINE  MM
  AVERAGE SKY COVER 0.3


WEATHER CONDITIONS
 THE FOLLOWING WEATHER WAS RECORDED YESTERDAY.
  FOG
  FOG W/VISIBILITY <= 1/4 MILE


RELATIVE HUMIDITY (PERCENT)
 HIGHEST   100          1200 AM
 LOWEST     35           400 PM
 AVERAGE    68

..........................................................


THE DICKINSON ND CLIMATE NORMALS FOR TODAY
                         NORMAL    RECORD    YEAR
 MAXIMUM TEMPERATURE (F)   84       103      1934
 MINIMUM TEMPERATURE (F)   54        38      1910


SUNRISE AND SUNSET
AUGUST 17 2017........SUNRISE   552 AM MDT   SUNSET   758 PM MDT
AUGUST 18 2017........SUNRISE   553 AM MDT   SUNSET   756 PM MDT


-  INDICATES NEGATIVE NUMBERS.
R  INDICATES RECORD WAS SET OR TIED.
MM INDICATES DATA IS MISSING.
T  INDICATES TRACE AMOUNT.




$$
