000
CDUS43 KBIS 270727
CLIDIK


CLIMATE REPORT
NATIONAL WEATHER SERVICE BISMARCK ND
125 AM CST TUE JAN 27 2015


...................................

...THE DICKINSON ND CLIMATE SUMMARY FOR JANUARY 26 2015...

CLIMATE NORMAL PERIOD 1981 TO 2010
CLIMATE RECORD PERIOD 1903 TO 2015


WEATHER ITEM   OBSERVED TIME   RECORD YEAR NORMAL DEPARTURE LAST
                VALUE   (LST)  VALUE       VALUE  FROM      YEAR
                                                  NORMAL
..................................................................
TEMPERATURE (F)
 YESTERDAY
  MAXIMUM         52R   330 PM  49    1931  27     25       37
  MINIMUM         32   1156 PM -35    1950   7     25       -6
  AVERAGE         42                        17     25       16

PRECIPITATION (IN)
  YESTERDAY        0.00          0.24 1951   0.01  -0.01      T
  MONTH TO DATE    0.11                      0.26  -0.15     0.02
  SINCE DEC 1      0.18                      0.50  -0.32     0.38
  SINCE JAN 1      0.11                      0.26  -0.15     0.02

DEGREE DAYS
 HEATING
  YESTERDAY       23                        48    -25       49
  MONTH TO DATE 1171                      1269    -98     1191
  SINCE DEC 1   2415                      2729   -314     2902
  SINCE JUL 1   4621                      4806   -185     4846

 COOLING
  YESTERDAY        0                         0      0        0
  MONTH TO DATE    0                         0      0        0
  SINCE DEC 1      0                         0      0        0
  SINCE JAN 1      0                         0      0        0
..................................................................


WIND (MPH)
  HIGHEST WIND SPEED    20   HIGHEST WIND DIRECTION     W (280)
  HIGHEST GUST SPEED    23   HIGHEST GUST DIRECTION     W (290)
  AVERAGE WIND SPEED     9.5


SKY COVER
  POSSIBLE SUNSHINE  MM
  AVERAGE SKY COVER 0.1


WEATHER CONDITIONS
 THE FOLLOWING WEATHER WAS RECORDED YESTERDAY.
  NO SIGNIFICANT WEATHER WAS OBSERVED.


RELATIVE HUMIDITY (PERCENT)
 HIGHEST    89           700 AM
 LOWEST     41           300 PM
 AVERAGE    65

..........................................................


THE DICKINSON ND CLIMATE NORMALS FOR TODAY
                         NORMAL    RECORD    YEAR
 MAXIMUM TEMPERATURE (F)   27        51      2008
 MINIMUM TEMPERATURE (F)    7       -39      1915


SUNRISE AND SUNSET
JANUARY 27 2015.......SUNRISE   722 AM MST   SUNSET   447 PM MST
JANUARY 28 2015.......SUNRISE   721 AM MST   SUNSET   448 PM MST


-  INDICATES NEGATIVE NUMBERS.
R  INDICATES RECORD WAS SET OR TIED.
MM INDICATES DATA IS MISSING.
T  INDICATES TRACE AMOUNT.




$$
