000
CDUS43 KBIS 030729
CLIDIK


CLIMATE REPORT
NATIONAL WEATHER SERVICE BISMARCK ND
228 AM CDT MON AUG 3 2015


...................................

...THE DICKINSON ND CLIMATE SUMMARY FOR AUGUST 2 2015...

CLIMATE NORMAL PERIOD 1981 TO 2010
CLIMATE RECORD PERIOD 1893 TO 2015


WEATHER ITEM   OBSERVED TIME   RECORD YEAR NORMAL DEPARTURE LAST
                VALUE   (LST)  VALUE       VALUE  FROM      YEAR
                                                  NORMAL
..................................................................
TEMPERATURE (F)
 YESTERDAY
  MAXIMUM         82    328 PM 102    1904  86     -4       85
                                      1900
  MINIMUM         50    501 AM  37    1907  56     -6       54
  AVERAGE         66                        71     -5       70

PRECIPITATION (IN)
  YESTERDAY        0.00          1.22 1928   0.05  -0.05     0.00
  MONTH TO DATE    0.00                      0.11  -0.11     0.00
  SINCE JUN 1      5.30                      5.75  -0.45     4.94
  SINCE JAN 1      8.73                     10.86  -2.13    12.98

DEGREE DAYS
 HEATING
  YESTERDAY        0                         1     -1        0
  MONTH TO DATE    0                         2     -2        0
  SINCE JUN 1     82                       173    -91      214
  SINCE JUL 1     14                        36    -22       49

 COOLING
  YESTERDAY        1                         6     -5        5
  MONTH TO DATE    9                        12     -3       11
  SINCE JUN 1    239                       231      8      118
  SINCE JAN 1    239                       241     -2      148
..................................................................


WIND (MPH)
  HIGHEST WIND SPEED    17   HIGHEST WIND DIRECTION     N (10)
  HIGHEST GUST SPEED    24   HIGHEST GUST DIRECTION    NW (320)
  AVERAGE WIND SPEED     7.8


SKY COVER
  POSSIBLE SUNSHINE  MM
  AVERAGE SKY COVER 0.0


WEATHER CONDITIONS
 THE FOLLOWING WEATHER WAS RECORDED YESTERDAY.
  NO SIGNIFICANT WEATHER WAS OBSERVED.


RELATIVE HUMIDITY (PERCENT)
 HIGHEST    93           500 AM
 LOWEST     28           300 PM
 AVERAGE    61

..........................................................


THE DICKINSON ND CLIMATE NORMALS FOR TODAY
                         NORMAL    RECORD    YEAR
 MAXIMUM TEMPERATURE (F)   86       104      1934
 MINIMUM TEMPERATURE (F)   56        38      1974


SUNRISE AND SUNSET
AUGUST  3 2015........SUNRISE   533 AM MDT   SUNSET   821 PM MDT
AUGUST  4 2015........SUNRISE   535 AM MDT   SUNSET   819 PM MDT


-  INDICATES NEGATIVE NUMBERS.
R  INDICATES RECORD WAS SET OR TIED.
MM INDICATES DATA IS MISSING.
T  INDICATES TRACE AMOUNT.




$$
