000
CDUS43 KBIS 200825
CLIDIK


CLIMATE REPORT
NATIONAL WEATHER SERVICE BISMARCK ND
225 AM CST FRI JAN 20 2017


...................................

...THE DICKINSON ND CLIMATE SUMMARY FOR JANUARY 19 2017...

CLIMATE NORMAL PERIOD 1981 TO 2010
CLIMATE RECORD PERIOD 1893 TO 2017


WEATHER ITEM   OBSERVED TIME   RECORD YEAR NORMAL DEPARTURE LAST
                VALUE   (LST)  VALUE       VALUE  FROM      YEAR
                                                  NORMAL
..................................................................
TEMPERATURE (F)
 YESTERDAY
  MAXIMUM         36   1202 AM  57    1919  26     10       32
  MINIMUM         17   1004 PM -36    1943   6     11       12
  AVERAGE         27                        16     11       22

PRECIPITATION (IN)
  YESTERDAY        0.00          0.19 1933   0.01  -0.01      T
  MONTH TO DATE    0.04                      0.20  -0.16     0.04
  SINCE DEC 1      0.20                      0.44  -0.24     0.30
  SINCE JAN 1      0.04                      0.20  -0.16     0.04

DEGREE DAYS
 HEATING
  YESTERDAY       38                        49    -11       43
  MONTH TO DATE 1145                       931    214      988
  SINCE DEC 1   2774                      2391    383     2266
  SINCE JUL 1   4441                      4468    -27     3940

 COOLING
  YESTERDAY        0                         0      0        0
  MONTH TO DATE    0                         0      0        0
  SINCE DEC 1      0                         0      0        0
  SINCE JAN 1      0                         0      0        0
..................................................................


WIND (MPH)
  HIGHEST WIND SPEED    16   HIGHEST WIND DIRECTION     W (280)
  HIGHEST GUST SPEED    17   HIGHEST GUST DIRECTION     W (280)
  AVERAGE WIND SPEED     6.5


SKY COVER
  POSSIBLE SUNSHINE  MM
  AVERAGE SKY COVER 0.0


WEATHER CONDITIONS
 THE FOLLOWING WEATHER WAS RECORDED YESTERDAY.
  NO SIGNIFICANT WEATHER WAS OBSERVED.


RELATIVE HUMIDITY (PERCENT)
 HIGHEST    92           900 PM
 LOWEST     56          1200 AM
 AVERAGE    74

..........................................................


THE DICKINSON ND CLIMATE NORMALS FOR TODAY
                         NORMAL    RECORD    YEAR
 MAXIMUM TEMPERATURE (F)   27        54      1908
 MINIMUM TEMPERATURE (F)    6       -33      1954


SUNRISE AND SUNSET
JANUARY 20 2017.......SUNRISE   728 AM MST   SUNSET   437 PM MST
JANUARY 21 2017.......SUNRISE   727 AM MST   SUNSET   439 PM MST


-  INDICATES NEGATIVE NUMBERS.
R  INDICATES RECORD WAS SET OR TIED.
MM INDICATES DATA IS MISSING.
T  INDICATES TRACE AMOUNT.




$$
