000
CDUS43 KBIS 300728
CLIDIK


CLIMATE REPORT
NATIONAL WEATHER SERVICE BISMARCK ND
226 AM CDT SAT JUL 30 2016


...................................

...THE DICKINSON ND CLIMATE SUMMARY FOR JULY 29 2016...

CLIMATE NORMAL PERIOD 1981 TO 2010
CLIMATE RECORD PERIOD 1893 TO 2016


WEATHER ITEM   OBSERVED TIME   RECORD YEAR NORMAL DEPARTURE LAST
                VALUE   (LST)  VALUE       VALUE  FROM      YEAR
                                                  NORMAL
..................................................................
TEMPERATURE (F)
 YESTERDAY
  MAXIMUM         80    343 PM 103    1999  86     -6       82
  MINIMUM         53    442 AM  38    1899  56     -3       50
  AVERAGE         67                        71     -4       66

PRECIPITATION (IN)
  YESTERDAY        0.00          0.98 1961   0.06  -0.06     0.00
  MONTH TO DATE    3.88                      2.32   1.56     2.37
  SINCE JUN 1      6.54                      5.52   1.02     5.30
  SINCE JAN 1     10.96                     10.63   0.33     8.73

DEGREE DAYS
 HEATING
  YESTERDAY        0                         1     -1        0
  MONTH TO DATE   17                        35    -18       14
  SINCE JUN 1     76                       172    -96       82
  SINCE JUL 1     17                        35    -18       14

 COOLING
  YESTERDAY        2                         6     -4        1
  MONTH TO DATE  118                       150    -32      164
  SINCE JUN 1    175                       204    -29      222
  SINCE JAN 1    178                       214    -36      222
..................................................................


WIND (MPH)
  HIGHEST WIND SPEED    10   HIGHEST WIND DIRECTION    SE (120)
  HIGHEST GUST SPEED    13   HIGHEST GUST DIRECTION    SE (140)
  AVERAGE WIND SPEED     5.3


SKY COVER
  POSSIBLE SUNSHINE  MM
  AVERAGE SKY COVER 0.5


WEATHER CONDITIONS
 THE FOLLOWING WEATHER WAS RECORDED YESTERDAY.
  FOG
  FOG W/VISIBILITY <= 1/4 MILE


RELATIVE HUMIDITY (PERCENT)
 HIGHEST   100          1200 AM
 LOWEST     39           400 PM
 AVERAGE    70

..........................................................


THE DICKINSON ND CLIMATE NORMALS FOR TODAY
                         NORMAL    RECORD    YEAR
 MAXIMUM TEMPERATURE (F)   86       103      2006
 MINIMUM TEMPERATURE (F)   56        41      1925


SUNRISE AND SUNSET
JULY 30 2016..........SUNRISE   529 AM MDT   SUNSET   825 PM MDT
JULY 31 2016..........SUNRISE   531 AM MDT   SUNSET   824 PM MDT


-  INDICATES NEGATIVE NUMBERS.
R  INDICATES RECORD WAS SET OR TIED.
MM INDICATES DATA IS MISSING.
T  INDICATES TRACE AMOUNT.




$$
