000
CDUS43 KBIS 180749
CLIDIK


CLIMATE REPORT
NATIONAL WEATHER SERVICE BISMARCK ND
249 AM CDT WED OCT 18 2017


...................................

...THE DICKINSON ND CLIMATE SUMMARY FOR OCTOBER 17 2017...

CLIMATE NORMAL PERIOD 1981 TO 2010
CLIMATE RECORD PERIOD 1893 TO 2017


WEATHER ITEM   OBSERVED TIME   RECORD YEAR NORMAL DEPARTURE LAST
                VALUE   (LST)  VALUE       VALUE  FROM      YEAR
                                                  NORMAL
..................................................................
TEMPERATURE (F)
 YESTERDAY
  MAXIMUM         76    234 PM  87    1929  56     20       54
  MINIMUM         42   1212 AM  10    1948  31     11       37
  AVERAGE         59                        44     15       46

PRECIPITATION (IN)
  YESTERDAY        0.00          0.65 1994   0.04  -0.04      T
  MONTH TO DATE    0.06                      0.76  -0.70     0.91
  SINCE SEP 1      2.89                      2.23   0.66     4.33
  SINCE JAN 1     10.13                     14.52  -4.39    15.96

DEGREE DAYS
 HEATING
  YESTERDAY        6                        21    -15       19
  MONTH TO DATE  322                       309     13      317
  SINCE SEP 1    567                       577    -10      546
  SINCE JUL 1    618                       663    -45      606

 COOLING
  YESTERDAY        0                         0      0        0
  MONTH TO DATE    0                         0      0        0
  SINCE SEP 1     41                        32      9       21
  SINCE JAN 1    487                       418     69      315
..................................................................


WIND (MPH)
  HIGHEST WIND SPEED    26   HIGHEST WIND DIRECTION     W (250)
  HIGHEST GUST SPEED    32   HIGHEST GUST DIRECTION     W (260)
  AVERAGE WIND SPEED    14.9


SKY COVER
  POSSIBLE SUNSHINE  MM
  AVERAGE SKY COVER 0.0


WEATHER CONDITIONS
 THE FOLLOWING WEATHER WAS RECORDED YESTERDAY.
  NO SIGNIFICANT WEATHER WAS OBSERVED.


RELATIVE HUMIDITY (PERCENT)
 HIGHEST    62          1200 AM
 LOWEST     13           300 PM
 AVERAGE    38

..........................................................


THE DICKINSON ND CLIMATE NORMALS FOR TODAY
                         NORMAL    RECORD    YEAR
 MAXIMUM TEMPERATURE (F)   56        82      2015
                                             2000
 MINIMUM TEMPERATURE (F)   31        10      1930


SUNRISE AND SUNSET
OCTOBER 18 2017.......SUNRISE   714 AM MDT   SUNSET   558 PM MDT
OCTOBER 19 2017.......SUNRISE   715 AM MDT   SUNSET   556 PM MDT


-  INDICATES NEGATIVE NUMBERS.
R  INDICATES RECORD WAS SET OR TIED.
MM INDICATES DATA IS MISSING.
T  INDICATES TRACE AMOUNT.




$$
