000
CDUS43 KDLH 100626
CLIDLH


CLIMATE REPORT
NATIONAL WEATHER SERVICE DULUTH MN
1224 AM CST SAT DEC 10 2016


...................................

...THE DULUTH MN CLIMATE SUMMARY FOR DECEMBER 9 2016...

CLIMATE NORMAL PERIOD 1981 TO 2010
CLIMATE RECORD PERIOD 1870 TO 2016


WEATHER ITEM   OBSERVED TIME   RECORD YEAR NORMAL DEPARTURE LAST
                VALUE   (LST)  VALUE       VALUE  FROM      YEAR
                                                  NORMAL
..................................................................
TEMPERATURE (F)
 YESTERDAY
  MAXIMUM         13    351 AM  54    1939  24    -11       43
  MINIMUM          4    917 PM -30    1876  10     -6       29
  AVERAGE          9                        17     -8       36

PRECIPITATION (IN)
  YESTERDAY        T             1.03 1879   0.04  -0.04      T
  MONTH TO DATE    0.46                      0.40   0.06     0.99
  SINCE DEC 1      0.46                      0.40   0.06     0.99
  SINCE JAN 1     32.05                     30.15   1.90    29.58

SNOWFALL (IN)
  YESTERDAY        T             7.1  1961   0.6   -0.6      0.0
  MONTH TO DATE    6.9                       4.9    2.0      5.4
  SINCE DEC 1      6.9                       4.9    2.0      5.4
  SINCE JUL 1     15.0                      21.0   -6.0      9.8
  SNOW DEPTH       2

DEGREE DAYS
 HEATING
  YESTERDAY       56                        48      8       29
  MONTH TO DATE  362                       419    -57      280
  SINCE DEC 1    362                       419    -57      280
  SINCE JUL 1   1844                      2632   -788     1943

 COOLING
  YESTERDAY        0                         0      0        0
  MONTH TO DATE    0                         0      0        0
  SINCE DEC 1      0                         0      0        0
  SINCE JAN 1    281                       204     77      336
..................................................................


WIND (MPH)
  HIGHEST WIND SPEED    18   HIGHEST WIND DIRECTION     W (280)
  HIGHEST GUST SPEED    23   HIGHEST GUST DIRECTION     W (280)
  AVERAGE WIND SPEED     9.0


SKY COVER
  AVERAGE SKY COVER 0.9


WEATHER CONDITIONS
 THE FOLLOWING WEATHER WAS RECORDED YESTERDAY.
  LIGHT SNOW


RELATIVE HUMIDITY (PERCENT)
 HIGHEST    83           200 AM
 LOWEST     66          1100 AM
 AVERAGE    75

..........................................................


THE DULUTH MN CLIMATE NORMALS FOR TODAY
                         NORMAL    RECORD    YEAR
 MAXIMUM TEMPERATURE (F)   24        46      1896
                                             1891
 MINIMUM TEMPERATURE (F)    9       -25      1977


SUNRISE AND SUNSET
DECEMBER 10 2016......SUNRISE   743 AM CST   SUNSET   420 PM CST
DECEMBER 11 2016......SUNRISE   744 AM CST   SUNSET   420 PM CST


-  INDICATES NEGATIVE NUMBERS.
R  INDICATES RECORD WAS SET OR TIED.
MM INDICATES DATA IS MISSING.
T  INDICATES TRACE AMOUNT.




$$

WM
