000
CDUS43 KDLH 272221
CLIDLH


CLIMATE REPORT
NATIONAL WEATHER SERVICE DULUTH MN
420 PM CST FRI FEB 27 2015


...................................

...THE DULUTH MN CLIMATE SUMMARY FOR FEBRUARY 27 2015...
VALID TODAY AS OF 0400 PM LOCAL TIME.

CLIMATE NORMAL PERIOD 1981 TO 2010
CLIMATE RECORD PERIOD 1870 TO 2015


WEATHER ITEM   OBSERVED TIME   RECORD YEAR NORMAL DEPARTURE LAST
                VALUE   (LST)  VALUE       VALUE  FROM      YEAR
                                                  NORMAL
..................................................................
TEMPERATURE (F)
 TODAY
  MAXIMUM         18    359 PM  54    1896  28    -10       -3
  MINIMUM        -11    630 AM -26    1879  11    -22      -22
  AVERAGE          4                        19    -15      -12

PRECIPITATION (IN)
  TODAY            0.00          1.16 1998   0.04  -0.04     0.00
  MONTH TO DATE    0.38                      0.77  -0.39     2.12
  SINCE DEC 1      2.10                      2.94  -0.84     5.73
  SINCE JAN 1      0.84                      1.73  -0.89     2.85

SNOWFALL (IN)
  TODAY            0.0           8.4  1996   0.6   -0.6      0.0
  MONTH TO DATE    8.2                      11.9   -3.7     29.5
  SINCE JUL 1     39.9                      65.1  -25.2     83.8
  SNOW DEPTH      10

DEGREE DAYS
 HEATING
  TODAY           61                        46     15       77
  MONTH TO DATE 1612                      1354    258     1596
  SINCE DEC 1   4569                      4609    -40     5417
  SINCE JUL 1   6784                      6822    -38     7374

 COOLING
  TODAY            0                         0      0        0
  MONTH TO DATE    0                         0      0        0
  SINCE DEC 1      0                         0      0        0
  SINCE JAN 1      0                         0      0        0
..................................................................


WIND (MPH)
  HIGHEST WIND SPEED    16   HIGHEST WIND DIRECTION     W (250)
  HIGHEST GUST SPEED    20   HIGHEST GUST DIRECTION     W (250)
  AVERAGE WIND SPEED    10.2


SKY COVER
  POSSIBLE SUNSHINE  MM
  AVERAGE SKY COVER 0.0


WEATHER CONDITIONS
 THE FOLLOWING WEATHER WAS RECORDED TODAY.
  NO SIGNIFICANT WEATHER WAS OBSERVED.


RELATIVE HUMIDITY (PERCENT)
 HIGHEST    79           500 AM
 LOWEST     37           300 PM
 AVERAGE    58

..........................................................


THE DULUTH MN CLIMATE NORMALS FOR TOMORROW
                         NORMAL    RECORD    YEAR
 MAXIMUM TEMPERATURE (F)   28        53      1932
                                             1889
                                             1882
 MINIMUM TEMPERATURE (F)   11       -26      1962


SUNRISE AND SUNSET
FEBRUARY 27 2015......SUNRISE   652 AM CST   SUNSET   551 PM CST
FEBRUARY 28 2015......SUNRISE   651 AM CST   SUNSET   553 PM CST


-  INDICATES NEGATIVE NUMBERS.
R  INDICATES RECORD WAS SET OR TIED.
MM INDICATES DATA IS MISSING.
T  INDICATES TRACE AMOUNT.




$$
