000
CDUS45 KTFX 172330
CLIDLN


CLIMATE REPORT
NATIONAL WEATHER SERVICE GREAT FALLS MT
430 PM MST TUE JAN 17 2017


...................................

...THE DILLON AIRPORT MT CLIMATE SUMMARY FOR JANUARY 17 2017...
VALID TODAY AS OF 0400 PM LOCAL TIME.

CLIMATE NORMAL PERIOD 1981 TO 2010
CLIMATE RECORD PERIOD 1929 TO 2017


WEATHER ITEM   OBSERVED TIME   RECORD YEAR NORMAL DEPARTURE LAST
                VALUE   (LST)  VALUE       VALUE  FROM      YEAR
                                                  NORMAL
..................................................................
TEMPERATURE (F)
 TODAY
  MAXIMUM         38    316 PM  53    1961  33      5       35
  MINIMUM         17    259 AM -34    1930  13      4       20
  AVERAGE         28                        23      5       28

PRECIPITATION (IN)
  TODAY            0.00          0.10 2003   0.01  -0.01      T
                                      1958
  MONTH TO DATE    0.05                      0.16  -0.11     0.05
  SINCE OCT 1      2.59                      1.56   1.03     2.13
  SINCE JAN 1      0.05                      0.16  -0.11     0.05

DEGREE DAYS
 HEATING
  TODAY           37                        42     -5       37
  MONTH TO DATE  942                       726    216      786
  SINCE DEC 1   2470                      2096    374     2124
  SINCE JUL 1   4253                      4247      6     4047

 COOLING
  TODAY            0                         0      0        0
  MONTH TO DATE    0                         0      0        0
  SINCE DEC 1      0                         0      0        0
  SINCE JAN 1      0                         0      0        0
..................................................................


WIND (MPH)
  HIGHEST WIND SPEED    22   HIGHEST WIND DIRECTION     S (200)
  HIGHEST GUST SPEED    25   HIGHEST GUST DIRECTION    SW (220)
  AVERAGE WIND SPEED    11.6


SKY COVER
  AVERAGE SKY COVER 0.0


WEATHER CONDITIONS
 THE FOLLOWING WEATHER WAS RECORDED TODAY.
  NO SIGNIFICANT WEATHER WAS OBSERVED.


RELATIVE HUMIDITY (PERCENT)
 HIGHEST    52
 LOWEST     39
 AVERAGE    46

..........................................................


THE DILLON AIRPORT MT CLIMATE NORMALS FOR TOMORROW
                         NORMAL    RECORD    YEAR
 MAXIMUM TEMPERATURE (F)   33        52      2015
 MINIMUM TEMPERATURE (F)   14       -29      1943


SUNRISE AND SUNSET
JANUARY 17 2017.......SUNRISE   804 AM MST   SUNSET   517 PM MST
JANUARY 18 2017.......SUNRISE   803 AM MST   SUNSET   518 PM MST


-  INDICATES NEGATIVE NUMBERS.
R  INDICATES RECORD WAS SET OR TIED.
MM INDICATES DATA IS MISSING.
T  INDICATES TRACE AMOUNT.




$$
