000
CDUS45 KTFX 230923
CLIDLN


CLIMATE REPORT
NATIONAL WEATHER SERVICE GREAT FALLS MT
321 AM MDT TUE SEP 23 2014


...................................

...THE DILLON AIRPORT MT CLIMATE SUMMARY FOR SEPTEMBER 22 2014...

CLIMATE NORMAL PERIOD 1981 TO 2010
CLIMATE RECORD PERIOD 1929 TO 2014


WEATHER ITEM   OBSERVED TIME   RECORD YEAR NORMAL DEPARTURE LAST
                VALUE   (LST)  VALUE       VALUE  FROM      YEAR
                                                  NORMAL
..................................................................
TEMPERATURE (F)
 YESTERDAY
  MAXIMUM         66    459 PM  86    1987  67     -1       68
  MINIMUM         52   1141 PM  24    2000  38     14       43
  AVERAGE         59                        52      7       56

PRECIPITATION (IN)
  YESTERDAY        0.01          0.15 1951   0.03  -0.02     0.11
  MONTH TO DATE    0.12                      0.65  -0.53     1.50
  SINCE OCT 1      9.48                     10.35  -0.87     9.52
  SINCE JAN 1      8.99                      8.95   0.04     8.50

SNOWFALL (IN)
  YESTERDAY       MM
  SNOW DEPTH       0

DEGREE DAYS
 HEATING
  YESTERDAY        6                               -7        9
  MONTH TO DATE  199                                3       90
  SINCE SEP 1    199                                3       90
  SINCE JUL 1    291                              -41       96

 COOLING
  YESTERDAY        0                                0        0
  MONTH TO DATE    1                               -6       19
  SINCE SEP 1      1                               -6       19
  SINCE JAN 1    165                               10      247
..................................................................


WIND (MPH)
  HIGHEST WIND SPEED    14   HIGHEST WIND DIRECTION     W (250)
  HIGHEST GUST SPEED    17   HIGHEST GUST DIRECTION    SW (240)
  AVERAGE WIND SPEED     5.0



WEATHER CONDITIONS
 THE FOLLOWING WEATHER WAS RECORDED YESTERDAY.
  LIGHT RAIN
  HAZE


RELATIVE HUMIDITY (PERCENT)
 HIGHEST    93
 LOWEST     52
 AVERAGE    73

..........................................................


THE DILLON AIRPORT MT CLIMATE NORMALS FOR TODAY
                         NORMAL    RECORD    YEAR
 MAXIMUM TEMPERATURE (F)   67        88      1987
 MINIMUM TEMPERATURE (F)   37        22      2000


SUNRISE AND SUNSET
SEPTEMBER 23 2014.....SUNRISE   718 AM MDT   SUNSET   726 PM MDT
SEPTEMBER 24 2014.....SUNRISE   720 AM MDT   SUNSET   724 PM MDT


-  INDICATES NEGATIVE NUMBERS.
R  INDICATES RECORD WAS SET OR TIED.
MM INDICATES DATA IS MISSING.
T  INDICATES TRACE AMOUNT.




$$
