000
CDUS45 KTFX 272245
CLIDLN


CLIMATE REPORT
NATIONAL WEATHER SERVICE GREAT FALLS MT
444 PM MDT SUN JUL 27 2014


...................................

...THE DILLON AIRPORT MT CLIMATE SUMMARY FOR JULY 27 2014...
VALID TODAY AS OF 0400 PM LOCAL TIME.

CLIMATE NORMAL PERIOD 1981 TO 2010
CLIMATE RECORD PERIOD 1929 TO 2014


WEATHER ITEM   OBSERVED TIME   RECORD YEAR NORMAL DEPARTURE LAST
                VALUE   (LST)  VALUE       VALUE  FROM      YEAR
                                                  NORMAL
..................................................................
TEMPERATURE (F)
 TODAY
  MAXIMUM         86    259 PM  95    1975  84      2       81
  MINIMUM         44    409 AM  39    1963  50     -6       52
  AVERAGE         65                        67     -2       67

PRECIPITATION (IN)
  TODAY            0.00          0.34 2002   0.04  -0.04      T
  MONTH TO DATE    0.63                      1.06  -0.43     0.84
  SINCE OCT 1      6.58                      8.50  -1.92     6.44
  SINCE JAN 1      6.09                      7.10  -1.01     5.42

SNOWFALL (IN)
  TODAY           MM
  SNOW DEPTH       0

DEGREE DAYS
 HEATING
  TODAY            0                         1     -1        0
  MONTH TO DATE   16                        50    -34        0
  SINCE JUN 1    266                       273     -7      188
  SINCE JUL 1     16                        50    -34        0

 COOLING
  TODAY            0                         3     -3        2
  MONTH TO DATE   96                        69     27      126
  SINCE JUN 1     96                        85     11      148
  SINCE JAN 1     96                        86     10      151
..................................................................


WIND (MPH)
  HIGHEST WIND SPEED    12   HIGHEST WIND DIRECTION     S (190)
  HIGHEST GUST SPEED    13   HIGHEST GUST DIRECTION    NE (30)
  AVERAGE WIND SPEED     5.1


SKY COVER
  AVERAGE SKY COVER 0.0


WEATHER CONDITIONS
 THE FOLLOWING WEATHER WAS RECORDED TODAY.
  NO SIGNIFICANT WEATHER WAS OBSERVED.


RELATIVE HUMIDITY (PERCENT)
 HIGHEST    65
 LOWEST     16
 AVERAGE    41

..........................................................


THE DILLON AIRPORT MT CLIMATE NORMALS FOR TOMORROW
                         NORMAL    RECORD    YEAR
 MAXIMUM TEMPERATURE (F)   84        95      2006
 MINIMUM TEMPERATURE (F)   50        33      1949


SUNRISE AND SUNSET
JULY 27 2014..........SUNRISE   609 AM MDT   SUNSET   903 PM MDT
JULY 28 2014..........SUNRISE   610 AM MDT   SUNSET   902 PM MDT


-  INDICATES NEGATIVE NUMBERS.
R  INDICATES RECORD WAS SET OR TIED.
MM INDICATES DATA IS MISSING.
T  INDICATES TRACE AMOUNT.




$$
