000
CDUS45 KTFX 301055
CLIDLN


CLIMATE REPORT
NATIONAL WEATHER SERVICE GREAT FALLS MT
454 AM MDT MON MAY 30 2016


...................................

...THE DILLON AIRPORT MT CLIMATE SUMMARY FOR MAY 29 2016...

CLIMATE NORMAL PERIOD 1981 TO 2010
CLIMATE RECORD PERIOD 1929 TO 2016


WEATHER ITEM   OBSERVED TIME   RECORD YEAR NORMAL DEPARTURE LAST
                VALUE   (LST)  VALUE       VALUE  FROM      YEAR
                                                  NORMAL
..................................................................
TEMPERATURE (F)
 YESTERDAY
  MAXIMUM         71    413 PM  87    2003  67      4       72
  MINIMUM         36    445 AM  23    1982  40     -4       45
  AVERAGE         54                        54      0       59

PRECIPITATION (IN)
  YESTERDAY        0.00          0.64 1988   0.08  -0.08     0.00
  MONTH TO DATE    1.68                      1.78  -0.10     2.81
  SINCE OCT 1      5.48                      5.30   0.18     5.50
  SINCE JAN 1      3.40                      3.90  -0.50     4.34

SNOWFALL (IN)
  YESTERDAY       MM
  SNOW DEPTH       0

DEGREE DAYS
 HEATING
  YESTERDAY       11                               -1        6
  MONTH TO DATE  442                                8      401
  SINCE MAR 1   1847                             -239     1790
  SINCE JUL 1   7347                             -656     6902

 COOLING
  YESTERDAY        0                                0        0
  MONTH TO DATE    0                                0        0
  SINCE MAR 1      0                                0        0
  SINCE JAN 1      0                                0        0
..................................................................


WIND (MPH)
  HIGHEST WIND SPEED    21   HIGHEST WIND DIRECTION     S (200)
  HIGHEST GUST SPEED    27   HIGHEST GUST DIRECTION     S (180)
  AVERAGE WIND SPEED     6.7


SKY COVER
  AVERAGE SKY COVER 0.2


WEATHER CONDITIONS
 THE FOLLOWING WEATHER WAS RECORDED YESTERDAY.
  NO SIGNIFICANT WEATHER WAS OBSERVED.


RELATIVE HUMIDITY (PERCENT)
 HIGHEST    82
 LOWEST     18
 AVERAGE    50

..........................................................


THE DILLON AIRPORT MT CLIMATE NORMALS FOR TODAY
                         NORMAL    RECORD    YEAR
 MAXIMUM TEMPERATURE (F)   67        87      1986
 MINIMUM TEMPERATURE (F)   40        28      1978


SUNRISE AND SUNSET
MAY 30 2016...........SUNRISE   547 AM MDT   SUNSET   909 PM MDT
MAY 31 2016...........SUNRISE   546 AM MDT   SUNSET   910 PM MDT


-  INDICATES NEGATIVE NUMBERS.
R  INDICATES RECORD WAS SET OR TIED.
MM INDICATES DATA IS MISSING.
T  INDICATES TRACE AMOUNT.




$$
