000
CDUS45 KTFX 220902
CLIDLN


CLIMATE REPORT
NATIONAL WEATHER SERVICE GREAT FALLS MT
259 AM MDT FRI AUG 22 2014


...................................

...THE DILLON AIRPORT MT CLIMATE SUMMARY FOR AUGUST 21 2014...

CLIMATE NORMAL PERIOD 1981 TO 2010
CLIMATE RECORD PERIOD 1929 TO 2014


WEATHER ITEM   OBSERVED TIME   RECORD YEAR NORMAL DEPARTURE LAST
                VALUE   (LST)  VALUE       VALUE  FROM      YEAR
                                                  NORMAL
..................................................................
TEMPERATURE (F)
 YESTERDAY
  MAXIMUM         73    345 PM  95    2009  80     -7       86
  MINIMUM         51   1159 PM  33    1966  47      4       54
  AVERAGE         62                        63     -1       70

PRECIPITATION (IN)
  YESTERDAY        0.48          0.67 1986   0.03   0.45     0.00
  MONTH TO DATE    1.91                      0.69   1.22     0.09
  SINCE OCT 1      8.49                      9.34  -0.85     6.53
  SINCE JAN 1      8.00                      7.94   0.06     5.51

SNOWFALL (IN)
  YESTERDAY       MM
  SNOW DEPTH       0

DEGREE DAYS
 HEATING
  YESTERDAY        3                                0        0
  MONTH TO DATE    9                              -32        5
  SINCE JUN 1    275                              -44      193
  SINCE JUL 1     25                              -71        5

 COOLING
  YESTERDAY        0                               -1        5
  MONTH TO DATE   48                                5       47
  SINCE JUN 1    160                               24      200
  SINCE JAN 1    160                               23      203
..................................................................


WIND (MPH)
  HIGHEST WIND SPEED    23   HIGHEST WIND DIRECTION    NE (30)
  HIGHEST GUST SPEED    28   HIGHEST GUST DIRECTION    NE (40)
  AVERAGE WIND SPEED     5.9



WEATHER CONDITIONS
 THE FOLLOWING WEATHER WAS RECORDED YESTERDAY.
  THUNDERSTORM
  HEAVY RAIN
  RAIN
  LIGHT RAIN
  FOG


RELATIVE HUMIDITY (PERCENT)
 HIGHEST    96
 LOWEST     38
 AVERAGE    67

..........................................................


THE DILLON AIRPORT MT CLIMATE NORMALS FOR TODAY
                         NORMAL    RECORD    YEAR
 MAXIMUM TEMPERATURE (F)   80        93      1955
 MINIMUM TEMPERATURE (F)   47        36      1966


SUNRISE AND SUNSET
AUGUST 22 2014........SUNRISE   640 AM MDT   SUNSET   825 PM MDT
AUGUST 23 2014........SUNRISE   641 AM MDT   SUNSET   824 PM MDT


-  INDICATES NEGATIVE NUMBERS.
R  INDICATES RECORD WAS SET OR TIED.
MM INDICATES DATA IS MISSING.
T  INDICATES TRACE AMOUNT.




$$
