000
CDUS45 KTFX 260946
CLIDLN


CLIMATE REPORT
NATIONAL WEATHER SERVICE GREAT FALLS MT
244 AM MST FRI DEC 26 2014


...................................

...THE DILLON AIRPORT MT CLIMATE SUMMARY FOR DECEMBER 25 2014...

CLIMATE NORMAL PERIOD 1981 TO 2010
CLIMATE RECORD PERIOD 1929 TO 2014


WEATHER ITEM   OBSERVED TIME   RECORD YEAR NORMAL DEPARTURE LAST
                VALUE   (LST)  VALUE       VALUE  FROM      YEAR
                                                  NORMAL
..................................................................
TEMPERATURE (F)
 YESTERDAY
  MAXIMUM         28   1219 AM  50    1980  30     -2       32
  MINIMUM          4    812 PM -19    1983  11     -7       14
  AVERAGE         16                        20     -4       23

PRECIPITATION (IN)
  YESTERDAY        0.05          0.12 1965   0.00   0.05     0.00
  MONTH TO DATE    0.48                      0.23   0.25     0.14
  SINCE OCT 1      1.16                      1.36  -0.20     0.49
  SINCE JAN 1     10.89                     10.53   0.36     9.95

SNOWFALL (IN)
  YESTERDAY       MM
  SNOW DEPTH      MM

DEGREE DAYS
 HEATING
  YESTERDAY       49                                4       42
  MONTH TO DATE  837                             -271     1197
  SINCE DEC 1    837                             -271     1197
  SINCE JUL 1   2811                             -448     3126

 COOLING
  YESTERDAY        0                                0        0
  MONTH TO DATE    0                                0        0
  SINCE DEC 1      0                                0        0
  SINCE JAN 1    170                               14      247
..................................................................


WIND (MPH)
  HIGHEST WIND SPEED    20   HIGHEST WIND DIRECTION    NE (30)
  HIGHEST GUST SPEED    25   HIGHEST GUST DIRECTION    NE (30)
  AVERAGE WIND SPEED    10.2



WEATHER CONDITIONS
 THE FOLLOWING WEATHER WAS RECORDED YESTERDAY.
  SNOW
  LIGHT SNOW
  FOG


RELATIVE HUMIDITY (PERCENT)
 HIGHEST    92
 LOWEST     68
 AVERAGE    80

..........................................................


THE DILLON AIRPORT MT CLIMATE NORMALS FOR TODAY
                         NORMAL    RECORD    YEAR
 MAXIMUM TEMPERATURE (F)   30        52      1989
 MINIMUM TEMPERATURE (F)   11       -13      1988


SUNRISE AND SUNSET
DECEMBER 26 2014......SUNRISE   808 AM MST   SUNSET   453 PM MST
DECEMBER 27 2014......SUNRISE   809 AM MST   SUNSET   454 PM MST


-  INDICATES NEGATIVE NUMBERS.
R  INDICATES RECORD WAS SET OR TIED.
MM INDICATES DATA IS MISSING.
T  INDICATES TRACE AMOUNT.




$$
