000
CDUS45 KTFX 222314
CLIDLN


CLIMATE REPORT
NATIONAL WEATHER SERVICE GREAT FALLS MT
513 PM MDT WED OCT 22 2014


...................................

...THE DILLON AIRPORT MT CLIMATE SUMMARY FOR OCTOBER 22 2014...
VALID TODAY AS OF 0500 PM LOCAL TIME.

CLIMATE NORMAL PERIOD 1981 TO 2010
CLIMATE RECORD PERIOD 1929 TO 2014


WEATHER ITEM   OBSERVED TIME   RECORD YEAR NORMAL DEPARTURE LAST
                VALUE   (LST)  VALUE       VALUE  FROM      YEAR
                                                  NORMAL
..................................................................
TEMPERATURE (F)
 TODAY
  MAXIMUM         56    300 PM  80    2003  54      2       67
  MINIMUM         30        MM  15    1981  29      1       31
  AVERAGE         43                        42      1       49

PRECIPITATION (IN)
  TODAY            T             0.15 1975   0.02  -0.02     0.00
  MONTH TO DATE    0.26                      0.58  -0.32     0.25
  SINCE OCT 1      0.26                      0.58  -0.32     0.25
  SINCE JAN 1      9.99                      9.75   0.24     9.71

SNOWFALL (IN)
  TODAY           MM
  SNOW DEPTH       0

DEGREE DAYS
 HEATING
  TODAY           22                        23     -1       16
  MONTH TO DATE  291                       436   -145      530
  SINCE SEP 1    560                       749   -189      771
  SINCE JUL 1    652                       885   -233      777

 COOLING
  TODAY            0                         0      0        0
  MONTH TO DATE    0                         0      0        0
  SINCE SEP 1      6                         8     -2       19
  SINCE JAN 1    170                       156     14      247
..................................................................


WIND (MPH)
  HIGHEST WIND SPEED    14   HIGHEST WIND DIRECTION     S (190)
  HIGHEST GUST SPEED    22   HIGHEST GUST DIRECTION    SW (210)
  AVERAGE WIND SPEED    10.7


SKY COVER
  AVERAGE SKY COVER 0.0


WEATHER CONDITIONS
 THE FOLLOWING WEATHER WAS RECORDED TODAY.
  LIGHT SNOW


RELATIVE HUMIDITY (PERCENT)
 HIGHEST    85
 LOWEST     35
 AVERAGE    60

..........................................................


THE DILLON AIRPORT MT CLIMATE NORMALS FOR TOMORROW
                         NORMAL    RECORD    YEAR
 MAXIMUM TEMPERATURE (F)   54        72      1948
 MINIMUM TEMPERATURE (F)   28        12      1984


SUNRISE AND SUNSET
OCTOBER 22 2014.......SUNRISE   756 AM MDT   SUNSET   633 PM MDT
OCTOBER 23 2014.......SUNRISE   757 AM MDT   SUNSET   631 PM MDT


-  INDICATES NEGATIVE NUMBERS.
R  INDICATES RECORD WAS SET OR TIED.
MM INDICATES DATA IS MISSING.
T  INDICATES TRACE AMOUNT.




$$
