000
CDUS41 KLWX 250520
CLIDMH


CLIMATE REPORT
NATIONAL WEATHER SERVICE BALTIMORE MD/WASHINGTON DC
1219 AM EST SUN JAN 25 2015


...................................

...THE BALTIMORE INNER HARBOR MD CLIMATE SUMMARY FOR JANUARY 24 2015...

CLIMATE NORMAL PERIOD 1981 TO 2010
CLIMATE RECORD PERIOD 9999 TO 9999


WEATHER ITEM   OBSERVED TIME   RECORD YEAR NORMAL DEPARTURE LAST
                VALUE   (LST)  VALUE       VALUE  FROM      YEAR
                                                  NORMAL
..................................................................
TEMPERATURE (F)
 YESTERDAY
  MAXIMUM         39    500 PM  MM      MM  43     -4       21
  MINIMUM         33        MM  MM      MM  29      4       10
  AVERAGE         36                        36      0       16

PRECIPITATION (IN)
  YESTERDAY        0.62         MM      MM   0.10   0.52     0.00
  MONTH TO DATE    3.55                      2.24   1.31     2.18
  SINCE DEC 1      6.88                      5.65   1.23     7.24
  SINCE JAN 1      3.55                      2.24   1.31     2.18

DEGREE DAYS
 HEATING
  YESTERDAY       29                        29      0       49
  MONTH TO DATE  755                       696     59      756
  SINCE DEC 1   1482                      1488     -6     1339
  SINCE JUL 1   2217                      2139     78     1964

 COOLING
  YESTERDAY        0                         0      0        0
  MONTH TO DATE    0                         0      0        0
  SINCE DEC 1      0                         0      0        0
  SINCE JAN 1      0                         0      0        0
..................................................................


WIND (MPH)
  HIGHEST WIND SPEED    MM   HIGHEST WIND DIRECTION    MM
  HIGHEST GUST SPEED    MM   HIGHEST GUST DIRECTION    MM
  AVERAGE WIND SPEED    MM


SKY COVER
  POSSIBLE SUNSHINE  MM



RELATIVE HUMIDITY (PERCENT)
 HIGHEST   100          1200 AM
 LOWEST     54           800 PM
 AVERAGE    77

..........................................................


THE BALTIMORE INNER HARBOR MD CLIMATE NORMALS FOR TODAY
                         NORMAL
 MAXIMUM TEMPERATURE (F)   43
 MINIMUM TEMPERATURE (F)   29


SUNRISE AND SUNSET
JANUARY 25 2015.......SUNRISE   719 AM EST   SUNSET   519 PM EST
JANUARY 26 2015.......SUNRISE   719 AM EST   SUNSET   520 PM EST


-  INDICATES NEGATIVE NUMBERS.
R  INDICATES RECORD WAS SET OR TIED.
MM INDICATES DATA IS MISSING.
T  INDICATES TRACE AMOUNT.




$$
