000
CDUS41 KLWX 270534
CLIDMH


CLIMATE REPORT
NATIONAL WEATHER SERVICE BALTIMORE MD/WASHINGTON DC
1232 AM EST FRI FEB 27 2015


...................................

...THE BALTIMORE INNER HARBOR MD CLIMATE SUMMARY FOR FEBRUARY 26 2015...

CLIMATE NORMAL PERIOD 1981 TO 2010
CLIMATE RECORD PERIOD 9999 TO 9999


WEATHER ITEM   OBSERVED TIME   RECORD YEAR NORMAL DEPARTURE LAST
                VALUE   (LST)  VALUE       VALUE  FROM      YEAR
                                                  NORMAL
..................................................................
TEMPERATURE (F)
 YESTERDAY
  MAXIMUM         35    254 PM  MM      MM  48    -13       36
  MINIMUM         27   1029 AM  MM      MM  34     -7       24
  AVERAGE         31                        41    -10       30

PRECIPITATION (IN)
  YESTERDAY        0.07         MM      MM   0.09  -0.02     0.07
  MONTH TO DATE    2.12                      2.42  -0.30     4.12
  SINCE DEC 1      9.15                      8.75   0.40    11.39
  SINCE JAN 1      5.82                      5.34   0.48     6.33

DEGREE DAYS
 HEATING
  YESTERDAY       34                        24     10       35
  MONTH TO DATE  984                       693    291      745
  SINCE DEC 1   2700                      2390    310     2364
  SINCE JUL 1   3435                      3041    394     2989

 COOLING
  YESTERDAY        0                         0      0        0
  MONTH TO DATE    0                         0      0        0
  SINCE DEC 1      0                         0      0        0
  SINCE JAN 1      0                         0      0        0
..................................................................


WIND (MPH)
  HIGHEST WIND SPEED    MM   HIGHEST WIND DIRECTION    MM
  HIGHEST GUST SPEED    MM   HIGHEST GUST DIRECTION    MM
  AVERAGE WIND SPEED    MM


SKY COVER
  POSSIBLE SUNSHINE  MM



RELATIVE HUMIDITY (PERCENT)
 HIGHEST    92           700 AM
 LOWEST     51          1200 AM
 AVERAGE    72

..........................................................


THE BALTIMORE INNER HARBOR MD CLIMATE NORMALS FOR TODAY
                         NORMAL
 MAXIMUM TEMPERATURE (F)   48
 MINIMUM TEMPERATURE (F)   34


SUNRISE AND SUNSET
FEBRUARY 27 2015......SUNRISE   642 AM EST   SUNSET   556 PM EST
FEBRUARY 28 2015......SUNRISE   641 AM EST   SUNSET   558 PM EST


-  INDICATES NEGATIVE NUMBERS.
R  INDICATES RECORD WAS SET OR TIED.
MM INDICATES DATA IS MISSING.
T  INDICATES TRACE AMOUNT.




$$
