000
CDUS41 KLWX 080525
CLIDMH


CLIMATE REPORT
NATIONAL WEATHER SERVICE BALTIMORE MD/WASHINGTON DC
1224 AM EST MON FEB 8 2016


...................................

...THE BALTIMORE INNER HARBOR MD CLIMATE SUMMARY FOR FEBRUARY 7 2016...

CLIMATE NORMAL PERIOD 1981 TO 2010
CLIMATE RECORD PERIOD 9999 TO 9999


WEATHER ITEM   OBSERVED TIME   RECORD YEAR NORMAL DEPARTURE LAST
                VALUE   (LST)  VALUE       VALUE  FROM      YEAR
                                                  NORMAL
..................................................................
TEMPERATURE (F)
 YESTERDAY
  MAXIMUM         45    437 PM  MM      MM  44      1       46
  MINIMUM         30    706 AM  MM      MM  30      0       29
  AVERAGE         38                        37      1       38

PRECIPITATION (IN)
  YESTERDAY        0.00         MM      MM   0.09  -0.09     0.00
  MONTH TO DATE    0.79                      0.66   0.13     0.37
  SINCE DEC 1     10.31                      6.99   3.32     7.40
  SINCE JAN 1      4.07                      3.58   0.49     4.07

DEGREE DAYS
 HEATING
  YESTERDAY       27                        28     -1       27
  MONTH TO DATE  148                       197    -49      228
  SINCE DEC 1   1499                      1894   -395     1944
  SINCE JUL 1   2027                      2545   -518     2679

 COOLING
  YESTERDAY        0                         0      0        0
  MONTH TO DATE    0                         0      0        0
  SINCE DEC 1      3                         0      3        0
  SINCE JAN 1      0                         0      0        0
..................................................................


WIND (MPH)
  HIGHEST WIND SPEED    MM   HIGHEST WIND DIRECTION    MM
  HIGHEST GUST SPEED    MM   HIGHEST GUST DIRECTION    MM
  AVERAGE WIND SPEED    MM


SKY COVER
  POSSIBLE SUNSHINE  MM



RELATIVE HUMIDITY (PERCENT)
 HIGHEST    78           600 AM
 LOWEST     37           200 PM
 AVERAGE    58

..........................................................


THE BALTIMORE INNER HARBOR MD CLIMATE NORMALS FOR TODAY
                         NORMAL
 MAXIMUM TEMPERATURE (F)   44
 MINIMUM TEMPERATURE (F)   30


SUNRISE AND SUNSET
FEBRUARY  8 2016......SUNRISE   707 AM EST   SUNSET   535 PM EST
FEBRUARY  9 2016......SUNRISE   706 AM EST   SUNSET   536 PM EST


-  INDICATES NEGATIVE NUMBERS.
R  INDICATES RECORD WAS SET OR TIED.
MM INDICATES DATA IS MISSING.
T  INDICATES TRACE AMOUNT.




$$
