000
CDUS41 KLWX 260527
CLIDMH


CLIMATE REPORT
NATIONAL WEATHER SERVICE BALTIMORE MD/WASHINGTON DC
127 AM EDT SUN MAR 26 2017


...................................

...THE BALTIMORE INNER HARBOR MD CLIMATE SUMMARY FOR MARCH 25 2017...

CLIMATE NORMAL PERIOD 1981 TO 2010
CLIMATE RECORD PERIOD 9999 TO 9999


WEATHER ITEM   OBSERVED TIME   RECORD YEAR NORMAL DEPARTURE LAST
                VALUE   (LST)  VALUE       VALUE  FROM      YEAR
                                                  NORMAL
..................................................................
TEMPERATURE (F)
 YESTERDAY
  MAXIMUM         81    111 PM  MM      MM  57     24       71
  MINIMUM         52   1159 PM  MM      MM  42     10       50
  AVERAGE         67                        49     18       61

PRECIPITATION (IN)
  YESTERDAY        0.00         MM      MM   0.14  -0.14     0.00
  MONTH TO DATE    1.89                      2.97  -1.08     1.81
  SINCE MAR 1      1.89                      2.97  -1.08     1.81
  SINCE JAN 1      5.78                      8.49  -2.71    10.41

DEGREE DAYS
 HEATING
  YESTERDAY        0                        16    -16        4
  MONTH TO DATE  516                       490     26      319
  SINCE MAR 1    516                       490     26      319
  SINCE JUL 1   2970                      3578   -608     2935

 COOLING
  YESTERDAY        2                         0      2        0
  MONTH TO DATE    4                         0      4        6
  SINCE MAR 1      4                         0      4        6
  SINCE JAN 1      4                         0      4        6
..................................................................


WIND (MPH)
  HIGHEST WIND SPEED    MM   HIGHEST WIND DIRECTION    MM
  HIGHEST GUST SPEED    MM   HIGHEST GUST DIRECTION    MM
  AVERAGE WIND SPEED    MM


SKY COVER
  POSSIBLE SUNSHINE  MM



RELATIVE HUMIDITY (PERCENT)
 HIGHEST    72          1000 PM
 LOWEST     35           100 PM
 AVERAGE    54

..........................................................


THE BALTIMORE INNER HARBOR MD CLIMATE NORMALS FOR TODAY
                         NORMAL
 MAXIMUM TEMPERATURE (F)   58
 MINIMUM TEMPERATURE (F)   42


SUNRISE AND SUNSET
MARCH 26 2017.........SUNRISE   700 AM EDT   SUNSET   725 PM EDT
MARCH 27 2017.........SUNRISE   658 AM EDT   SUNSET   726 PM EDT


-  INDICATES NEGATIVE NUMBERS.
R  INDICATES RECORD WAS SET OR TIED.
MM INDICATES DATA IS MISSING.
T  INDICATES TRACE AMOUNT.




$$
