000
CDUS41 KLWX 250520
CLIDMH


CLIMATE REPORT
NATIONAL WEATHER SERVICE BALTIMORE MD/WASHINGTON DC
120 AM EDT SAT OCT 25 2014


...................................

...THE BALTIMORE INNER HARBOR MD CLIMATE SUMMARY FOR OCTOBER 24 2014...

CLIMATE NORMAL PERIOD 1981 TO 2010
CLIMATE RECORD PERIOD 9999 TO 9999


WEATHER ITEM   OBSERVED TIME   RECORD YEAR NORMAL DEPARTURE LAST
                VALUE   (LST)  VALUE       VALUE  FROM      YEAR
                                                  NORMAL
..................................................................
TEMPERATURE (F)
 YESTERDAY
  MAXIMUM         68    342 PM  MM      MM  66      2       55
  MINIMUM         56    740 AM  MM      MM  49      7       44
  AVERAGE         62                        57      5       50

PRECIPITATION (IN)
  YESTERDAY        0.00         MM      MM   0.09  -0.09     0.00
  MONTH TO DATE    3.66                      2.47   1.19     4.58
  SINCE SEP 1      6.46                      6.56  -0.10     6.25
  SINCE JAN 1     46.07                     33.93  12.14    34.23

DEGREE DAYS
 HEATING
  YESTERDAY        3                         8     -5       15
  MONTH TO DATE  103                       127    -24       60
  SINCE SEP 1    108                       145    -37       65
  SINCE JUL 1    108                       145    -37       65

 COOLING
  YESTERDAY        0                         1     -1        0
  MONTH TO DATE   21                        39    -18       98
  SINCE SEP 1    238                       268    -30      345
  SINCE JAN 1   1456                      1664   -208     2019
..................................................................


WIND (MPH)
  HIGHEST WIND SPEED    MM   HIGHEST WIND DIRECTION    MM
  HIGHEST GUST SPEED    MM   HIGHEST GUST DIRECTION    MM
  AVERAGE WIND SPEED    MM


SKY COVER
  POSSIBLE SUNSHINE  MM



RELATIVE HUMIDITY (PERCENT)
 HIGHEST    61           500 AM
 LOWEST     29           400 PM
 AVERAGE    45

..........................................................


THE BALTIMORE INNER HARBOR MD CLIMATE NORMALS FOR TODAY
                         NORMAL
 MAXIMUM TEMPERATURE (F)   65
 MINIMUM TEMPERATURE (F)   49


SUNRISE AND SUNSET
OCTOBER 25 2014.......SUNRISE   727 AM EDT   SUNSET   614 PM EDT
OCTOBER 26 2014.......SUNRISE   728 AM EDT   SUNSET   613 PM EDT


-  INDICATES NEGATIVE NUMBERS.
R  INDICATES RECORD WAS SET OR TIED.
MM INDICATES DATA IS MISSING.
T  INDICATES TRACE AMOUNT.




$$
