000
CDUS45 KEPZ 300927
CLIDMN


CLIMATE REPORT
NATIONAL WEATHER SERVICE EL PASO, TX
227 AM MST FRI JAN 30 2015


...................................

...THE DEMING CLIMATE SUMMARY FOR JANUARY 29 2015...

CLIMATE NORMAL PERIOD 1981 TO 2010
CLIMATE RECORD PERIOD 2000 TO 2015


WEATHER ITEM   OBSERVED TIME   NORMAL DEPARTURE LAST
                VALUE   (LST)  VALUE  FROM      YEAR
                                      NORMAL
......................................................
TEMPERATURE (F)
 YESTERDAY
  MAXIMUM         63   1234 PM  59              59
  MINIMUM         36    216 AM  29              21
  AVERAGE         50            44      6       40

PRECIPITATION (IN)
  YESTERDAY        0.14          0.03   0.11     0.00
  MONTH TO DATE    0.85          0.57   0.28     0.00
  SINCE DEC 1      1.36          1.46  -0.10     0.37
  SINCE JAN 1      0.85          0.57   0.28     0.00

......................................................


WIND (MPH)
  HIGHEST WIND SPEED    25   HIGHEST WIND DIRECTION    NE (50)
  HIGHEST GUST SPEED    32   HIGHEST GUST DIRECTION    NE (40)
  AVERAGE WIND SPEED    11.8


SKY COVER
  AVERAGE SKY COVER 0.5


WEATHER CONDITIONS
 THE FOLLOWING WEATHER WAS RECORDED YESTERDAY.
  RAIN
  LIGHT RAIN
  FOG


RELATIVE HUMIDITY (PERCENT)
 HIGHEST    89           900 PM
 LOWEST     34           100 PM
 AVERAGE    62

..........................................................


THE DEMING CLIMATE NORMALS FOR TODAY
                         NORMAL
 MAXIMUM TEMPERATURE (F)   60
 MINIMUM TEMPERATURE (F)   29


SUNRISE AND SUNSET
JANUARY 30 2015.......SUNRISE   706 AM MST   SUNSET   542 PM MST
JANUARY 31 2015.......SUNRISE   705 AM MST   SUNSET   543 PM MST


-  INDICATES NEGATIVE NUMBERS.
R  INDICATES RECORD WAS SET OR TIED.
MM INDICATES DATA IS MISSING.
T  INDICATES TRACE AMOUNT.




$$
