000
CDUS45 KEPZ 220927
CLIDMN


CLIMATE REPORT
NATIONAL WEATHER SERVICE EL PASO, TX
326 AM MDT TUE JUL 22 2014


...................................

...THE DEMING CLIMATE SUMMARY FOR JULY 21 2014...

CLIMATE NORMAL PERIOD 1981 TO 2010
CLIMATE RECORD PERIOD 2000 TO 2014


WEATHER ITEM   OBSERVED TIME   NORMAL DEPARTURE LAST
                VALUE   (LST)  VALUE  FROM      YEAR
                                      NORMAL
......................................................
TEMPERATURE (F)
 YESTERDAY
  MAXIMUM         98    126 PM  95              MM
  MINIMUM         73    522 AM  67              MM
  AVERAGE         86            80      6       MM

PRECIPITATION (IN)
  YESTERDAY        T             0.09  -0.09     0.16
  MONTH TO DATE    0.71          1.41  -0.70     1.13
  SINCE JUN 1      0.74          2.11  -1.37     1.13
  SINCE JAN 1      1.31          4.52  -3.21     1.64

......................................................


WIND (MPH)
  HIGHEST WIND SPEED    22   HIGHEST WIND DIRECTION     S (190)
  HIGHEST GUST SPEED    30   HIGHEST GUST DIRECTION     S (190)
  AVERAGE WIND SPEED     7.7


SKY COVER
  AVERAGE SKY COVER 0.2


WEATHER CONDITIONS
 THE FOLLOWING WEATHER WAS RECORDED YESTERDAY.
  LIGHT RAIN


RELATIVE HUMIDITY (PERCENT)
 HIGHEST    53           400 AM
 LOWEST     17           100 PM
 AVERAGE    35

..........................................................


THE DEMING CLIMATE NORMALS FOR TODAY
                         NORMAL
 MAXIMUM TEMPERATURE (F)   94
 MINIMUM TEMPERATURE (F)   67


SUNRISE AND SUNSET
JULY 22 2014..........SUNRISE   619 AM MDT   SUNSET   815 PM MDT
JULY 23 2014..........SUNRISE   620 AM MDT   SUNSET   814 PM MDT


-  INDICATES NEGATIVE NUMBERS.
R  INDICATES RECORD WAS SET OR TIED.
MM INDICATES DATA IS MISSING.
T  INDICATES TRACE AMOUNT.




$$
