023
CDUS45 KEPZ 220944
CLIDMN


CLIMATE REPORT
NATIONAL WEATHER SERVICE EL PASO, TX
343 AM MDT FRI SEP 22 2017


...................................

...THE DEMING CLIMATE SUMMARY FOR SEPTEMBER 21 2017...

CLIMATE NORMAL PERIOD 1981 TO 2010
CLIMATE RECORD PERIOD 2000 TO 2017


WEATHER ITEM   OBSERVED TIME   NORMAL DEPARTURE LAST
                VALUE   (LST)  VALUE  FROM      YEAR
                                      NORMAL
......................................................
TEMPERATURE (F)
 YESTERDAY
  MAXIMUM         91    258 PM  87              94
  MINIMUM         58    629 AM  56              63
  AVERAGE         75            71      4       79

PRECIPITATION (IN)
  YESTERDAY        0.00          0.04  -0.04     0.06
  MONTH TO DATE    0.58          0.92  -0.34     0.58
  SINCE SEP 1      0.58          0.92  -0.34     0.58
  SINCE JAN 1      9.27          8.51   0.76     5.98

......................................................


WIND (MPH)
  HIGHEST WIND SPEED    21   HIGHEST WIND DIRECTION     W (260)
  HIGHEST GUST SPEED    27   HIGHEST GUST DIRECTION    SW (240)
  AVERAGE WIND SPEED     8.4


SKY COVER
  AVERAGE SKY COVER 0.1


WEATHER CONDITIONS
 THE FOLLOWING WEATHER WAS RECORDED YESTERDAY.
  NO SIGNIFICANT WEATHER WAS OBSERVED.


RELATIVE HUMIDITY (PERCENT)
 HIGHEST    62           600 AM
 LOWEST     21           400 PM
 AVERAGE    42

..........................................................


THE DEMING CLIMATE NORMALS FOR TODAY
                         NORMAL
 MAXIMUM TEMPERATURE (F)   86
 MINIMUM TEMPERATURE (F)   56


SUNRISE AND SUNSET
SEPTEMBER 22 2017.....SUNRISE   659 AM MDT   SUNSET   707 PM MDT
SEPTEMBER 23 2017.....SUNRISE   700 AM MDT   SUNSET   706 PM MDT


-  INDICATES NEGATIVE NUMBERS.
R  INDICATES RECORD WAS SET OR TIED.
MM INDICATES DATA IS MISSING.
T  INDICATES TRACE AMOUNT.




$$
