000
CDUS45 KEPZ 030943
CLIDMN


CLIMATE REPORT
NATIONAL WEATHER SERVICE EL PASO, TX
342 AM MDT FRI JUL 3 2015


...................................

...THE DEMING CLIMATE SUMMARY FOR JULY 2 2015...

CLIMATE NORMAL PERIOD 1981 TO 2010
CLIMATE RECORD PERIOD 2000 TO 2015


WEATHER ITEM   OBSERVED TIME   NORMAL DEPARTURE LAST
                VALUE   (LST)  VALUE  FROM      YEAR
                                      NORMAL
......................................................
TEMPERATURE (F)
 YESTERDAY
  MAXIMUM        101    259 PM  97              93
  MINIMUM         71    549 AM  64              66
  AVERAGE         86            81      5       80

PRECIPITATION (IN)
  YESTERDAY        T             0.05  -0.05     0.01
  MONTH TO DATE    T             0.10  -0.10     0.01
  SINCE JUN 1      0.45          0.80  -0.35     0.04
  SINCE JAN 1      3.08          3.21  -0.13     0.61

......................................................


WIND (MPH)
  HIGHEST WIND SPEED    28   HIGHEST WIND DIRECTION    NE (30)
  HIGHEST GUST SPEED    36   HIGHEST GUST DIRECTION    NE (40)
  AVERAGE WIND SPEED    10.2


SKY COVER
  AVERAGE SKY COVER 0.1


WEATHER CONDITIONS
 THE FOLLOWING WEATHER WAS RECORDED YESTERDAY.
  THUNDERSTORM
  LIGHT RAIN


RELATIVE HUMIDITY (PERCENT)
 HIGHEST    57           500 AM
 LOWEST     16           200 PM
 AVERAGE    37

..........................................................


THE DEMING CLIMATE NORMALS FOR TODAY
                         NORMAL
 MAXIMUM TEMPERATURE (F)   97
 MINIMUM TEMPERATURE (F)   64


SUNRISE AND SUNSET
JULY  3 2015..........SUNRISE   609 AM MDT   SUNSET   821 PM MDT
JULY  4 2015..........SUNRISE   609 AM MDT   SUNSET   821 PM MDT


-  INDICATES NEGATIVE NUMBERS.
R  INDICATES RECORD WAS SET OR TIED.
MM INDICATES DATA IS MISSING.
T  INDICATES TRACE AMOUNT.




$$
