000
CDUS45 KEPZ 190928
CLIDMN


CLIMATE REPORT
NATIONAL WEATHER SERVICE EL PASO, TX
227 AM MST FRI DEC 19 2014


...................................

...THE DEMING CLIMATE SUMMARY FOR DECEMBER 18 2014...

CLIMATE NORMAL PERIOD 1981 TO 2010
CLIMATE RECORD PERIOD 2000 TO 2014


WEATHER ITEM   OBSERVED TIME   NORMAL DEPARTURE LAST
                VALUE   (LST)  VALUE  FROM      YEAR
                                      NORMAL
......................................................
TEMPERATURE (F)
 YESTERDAY
  MAXIMUM         52    214 PM  56              60
  MINIMUM         35   1159 PM  26              28
  AVERAGE         44            41      3       44

PRECIPITATION (IN)
  YESTERDAY        0.05          0.02   0.03     0.00
  MONTH TO DATE    0.38          0.52  -0.14     0.34
  SINCE DEC 1      0.38          0.52  -0.14     0.34
  SINCE JAN 1      9.65         11.18  -1.53     9.98

......................................................


WIND (MPH)
  HIGHEST WIND SPEED    28   HIGHEST WIND DIRECTION     W (290)
  HIGHEST GUST SPEED    34   HIGHEST GUST DIRECTION     W (290)
  AVERAGE WIND SPEED     5.0


SKY COVER
  AVERAGE SKY COVER 0.9


WEATHER CONDITIONS
 THE FOLLOWING WEATHER WAS RECORDED YESTERDAY.
  RAIN
  LIGHT RAIN
  FOG


RELATIVE HUMIDITY (PERCENT)
 HIGHEST   100          1000 PM
 LOWEST     63           200 PM
 AVERAGE    82

..........................................................


THE DEMING CLIMATE NORMALS FOR TODAY
                         NORMAL
 MAXIMUM TEMPERATURE (F)   56
 MINIMUM TEMPERATURE (F)   26


SUNRISE AND SUNSET
DECEMBER 19 2014......SUNRISE   707 AM MST   SUNSET   509 PM MST
DECEMBER 20 2014......SUNRISE   707 AM MST   SUNSET   510 PM MST


-  INDICATES NEGATIVE NUMBERS.
R  INDICATES RECORD WAS SET OR TIED.
MM INDICATES DATA IS MISSING.
T  INDICATES TRACE AMOUNT.




$$
