000
CDUS43 KEAX 010700
CLIDMO


CLIMATE REPORT
NATIONAL WEATHER SERVICE KANSAS CITY/PLEASANT HILL MO
1247 AM CST SUN FEB 1 2015


...................................

...THE SEDALIA MO CLIMATE SUMMARY FOR JANUARY 31 2015...

CLIMATE NORMAL PERIOD 1981 TO 2010
CLIMATE RECORD PERIOD 9999 TO 9999


WEATHER ITEM   OBSERVED TIME   NORMAL DEPARTURE LAST
                VALUE   (LST)  VALUE  FROM      YEAR
                                      NORMAL
......................................................
TEMPERATURE (F)
 YESTERDAY
  MAXIMUM         40    233 PM  42     -2       32
  MINIMUM         31    120 AM  24      7       24
  AVERAGE         36            33      3       28

PRECIPITATION (IN)
  YESTERDAY        0.43          0.06   0.37      T
  MONTH TO DATE    0.95          1.67  -0.72     0.22
  SINCE DEC 1      2.89          3.99  -1.10     1.85
  SINCE JAN 1      0.95          1.67  -0.72     0.22

DEGREE DAYS
 HEATING
  YESTERDAY       29            32     -3       37
  MONTH TO DATE  972          1037    -65     1177
  SINCE DEC 1   1812          1970   -158     2202
  SINCE JUL 1   2797          2815    -18     3151

 COOLING
  YESTERDAY        0             0      0        0
  MONTH TO DATE    0             0      0        0
  SINCE DEC 1      0             0      0        0
  SINCE JAN 1      0             0      0        0
......................................................


WIND (MPH)
  HIGHEST WIND SPEED    18   HIGHEST WIND DIRECTION    SE (120)
  HIGHEST GUST SPEED    99   HIGHEST GUST DIRECTION     W (270)
  AVERAGE WIND SPEED     7.6


SKY COVER
  AVERAGE SKY COVER 0.9


WEATHER CONDITIONS
 THE FOLLOWING WEATHER WAS RECORDED YESTERDAY.
  RAIN
  LIGHT RAIN
  FOG


RELATIVE HUMIDITY (PERCENT)
 HIGHEST    92           300 PM
 LOWEST     56           300 AM
 AVERAGE    74

..........................................................


THE SEDALIA MO CLIMATE NORMALS FOR TODAY
                         NORMAL
 MAXIMUM TEMPERATURE (F)   42
 MINIMUM TEMPERATURE (F)   24


SUNRISE AND SUNSET
FEBRUARY  1 2015......SUNRISE   718 AM CST   SUNSET   534 PM CST
FEBRUARY  2 2015......SUNRISE   717 AM CST   SUNSET   535 PM CST


-  INDICATES NEGATIVE NUMBERS.
R  INDICATES RECORD WAS SET OR TIED.
MM INDICATES DATA IS MISSING.
T  INDICATES TRACE AMOUNT.




$$
