000
CDUS43 KEAX 230638
CLIDMO


CLIMATE REPORT
NATIONAL WEATHER SERVICE KANSAS CITY/PLEASANT HILL MO
137 AM CDT SAT MAY 23 2015


...................................

...THE SEDALIA MO CLIMATE SUMMARY FOR MAY 22 2015...

CLIMATE NORMAL PERIOD 1981 TO 2010
CLIMATE RECORD PERIOD 9999 TO 9999


WEATHER ITEM   OBSERVED TIME   NORMAL DEPARTURE LAST
                VALUE   (LST)  VALUE  FROM      YEAR
                                      NORMAL
......................................................
TEMPERATURE (F)
 YESTERDAY
  MAXIMUM         70    335 PM  78     -8       83
  MINIMUM         49    532 AM  57     -8       61
  AVERAGE         60            68     -8       72

PRECIPITATION (IN)
  YESTERDAY        T             0.14  -0.14     0.46
  MONTH TO DATE    5.01          3.41   1.60     1.16
  SINCE MAR 1      9.96         10.27  -0.31     8.93
  SINCE JAN 1     12.04         13.87  -1.83     9.87

DEGREE DAYS
 HEATING
  YESTERDAY        5             2      3        0
  MONTH TO DATE   61            73    -12      101
  SINCE MAR 1    788           938   -150     1082
  SINCE JUL 1   4636          4555     81     5301

 COOLING
  YESTERDAY        0             4     -4        7
  MONTH TO DATE   69            57     12      102
  SINCE MAR 1     86            91     -5      116
  SINCE JAN 1     86            91     -5      116
......................................................


WIND (MPH)
  HIGHEST WIND SPEED    15   HIGHEST WIND DIRECTION     S (180)
  HIGHEST GUST SPEED    27   HIGHEST GUST DIRECTION     S (190)
  AVERAGE WIND SPEED     5.0


SKY COVER
  AVERAGE SKY COVER 0.3


WEATHER CONDITIONS
 THE FOLLOWING WEATHER WAS RECORDED YESTERDAY.
  LIGHT RAIN


RELATIVE HUMIDITY (PERCENT)
 HIGHEST    77           600 AM
 LOWEST     53           200 PM
 AVERAGE    65

..........................................................


THE SEDALIA MO CLIMATE NORMALS FOR TODAY
                         NORMAL
 MAXIMUM TEMPERATURE (F)   78
 MINIMUM TEMPERATURE (F)   58


SUNRISE AND SUNSET
MAY 23 2015...........SUNRISE   554 AM CDT   SUNSET   824 PM CDT
MAY 24 2015...........SUNRISE   554 AM CDT   SUNSET   825 PM CDT


-  INDICATES NEGATIVE NUMBERS.
R  INDICATES RECORD WAS SET OR TIED.
MM INDICATES DATA IS MISSING.
T  INDICATES TRACE AMOUNT.




$$
