000
CDUS43 KEAX 250643
CLIDMO


CLIMATE REPORT
NATIONAL WEATHER SERVICE KANSAS CITY/PLEASANT HILL MO
141 AM CDT SAT MAR 25 2017


...................................

...THE SEDALIA MO CLIMATE SUMMARY FOR MARCH 24 2017...

CLIMATE NORMAL PERIOD 1981 TO 2010
CLIMATE RECORD PERIOD 9999 TO 9999


WEATHER ITEM   OBSERVED TIME   NORMAL DEPARTURE LAST
                VALUE   (LST)  VALUE  FROM      YEAR
                                      NORMAL
......................................................
TEMPERATURE (F)
 YESTERDAY
  MAXIMUM         74   1014 AM  60     14       62
  MINIMUM         57   1104 PM  39     18       38
  AVERAGE         66            49     17       50

PRECIPITATION (IN)
  YESTERDAY        0.41          0.09   0.32      T
  MONTH TO DATE    1.17          1.98  -0.81     1.35
  SINCE MAR 1      1.17          1.98  -0.81     1.35
  SINCE JAN 1      2.59          5.58  -2.99     2.50

DEGREE DAYS
 HEATING
  YESTERDAY        0            16    -16       15
  MONTH TO DATE  371           482   -111      301
  SINCE MAR 1    371           482   -111      301
  SINCE JUL 1   3254          4099   -845     3289

 COOLING
  YESTERDAY        1             0      1        0
  MONTH TO DATE    8             0      8        4
  SINCE MAR 1      8             0      8        4
  SINCE JAN 1      8             0      8        4
......................................................


WIND (MPH)
  HIGHEST WIND SPEED    31   HIGHEST WIND DIRECTION     S (170)
  HIGHEST GUST SPEED    42   HIGHEST GUST DIRECTION     S (200)
  AVERAGE WIND SPEED    15.6


SKY COVER
  AVERAGE SKY COVER 0.5


WEATHER CONDITIONS
 THE FOLLOWING WEATHER WAS RECORDED YESTERDAY.
  THUNDERSTORM
  LIGHT RAIN
  FOG


RELATIVE HUMIDITY (PERCENT)
 HIGHEST    90           400 PM
 LOWEST     38           900 AM
 AVERAGE    64

..........................................................


THE SEDALIA MO CLIMATE NORMALS FOR TODAY
                         NORMAL
 MAXIMUM TEMPERATURE (F)   60
 MINIMUM TEMPERATURE (F)   39


SUNRISE AND SUNSET
MARCH 25 2017.........SUNRISE   708 AM CDT   SUNSET   729 PM CDT
MARCH 26 2017.........SUNRISE   706 AM CDT   SUNSET   730 PM CDT


-  INDICATES NEGATIVE NUMBERS.
R  INDICATES RECORD WAS SET OR TIED.
MM INDICATES DATA IS MISSING.
T  INDICATES TRACE AMOUNT.




$$
