000
CDUS43 KEAX 290635
CLIDMO


CLIMATE REPORT
NATIONAL WEATHER SERVICE KANSAS CITY/PLEASANT HILL MO
1234 AM CST SAT NOV 29 2014


...................................

...THE SEDALIA MO CLIMATE SUMMARY FOR NOVEMBER 28 2014...

CLIMATE NORMAL PERIOD 1981 TO 2010
CLIMATE RECORD PERIOD 9999 TO 9999


WEATHER ITEM   OBSERVED TIME   NORMAL DEPARTURE LAST
                VALUE   (LST)  VALUE  FROM      YEAR
                                      NORMAL
......................................................
TEMPERATURE (F)
 YESTERDAY
  MAXIMUM         61    319 PM  50     11       45
  MINIMUM         29    231 AM  32     -3       27
  AVERAGE         45            41      4       36

PRECIPITATION (IN)
  YESTERDAY        0.00          0.10  -0.10     0.00
  MONTH TO DATE    1.30          2.90  -1.60     2.04
  SINCE SEP 1     11.76         10.65   1.11     9.15
  SINCE JAN 1     33.33         38.59  -5.26    39.06

DEGREE DAYS
 HEATING
  YESTERDAY       20            24     -4       29
  MONTH TO DATE  719           503    216      605
  SINCE SEP 1    958           793    165      903
  SINCE JUL 1    958           794    164      903

 COOLING
  YESTERDAY        0             0      0        0
  MONTH TO DATE    0             0      0        0
  SINCE SEP 1    192           202    -10      270
  SINCE JAN 1   1409          1487    -78     1485
......................................................


WIND (MPH)
  HIGHEST WIND SPEED    24   HIGHEST WIND DIRECTION    SW (220)
  HIGHEST GUST SPEED    33   HIGHEST GUST DIRECTION    SW (220)
  AVERAGE WIND SPEED    14.1


SKY COVER
  AVERAGE SKY COVER 0.0


WEATHER CONDITIONS
 THE FOLLOWING WEATHER WAS RECORDED YESTERDAY.
  NO SIGNIFICANT WEATHER WAS OBSERVED.


RELATIVE HUMIDITY (PERCENT)
 HIGHEST    85          1200 AM
 LOWEST     36           200 PM
 AVERAGE    61

..........................................................


THE SEDALIA MO CLIMATE NORMALS FOR TODAY
                         NORMAL
 MAXIMUM TEMPERATURE (F)   49
 MINIMUM TEMPERATURE (F)   32


SUNRISE AND SUNSET
NOVEMBER 29 2014......SUNRISE   709 AM CST   SUNSET   452 PM CST
NOVEMBER 30 2014......SUNRISE   710 AM CST   SUNSET   452 PM CST


-  INDICATES NEGATIVE NUMBERS.
R  INDICATES RECORD WAS SET OR TIED.
MM INDICATES DATA IS MISSING.
T  INDICATES TRACE AMOUNT.




$$
