000
CDUS43 KEAX 240633
CLIDMO


CLIMATE REPORT
NATIONAL WEATHER SERVICE KANSAS CITY/PLEASANT HILL MO
132 AM CDT WED MAY 24 2017


...................................

...THE SEDALIA MO CLIMATE SUMMARY FOR MAY 23 2017...

CLIMATE NORMAL PERIOD 1981 TO 2010
CLIMATE RECORD PERIOD 9999 TO 9999


WEATHER ITEM   OBSERVED TIME   NORMAL DEPARTURE LAST
                VALUE   (LST)  VALUE  FROM      YEAR
                                      NORMAL
......................................................
TEMPERATURE (F)
 YESTERDAY
  MAXIMUM         68    411 PM  78    -10       81
  MINIMUM         56   1159 PM  58     -2       59
  AVERAGE         62            68     -6       70

PRECIPITATION (IN)
  YESTERDAY        0.07          0.14  -0.07     0.00
  MONTH TO DATE    3.04          3.55  -0.51     2.16
  SINCE MAR 1     13.83         10.41   3.42     5.76
  SINCE JAN 1     15.25         14.01   1.24     6.91

DEGREE DAYS
 HEATING
  YESTERDAY        3             2      1        0
  MONTH TO DATE   64            75    -11      110
  SINCE MAR 1    713           940   -227      692
  SINCE JUL 1   3596          4557   -961     3680

 COOLING
  YESTERDAY        0             4     -4        5
  MONTH TO DATE   77            61     16       32
  SINCE MAR 1    127            95     32       56
  SINCE JAN 1    127            95     32       56
......................................................


WIND (MPH)
  HIGHEST WIND SPEED    20   HIGHEST WIND DIRECTION    NW (330)
  HIGHEST GUST SPEED    24   HIGHEST GUST DIRECTION    NW (330)
  AVERAGE WIND SPEED     8.2


SKY COVER
  AVERAGE SKY COVER 0.8


WEATHER CONDITIONS
 THE FOLLOWING WEATHER WAS RECORDED YESTERDAY.
  LIGHT RAIN
  FOG


RELATIVE HUMIDITY (PERCENT)
 HIGHEST   100          1200 AM
 LOWEST     56           400 PM
 AVERAGE    78

..........................................................


THE SEDALIA MO CLIMATE NORMALS FOR TODAY
                         NORMAL
 MAXIMUM TEMPERATURE (F)   78
 MINIMUM TEMPERATURE (F)   58


SUNRISE AND SUNSET
MAY 24 2017...........SUNRISE   553 AM CDT   SUNSET   826 PM CDT
MAY 25 2017...........SUNRISE   553 AM CDT   SUNSET   826 PM CDT


-  INDICATES NEGATIVE NUMBERS.
R  INDICATES RECORD WAS SET OR TIED.
MM INDICATES DATA IS MISSING.
T  INDICATES TRACE AMOUNT.




$$
