000
CDUS43 KEAX 270036
CLIDMO


CLIMATE REPORT
NATIONAL WEATHER SERVICE KANSAS CITY/PLEASANT HILL MO
635 PM CST THU FEB 26 2015


...................................

...THE SEDALIA MO CLIMATE SUMMARY FOR FEBRUARY 26 2015...
VALID TODAY AS OF 0600 PM LOCAL TIME.

CLIMATE NORMAL PERIOD 1981 TO 2010
CLIMATE RECORD PERIOD 9999 TO 9999


WEATHER ITEM   OBSERVED TIME   NORMAL DEPARTURE LAST
                VALUE   (LST)  VALUE  FROM      YEAR
                                      NORMAL
......................................................
TEMPERATURE (F)
 TODAY
  MAXIMUM         24   1217 AM  50    -26       28
  MINIMUM         14    755 AM  30    -16        8
  AVERAGE         19            40    -21       18

PRECIPITATION (IN)
  TODAY            T             0.07  -0.07     0.00
  MONTH TO DATE    0.78          1.81  -1.03     0.72
  SINCE DEC 1      3.67          5.80  -2.13     2.57
  SINCE JAN 1      1.73          3.48  -1.75     0.94

DEGREE DAYS
 HEATING
  TODAY           46            25     21       47
  MONTH TO DATE  953           754    199     1001
  SINCE DEC 1   2765          2724     41     3203
  SINCE JUL 1   3750          3569    181     4152

 COOLING
  TODAY            0             0      0        0
  MONTH TO DATE    0             0      0        0
  SINCE DEC 1      0             0      0        0
  SINCE JAN 1      0             0      0        0
......................................................


WIND (MPH)
  HIGHEST WIND SPEED    31   HIGHEST WIND DIRECTION     N (350)
  HIGHEST GUST SPEED    38   HIGHEST GUST DIRECTION     N (360)
  AVERAGE WIND SPEED    21.4


SKY COVER
  AVERAGE SKY COVER 0.5


WEATHER CONDITIONS
 THE FOLLOWING WEATHER WAS RECORDED TODAY.
  LIGHT SNOW
  FOG


RELATIVE HUMIDITY (PERCENT)
 HIGHEST    84           100 AM
 LOWEST     45           400 PM
 AVERAGE    65

..........................................................


THE SEDALIA MO CLIMATE NORMALS FOR TOMORROW
                         NORMAL
 MAXIMUM TEMPERATURE (F)   50
 MINIMUM TEMPERATURE (F)   30


SUNRISE AND SUNSET
FEBRUARY 26 2015......SUNRISE   649 AM CST   SUNSET   602 PM CST
FEBRUARY 27 2015......SUNRISE   648 AM CST   SUNSET   603 PM CST


-  INDICATES NEGATIVE NUMBERS.
R  INDICATES RECORD WAS SET OR TIED.
MM INDICATES DATA IS MISSING.
T  INDICATES TRACE AMOUNT.




$$
