000
CDUS43 KEAX 270643
CLIDMO


CLIMATE REPORT
NATIONAL WEATHER SERVICE KANSAS CITY/PLEASANT HILL MO
142 AM CDT TUE JUN 27 2017


...................................

...THE SEDALIA MO CLIMATE SUMMARY FOR JUNE 26 2017...

CLIMATE NORMAL PERIOD 1981 TO 2010
CLIMATE RECORD PERIOD 9999 TO 9999


WEATHER ITEM   OBSERVED TIME   NORMAL DEPARTURE LAST
                VALUE   (LST)  VALUE  FROM      YEAR
                                      NORMAL
......................................................
TEMPERATURE (F)
 YESTERDAY
  MAXIMUM         77    953 AM  87    -10       91
  MINIMUM         53    452 AM  68    -15       72
  AVERAGE         65            78    -13       82

PRECIPITATION (IN)
  YESTERDAY        0.45          0.14   0.31     3.00
  MONTH TO DATE    2.11          4.56  -2.45     3.78
  SINCE JUN 1      2.11          4.56  -2.45     3.78
  SINCE JAN 1     18.30         19.71  -1.41    13.04

DEGREE DAYS
 HEATING
  YESTERDAY        0             0      0        0
  MONTH TO DATE    0             4     -4        0
  SINCE JUN 1      0             4     -4        0
  SINCE JUL 1   3604          4569   -965     3680

 COOLING
  YESTERDAY        0            12    -12       17
  MONTH TO DATE  273           252     21      371
  SINCE JUN 1    273           252     21      371
  SINCE JAN 1    436           391     45      493
......................................................


WIND (MPH)
  HIGHEST WIND SPEED    15   HIGHEST WIND DIRECTION     N (360)
  HIGHEST GUST SPEED    22   HIGHEST GUST DIRECTION     N (350)
  AVERAGE WIND SPEED     4.5


SKY COVER
  AVERAGE SKY COVER 0.4


WEATHER CONDITIONS
 THE FOLLOWING WEATHER WAS RECORDED YESTERDAY.
  THUNDERSTORM
  HEAVY RAIN
  RAIN
  LIGHT RAIN
  FOG


RELATIVE HUMIDITY (PERCENT)
 HIGHEST   100           300 AM
 LOWEST     47          1000 AM
 AVERAGE    74

..........................................................


THE SEDALIA MO CLIMATE NORMALS FOR TODAY
                         NORMAL
 MAXIMUM TEMPERATURE (F)   87
 MINIMUM TEMPERATURE (F)   68


SUNRISE AND SUNSET
JUNE 27 2017..........SUNRISE   550 AM CDT   SUNSET   841 PM CDT
JUNE 28 2017..........SUNRISE   550 AM CDT   SUNSET   841 PM CDT


-  INDICATES NEGATIVE NUMBERS.
R  INDICATES RECORD WAS SET OR TIED.
MM INDICATES DATA IS MISSING.
T  INDICATES TRACE AMOUNT.




$$
