000
CDUS43 KEAX 300636
CLIDMO


CLIMATE REPORT
NATIONAL WEATHER SERVICE KANSAS CITY/PLEASANT HILL MO
135 AM CDT SAT APR 30 2016


...................................

...THE SEDALIA MO CLIMATE SUMMARY FOR APRIL 29 2016...

CLIMATE NORMAL PERIOD 1981 TO 2010
CLIMATE RECORD PERIOD 9999 TO 9999


WEATHER ITEM   OBSERVED TIME   NORMAL DEPARTURE LAST
                VALUE   (LST)  VALUE  FROM      YEAR
                                      NORMAL
......................................................
TEMPERATURE (F)
 YESTERDAY
  MAXIMUM         64   1201 PM  71     -7       76
  MINIMUM         49    557 AM  50     -1       48
  AVERAGE         57            61     -4       62

PRECIPITATION (IN)
  YESTERDAY        0.36          0.20   0.16     0.00
  MONTH TO DATE    1.83          4.05  -2.22     3.82
  SINCE MAR 1      3.52          6.66  -3.14     4.95
  SINCE JAN 1      4.67         10.26  -5.59     7.03

DEGREE DAYS
 HEATING
  YESTERDAY        8             6      2        3
  MONTH TO DATE  195           275    -80      184
  SINCE MAR 1    582           860   -278      724
  SINCE JUL 1   3570          4477   -907     4572

 COOLING
  YESTERDAY        0             1     -1        0
  MONTH TO DATE   19            28     -9       16
  SINCE MAR 1     23            31     -8       17
  SINCE JAN 1     23            31     -8       17
......................................................


WIND (MPH)
  HIGHEST WIND SPEED    26   HIGHEST WIND DIRECTION    SE (120)
  HIGHEST GUST SPEED    32   HIGHEST GUST DIRECTION    SE (120)
  AVERAGE WIND SPEED    10.9


SKY COVER
  AVERAGE SKY COVER 0.6


WEATHER CONDITIONS
 THE FOLLOWING WEATHER WAS RECORDED YESTERDAY.
  THUNDERSTORM
  RAIN
  LIGHT RAIN
  FOG


RELATIVE HUMIDITY (PERCENT)
 HIGHEST    93           600 AM
 LOWEST     67          1200 PM
 AVERAGE    80

..........................................................


THE SEDALIA MO CLIMATE NORMALS FOR TODAY
                         NORMAL
 MAXIMUM TEMPERATURE (F)   71
 MINIMUM TEMPERATURE (F)   51


SUNRISE AND SUNSET
APRIL 30 2016.........SUNRISE   616 AM CDT   SUNSET   804 PM CDT
MAY  1 2016...........SUNRISE   614 AM CDT   SUNSET   805 PM CDT


-  INDICATES NEGATIVE NUMBERS.
R  INDICATES RECORD WAS SET OR TIED.
MM INDICATES DATA IS MISSING.
T  INDICATES TRACE AMOUNT.




$$
